{"id":910,"date":"2017-08-31T15:32:49","date_gmt":"2017-08-31T15:32:49","guid":{"rendered":"http:\/\/www.tipard.de\/blog\/?page_id=910"},"modified":"2017-08-31T15:32:49","modified_gmt":"2017-08-31T15:32:49","slug":"die-top-5-produkte-zur-videoreparatur-und-optimierung","status":"publish","type":"page","link":"https:\/\/www.tipard.de\/blog\/die-top-5-produkte-zur-videoreparatur-und-optimierung\/","title":{"rendered":"Die Top 5 Produkte zur Videoreparatur und Optimierung"},"content":{"rendered":"<p><img loading=\"lazy\" decoding=\"async\" src=\"http:\/\/www.tipard.de\/blog\/wp-content\/uploads\/2017\/08\/video-fixer.jpg\" alt=\"\" width=\"600\" height=\"338\" class=\"alignnone size-full wp-image-916\" srcset=\"https:\/\/www.tipard.de\/blog\/wp-content\/uploads\/2017\/08\/video-fixer.jpg 600w, https:\/\/www.tipard.de\/blog\/wp-content\/uploads\/2017\/08\/video-fixer-300x169.jpg 300w\" sizes=\"auto, (max-width: 600px) 100vw, 600px\" \/><br \/>\nSeit dem die Internetgeschwindigkeit auf mobilen Ger\u00e4ten gestiegen ist und sich die Leistungen der Kameras und Smartphones deutlich gesteigert haben, sehen sich Internetnutzer nicht nur mehr Videos an, sondern nehmen auch mehr auf. <\/p>\n<p>Dennoch tauchen manchmal einige Probleme w\u00e4hrend der \u00dcbertragung oder des Downloads auf. Die Videos k\u00f6nnen durch das Streaming besch\u00e4digt werden! Gl\u00fccklicherweise konnten die meisten besch\u00e4digten Videos durch den Algorithmus repariert werden. Der folgende Artikel stellt Ihnen einige Video-Fixierer vor, um Ihnen dabei zu helfen genau diese Probleme schnell und einfach zu l\u00f6sen.<\/p>\n<h2>1. All Video Fixer<\/h2>\n<p>Der All-Video-Fixer erm\u00f6glicht es uns die meisten g\u00e4ngigen Formate, wie AVI, MPEG, MP4, 3GP, FLV, WMV, MOV, MP3, JPG und BMP zu reparieren.  Au\u00dferdem kann das Programm nicht nur Video-Dateien, sondern auch Audio-Dateien und Bilder behandeln. Ein weiterer Vorteil besteht darin, mehrere gesch\u00e4digte Dateien im Batch-Prozess in einem Arbeitsgang zu reparieren.<br \/>\n<img loading=\"lazy\" decoding=\"async\" src=\"http:\/\/www.tipard.de\/blog\/wp-content\/uploads\/2017\/08\/all-video-fixer.jpg\" alt=\"\" width=\"600\" height=\"396\" class=\"alignnone size-full wp-image-911\" srcset=\"https:\/\/www.tipard.de\/blog\/wp-content\/uploads\/2017\/08\/all-video-fixer.jpg 600w, https:\/\/www.tipard.de\/blog\/wp-content\/uploads\/2017\/08\/all-video-fixer-300x198.jpg 300w\" sizes=\"auto, (max-width: 600px) 100vw, 600px\" \/><br \/>\nWenn Sie viele Schadensdateien haben, k\u00f6nnen Sie diese mit dem All-Video-Fixer einfach und schnell beheben.<br \/>\nDas Programm zur Videoreparatur und Optimierung ist klar und einfach zu navigieren. Sie k\u00f6nnen mehrere Dateien importieren, um eine benutzerdefinierte Reparaturliste zu erstellen. Das Einstellungsfenster erm\u00f6glicht den Benutzern, die Aktivit\u00e4ten auszuw\u00e4hlen, wenn der Videooptimierer zum Beispiel ein Fehler erkennt, k\u00f6nnen sie w\u00e4hlen zwischen Fehler beheben, entfernen oder ignorieren.<br \/>\nObwohl der All Video Fixer \u00fcber mehrere Reparaturm\u00f6glichkeiten verf\u00fcgt, ist es einfach zu w\u00e4hlen.  Nach den Einstellungen aktiviert ein einfacher Klick den Reparaturprozess. <\/p>\n<h2>2. Datei reparieren <\/h2>\n<p>File Repair  ist mehr als ein Video-Optimierer, der in der Lage dazu ist, alle Dateien zu beheben. Es ist ein Tool, um Videos auf PCs kostenlos zu reparieren.<br \/>\nBesonders gut eignet es sich f\u00fcr die Optimierung der Dateien, welche durch Stromausfall, Anwendungsfehler oder Virus-Infektionen besch\u00e4digt wurden.<br \/>\nGenau genommen ist es kein spezialisierter Video-Fixer, sondern mehr ein Datei-Fixer, denn es kann nicht nur Video-Dateien, sondern auch Word, Excel, Power Point, Access, Audio-Dateien und Bilder reparieren.<br \/>\nDieses Programm kann verschiedene Fehler in den Dateien automatisch scannen und beheben.<br \/>\n<img loading=\"lazy\" decoding=\"async\" src=\"http:\/\/www.tipard.de\/blog\/wp-content\/uploads\/2017\/08\/file-repair.jpg\" alt=\"\" width=\"600\" height=\"485\" class=\"alignnone size-full wp-image-913\" srcset=\"https:\/\/www.tipard.de\/blog\/wp-content\/uploads\/2017\/08\/file-repair.jpg 600w, https:\/\/www.tipard.de\/blog\/wp-content\/uploads\/2017\/08\/file-repair-300x243.jpg 300w\" sizes=\"auto, (max-width: 600px) 100vw, 600px\" \/><br \/>\nWenn Sie diesen Video-Fixer \u00f6ffnen, werden Sie \u00fcberrascht sein wie einfach diese Software zu bedienen ist.<br \/>\nEs gibt nur zwei Tasten, die Ladetaste (Datei \u00f6ffnen) und die Reparaturtaste. Der gesamte Reparaturprozess beinhaltet nur zwei Schritte: Importieren Sie die Datei und reparieren Sie die Datei. So ist die Videoreparatur und Optimierung einfach und schnell erledigt. Sie k\u00f6nnen jedoch nur eine Datei in einem Arbeitsgang reparieren. <\/p>\n<h2>3. Repair Video Master <\/h2>\n<p>Repair Video Master wurde entwickelt, um die besch\u00e4digten Daten in Videodateien zu scannen und zu reparieren. Obwohl Sie das Programm installieren k\u00f6nnen, hat die kostenlose Version von Video-Fixer einige Begrenzungen. Wenn Sie die leistungsstarken Funktionen ben\u00f6tigen, m\u00fcssen Sie daf\u00fcr bezahlen. Nur ein Klick des Video-Fixers reicht aus, um verschiedene Arten von besch\u00e4digten Video-Dateien im Handumdrehen zu reparieren.<br \/>\n<img loading=\"lazy\" decoding=\"async\" src=\"http:\/\/www.tipard.de\/blog\/wp-content\/uploads\/2017\/08\/repair-video-master.jpg\" alt=\"\" width=\"600\" height=\"528\" class=\"alignnone size-full wp-image-915\" srcset=\"https:\/\/www.tipard.de\/blog\/wp-content\/uploads\/2017\/08\/repair-video-master.jpg 600w, https:\/\/www.tipard.de\/blog\/wp-content\/uploads\/2017\/08\/repair-video-master-300x264.jpg 300w\" sizes=\"auto, (max-width: 600px) 100vw, 600px\" \/><br \/>\nWenn Sie das Programm \u00f6ffnen, sehen Sie drei Buttons: Datei hinzuf\u00fcgen, Datei entfernen und reparieren. Repair Video Master wird nach dem reparieren eine neue Datei erstellen, ohne das Original zu \u00e4ndern. Dieser Video-Fixer ist geeignet, gro\u00dfe Videodateien zu reparieren, da seine Reparaturgeschwindigkeit wirklich schnell ist. Wenn Sie jedoch nur \u00fcber die kostenlose Version verf\u00fcgen, m\u00fcssen sie die Videos nacheinander reparieren. <\/p>\n<h2>4. Digital Video Repair<\/h2>\n<p>Digital Video Repair ist ein weiteres kostenloses Video-Fixerprogramm zur Reparatur von MPEG4- und AVI-Videos &#8211; mit nur wenigen Klicks. Es ist nur ein kleines Programm, das nicht viel Speicher einnimmt. Neben den MPEG4-Dateien unterst\u00fctzt das Programm auch standard-AVI-Dateien und andere, wie OpenDML-AVI-Dateien und Multi-Track-AVI-Dateien. Testversuche zeigen: Die Erfolgsquote ist recht hoch. Wenn Sie besch\u00e4digte AVI-Videos beheben m\u00fcssen, empfehlen wir Digital Video Repair. Das abspielen von besch\u00e4digten AVI-Dateien kann zu fleckigen oder ruckartigen Wiedergabe f\u00fchren.<br \/>\n<img loading=\"lazy\" decoding=\"async\" src=\"http:\/\/www.tipard.de\/blog\/wp-content\/uploads\/2017\/08\/digital-video-repair.png\" alt=\"\" width=\"600\" height=\"277\" class=\"alignnone size-full wp-image-912\" srcset=\"https:\/\/www.tipard.de\/blog\/wp-content\/uploads\/2017\/08\/digital-video-repair.png 600w, https:\/\/www.tipard.de\/blog\/wp-content\/uploads\/2017\/08\/digital-video-repair-300x139.png 300w\" sizes=\"auto, (max-width: 600px) 100vw, 600px\" \/><br \/>\nEs ist auch ein einfach bedienbarer Video-Fixer. Nach dem Import  des besch\u00e4digten Videos, zeigt die Anwendung Ihnen die Parameter des Videos, einschlie\u00dflich der Aufl\u00f6sung, der Audio-Spur etc. Sie k\u00f6nnen entscheiden welche Fehler Sie \u00fcberpr\u00fcfen oder reparieren m\u00f6chten. Die vorherige Option wird das Video untersuchen und Ihnen sagen, ob es notwendig ist die Datei zu reparieren. Die weitere Funktion erkennt die Fehler und behebt sie automatisch.<\/p>\n<h2>5. Meteorit<\/h2>\n<p>Meteorit ist ein n\u00fctzlicheres Video-Reparatur-Programm als die DivFix++ f\u00fcr MKV Reparatur-Engine. Es unterst\u00fctzt sowohl Windows als auch Mac. Meteorit wurde entwickelt, um MKV-Videodateien zu reparieren. Das wichtigste Merkmal ist, dass es die MKV-Dateien repariert, w\u00e4hrend Sie in dem Prozess des Downloads online ist. Dies ist f\u00fcr viele Anime-Fans sehr n\u00fctzlich, die meisten der neuen Videos, vor allem in HD sind im MKV-Format.<br \/>\n<img loading=\"lazy\" decoding=\"async\" src=\"http:\/\/www.tipard.de\/blog\/wp-content\/uploads\/2017\/08\/meteorite.jpg\" alt=\"\" width=\"600\" height=\"462\" class=\"alignnone size-full wp-image-914\" srcset=\"https:\/\/www.tipard.de\/blog\/wp-content\/uploads\/2017\/08\/meteorite.jpg 600w, https:\/\/www.tipard.de\/blog\/wp-content\/uploads\/2017\/08\/meteorite-300x231.jpg 300w\" sizes=\"auto, (max-width: 600px) 100vw, 600px\" \/><br \/>\nDie Bedienung ist zu einfach um nach Tasten zu suchen, alles was sie tun m\u00fcssen ist die MKV-Datei in die Anwendung zu ziehen, dann wird die Software das Video reparieren. Anschlie\u00dfend wird  das Optimierte Videoautomatisch gespeichert.<\/p>\n<h3>Zusammenfassung<\/h3>\n<p>Basierend auf dem oberen Artikel, k\u00f6nnen Sie die f\u00fcr Sie am besten geeignete Videooptimierung w\u00e4hlen, wenn Sie viele Videos reparieren wollen, empfehlen wir Ihnen den All Video Fixer zu verwenden. Wenn das besch\u00e4digte Video gro\u00df ist, dann w\u00e4re der Repair Video Master die bessere Wahl. F\u00fcr Meteorit sollten Sie sich entscheiden, wenn sie eine MKV-Datei zu reparieren haben und f\u00fcr AVI oder MPGE4 ( MP4 und MOV dateien), k\u00f6nnen Sie stattdessen Digital Video Repair verwenden. Alle vorgestellten Video-Fixer  bringen ihre Vorteile mit sich und sorgen f\u00fcr ein zufriedenstellendes Ergebnis. Nat\u00fcrlich  k\u00f6nnen Sie mehr Information und Erfahrungen miteinander austauschen und teilen, in dem Sie ein Kommentar <\/p>\n","protected":false},"excerpt":{"rendered":"<p>Seit dem die Internetgeschwindigkeit auf mobilen Ger\u00e4ten gestiegen ist und sich die Leistungen der Kameras und Smartphones deutlich gesteigert haben, sehen sich Internetnutzer nicht nur mehr Videos an, sondern nehmen auch mehr auf. Dennoch tauchen manchmal einige Probleme w\u00e4hrend der \u00dcbertragung oder des Downloads auf. Die Videos k\u00f6nnen durch das Streaming besch\u00e4digt werden! Gl\u00fccklicherweise konnten [&hellip;]<\/p>\n","protected":false},"author":1,"featured_media":0,"parent":0,"menu_order":0,"comment_status":"closed","ping_status":"closed","template":"","meta":{"footnotes":""},"class_list":["post-910","page","type-page","status-publish","hentry"],"_links":{"self":[{"href":"https:\/\/www.tipard.de\/blog\/wp-json\/wp\/v2\/pages\/910","targetHints":{"allow":["GET"]}}],"collection":[{"href":"https:\/\/www.tipard.de\/blog\/wp-json\/wp\/v2\/pages"}],"about":[{"href":"https:\/\/www.tipard.de\/blog\/wp-json\/wp\/v2\/types\/page"}],"author":[{"embeddable":true,"href":"https:\/\/www.tipard.de\/blog\/wp-json\/wp\/v2\/users\/1"}],"replies":[{"embeddable":true,"href":"https:\/\/www.tipard.de\/blog\/wp-json\/wp\/v2\/comments?post=910"}],"version-history":[{"count":1,"href":"https:\/\/www.tipard.de\/blog\/wp-json\/wp\/v2\/pages\/910\/revisions"}],"predecessor-version":[{"id":917,"href":"https:\/\/www.tipard.de\/blog\/wp-json\/wp\/v2\/pages\/910\/revisions\/917"}],"wp:attachment":[{"href":"https:\/\/www.tipard.de\/blog\/wp-json\/wp\/v2\/media?parent=910"}],"curies":[{"name":"wp","href":"https:\/\/api.w.org\/{rel}","templated":true}]}}