{"id":892,"date":"2017-08-31T15:15:31","date_gmt":"2017-08-31T15:15:31","guid":{"rendered":"http:\/\/www.tipard.de\/blog\/?page_id=892"},"modified":"2024-05-03T21:07:33","modified_gmt":"2024-05-03T21:07:33","slug":"4-methoden-um-itunes-von-ihrem-computer-zu-deinstallieren","status":"publish","type":"page","link":"https:\/\/www.tipard.de\/blog\/4-methoden-um-itunes-von-ihrem-computer-zu-deinstallieren\/","title":{"rendered":"4 Methoden um iTunes von Ihrem Computer zu deinstallieren"},"content":{"rendered":"<p><img loading=\"lazy\" decoding=\"async\" class=\"alignnone size-full wp-image-899\" src=\"http:\/\/www.tipard.de\/blog\/wp-content\/uploads\/2017\/08\/uninstall-itunes.jpg\" alt=\"\" width=\"600\" height=\"338\" srcset=\"https:\/\/www.tipard.de\/blog\/wp-content\/uploads\/2017\/08\/uninstall-itunes.jpg 600w, https:\/\/www.tipard.de\/blog\/wp-content\/uploads\/2017\/08\/uninstall-itunes-300x169.jpg 300w\" sizes=\"auto, (max-width: 600px) 100vw, 600px\" \/><br \/>\nF\u00fcr die meisten iPhone Nutzer ist iTunes ein n\u00fctzliches Tool, um Inhalte zu kaufen und Dateien vom Computer aufs iPhone zu \u00fcbertragen. Jedoch ist es eine gro\u00dfe Herausforderung iTunes vom Computer zu l\u00f6schen, da es sich nicht wie andere L\u00f6sungen deinstallieren l\u00e4sst. Die L\u00f6sung installiert viele verschiedene Services, sodass Sie diese auch l\u00f6schen m\u00fcssen, wenn Sie iTunes deinstallieren wollen.In diesem Artikel zeigen wir Ihnen Schritt f\u00fcr Schritt, wie Sie iTunes deinstallieren und zeigen Ihnen einfache Wege, um iTunes Daten dauerhaft zu l\u00f6schen.<\/p>\n<p>Teil 1. iTunes auf Windows deinstallieren<br \/>\nTeil 2. iTunes auf dem Mac l\u00f6schen<br \/>\nTeil 3. iTunes mit Drittanbieter Tools entfernen<br \/>\nTeil 4. Eine alternative Application installieren<\/p>\n<h2>Teil 1. iTunes auf Windows deinstallieren<\/h2>\n<p>Bevor Sie iTunes deinstallieren k\u00f6nnen m\u00fcssen sie iTunes und seine Services schlie\u00dfen. Darunter fallen der Quick Time Player, Apple Software Update, Apple Mobile Device Support, Bonjour und Apple Application Support (iTunes 9 oder neuer). Um alle iTunes Daten erfolgreich zu l\u00f6schen m\u00fcssen Sie diese Items entfernen, um weitere Probleme zu verhindern. Erfahren Sie hier mehr \u00fcber den Vorgang.<br \/>\n1. Gehen Sie zum <strong>Control Panel<\/strong> auf Ihrem Computer und \u00f6ffnen das <strong>Programme und Funktionen<\/strong> Fenster.<br \/>\n2. Klicken Sie <strong>iTunes<\/strong> und w\u00e4hlen <strong>Deinstallieren<\/strong> aus dem Optionen Men\u00fc. Warten Sie einen Moment. Anschlie\u00dfend zeigt der Windows Installer Ihnen an, wenn der Prozess fertiggestellt ist.<br \/>\n<img loading=\"lazy\" decoding=\"async\" class=\"alignnone size-full wp-image-898\" src=\"http:\/\/www.tipard.de\/blog\/wp-content\/uploads\/2017\/08\/remove-itunes-windows.jpg\" alt=\"\" width=\"600\" height=\"424\" srcset=\"https:\/\/www.tipard.de\/blog\/wp-content\/uploads\/2017\/08\/remove-itunes-windows.jpg 600w, https:\/\/www.tipard.de\/blog\/wp-content\/uploads\/2017\/08\/remove-itunes-windows-300x212.jpg 300w\" sizes=\"auto, (max-width: 600px) 100vw, 600px\" \/><br \/>\n3. Jetzt k\u00f6nnen Sie die iTunes unterst\u00fctzten Komponenten entfernen, darunter Quuick Time, Apple Software Update, Apple Mobile Device Support, Bonjour und Apple Application Support.<br \/>\n<img loading=\"lazy\" decoding=\"async\" class=\"alignnone size-full wp-image-894\" src=\"http:\/\/www.tipard.de\/blog\/wp-content\/uploads\/2017\/08\/itunes-folder-thumb.jpg\" alt=\"\" width=\"600\" height=\"238\" srcset=\"https:\/\/www.tipard.de\/blog\/wp-content\/uploads\/2017\/08\/itunes-folder-thumb.jpg 600w, https:\/\/www.tipard.de\/blog\/wp-content\/uploads\/2017\/08\/itunes-folder-thumb-300x119.jpg 300w\" sizes=\"auto, (max-width: 600px) 100vw, 600px\" \/><br \/>\n4. Nachdem Sie iTunes deinstalliert haben starten Sie Ihren Computer neu und \u00f6ffnen Programm Dateien im lokalen Datentr\u00e4ger (C :).<br \/>\n5. L\u00f6schen Sie Ordner mit dem Namen <strong>Bonjour, iTunes, iPod<\/strong> und <strong>QuickTime<\/strong> nacheinander.<br \/>\n<img loading=\"lazy\" decoding=\"async\" class=\"alignnone size-full wp-image-897\" src=\"http:\/\/www.tipard.de\/blog\/wp-content\/uploads\/2017\/08\/remove-bonjour.jpg\" alt=\"\" width=\"600\" height=\"312\" srcset=\"https:\/\/www.tipard.de\/blog\/wp-content\/uploads\/2017\/08\/remove-bonjour.jpg 600w, https:\/\/www.tipard.de\/blog\/wp-content\/uploads\/2017\/08\/remove-bonjour-300x156.jpg 300w\" sizes=\"auto, (max-width: 600px) 100vw, 600px\" \/><br \/>\n6. Gehen Sie zur\u00fcck zum lokalen Datentr\u00e4ger (C \ud83d\ude42 und \u00f6ffnen <strong>System32<\/strong> im <strong>Windows<\/strong> Ordner.<br \/>\n7. Finden Sie Dateien mit dem Namen QuickTime und QuickTimeVR und l\u00f6schen sie.<br \/>\n8. Jetzt ist iTunes komplett von Ihrem Computer entfernt.<\/p>\n<h2>Teil 2. iTunes auf dem Mac Schritt f\u00fcr Schritt l\u00f6schen<\/h2>\n<p>Das Layout auf dem Mac Computer ist ein wenig anders als auf Windows, also ist auch der Vorgang, um iTunes zu entfernen anders. Da iTunes ein Standartprogramm von Mac ist, brauchen Sie einige Skills, um es zu entfernen. Stellen Sie sicher, dass iTunes auf dem Mac geschlossen ist, bevor Sie es deinstallieren. Wenn Sie iTunes ganz simpel in den Papierkorb verschieben m\u00f6chten, werden Sie eine Warnung bekommen, die besagt, dass die <strong>iTunes App nicht entfernt oder modifiziert werden kann, da sie von macOS ben\u00f6tigt wird<\/strong>.<br \/>\n1. Gehen Sie zu iTunes und verschieben es in den Papierkorb.<br \/>\n2. \u00d6ffnen Sie den Activity Monitor. Sie finden ihn unter folgendem Pfad:<strong> Finder &gt; Applications &gt; Utilities<\/strong>.<br \/>\n3. W\u00e4hlen Sie iTunes Helper aus der Liste aus und brechen den Prozess ab.<br \/>\n4. \u00d6ffnen Sie <strong>System Pr\u00e4ferenzen<\/strong> und dann <strong>Accounts\/Users &amp; Gruppen<\/strong>. Klicken Sie auf den Login Items Tab, w\u00e4hlen Sie iTunes Helper aus und dr\u00fccken auf das Minuszeichen, um den <strong>iTunes Helper<\/strong> zu l\u00f6schen.<br \/>\n<img loading=\"lazy\" decoding=\"async\" class=\"alignnone size-full wp-image-895\" src=\"http:\/\/www.tipard.de\/blog\/wp-content\/uploads\/2017\/08\/itunes-helper.jpg\" alt=\"\" width=\"600\" height=\"438\" srcset=\"https:\/\/www.tipard.de\/blog\/wp-content\/uploads\/2017\/08\/itunes-helper.jpg 600w, https:\/\/www.tipard.de\/blog\/wp-content\/uploads\/2017\/08\/itunes-helper-300x219.jpg 300w\" sizes=\"auto, (max-width: 600px) 100vw, 600px\" \/><br \/>\n5. \u00d6ffnen Sie <strong>Zum Order gehen<\/strong> im <strong>Go<\/strong> tab.<br \/>\n<img loading=\"lazy\" decoding=\"async\" class=\"alignnone size-full wp-image-890\" src=\"http:\/\/www.tipard.de\/blog\/wp-content\/uploads\/2017\/08\/folder-box.jpg\" alt=\"\" width=\"600\" height=\"261\" srcset=\"https:\/\/www.tipard.de\/blog\/wp-content\/uploads\/2017\/08\/folder-box.jpg 600w, https:\/\/www.tipard.de\/blog\/wp-content\/uploads\/2017\/08\/folder-box-300x131.jpg 300w\" sizes=\"auto, (max-width: 600px) 100vw, 600px\" \/><br \/>\n6. Finden Sie die Datei namens <strong>AppleMobileDeviceSupport.pkg<\/strong> und verschieben sie in den M\u00fclleimer.<br \/>\n7. Entfernen Sie jede Datei, dessen Name iTunes enth\u00e4lt oder deren Format .pkg ist im M\u00fclleimer.<br \/>\n8. Starten Sie den Mac Computer neu, iTunes ist jetzt vollst\u00e4ndig entfernt.<\/p>\n<h2>Teil 3. iTunes mit Drittanbieter Tools entfernen<\/h2>\n<p>Wie Sie oben sehen ist es sehr kompliziert iTunes von Ihrem Mac oder PC zu l\u00f6schen. Entwickler haben also eine L\u00f6sung entwickelt, mit der Sie iTunes in nur wenigen Schritten entfernen k\u00f6nnen. CopyTrans Drivers Installer ist ein Computer Verwalter, der gut daf\u00fcr ist iTunes und seine Komponenten zur selben Zeit zu entfernen.<br \/>\n<img loading=\"lazy\" decoding=\"async\" class=\"alignnone size-full wp-image-889\" src=\"http:\/\/www.tipard.de\/blog\/wp-content\/uploads\/2017\/08\/copytrans-drivers-installer.jpg\" alt=\"\" width=\"600\" height=\"420\" srcset=\"https:\/\/www.tipard.de\/blog\/wp-content\/uploads\/2017\/08\/copytrans-drivers-installer.jpg 600w, https:\/\/www.tipard.de\/blog\/wp-content\/uploads\/2017\/08\/copytrans-drivers-installer-300x210.jpg 300w\" sizes=\"auto, (max-width: 600px) 100vw, 600px\" \/><br \/>\n1. Downloaden und installieren Sie die L\u00f6sung auf Ihrem PC und doppelklicken sie, um sie zu \u00f6ffnen.<br \/>\n2. Es erkennt iTunes und seine Komponenten automatisch, wenn diese auf Ihrem Computer installiert sind.<br \/>\n3. W\u00e4hlen Sie iTunes, QuickTime, Apple Software Update, Apple Mobile Device Support, Bonjour und Apple Application Support aus.<br \/>\n4. Klicken Sie den Deinstallieren Button in der unteren rechten Ecke aus, um iTunes zu entfernen.<br \/>\n5. Die Application entfernt iTunes und alles was dazu geh\u00f6rt von Ihrem Computer.<\/p>\n<h2>Teil 4. Eine iTunes Alternative, um iOS Dateien auf dem Mac zu verwalten<\/h2>\n<p>Auch wenn Sie iTunes und seine Komponenten von Ihrem Computer l\u00f6schen k\u00f6nnen brauchen Sie eine Alternative, mit der Sie Backups vom iPhone erstellen, sowie Dateien vom Computer aufs iPhone \u00fcbertragen k\u00f6nnen. Tipard iPhone Transfer ist die beste Wahl, um iOS Dateien auf dem Mac zu verwalten. Hier sind die grundlegenden Funktionen der L\u00f6sung.<br \/>\n1. Musik, Fotos, Videos und andere Daten k\u00f6nnen vom Computer aufs iOS Ger\u00e4t mit nur einem Klick \u00fcbertragen werden.<br \/>\n2. Au\u00dferdem k\u00f6nnen Benutzer auch Daten vom iPhone auf dem Computer speichern.<br \/>\n3. iPhone Transfer hat die F\u00e4higkeit Daten zwischen zwei iOS Ger\u00e4ten zu synchronisieren, direkt nachdem iTunes deinstalliert wurde. Diese Funktion ist praktisch, wenn Sie auf ein neues iPhone upgraden.<br \/>\n4. Es ist kompatibel mit allesn iOS Ger\u00e4ten und der neuesten Version von iOS.<\/p>\n<h3>Backup vom iPhone auf dem Computer erstellen<\/h3>\n<p>iTunes ist die hilfreichste Application, mit der Sie Daten zwischen dem iPhone und Computer \u00fcbertragen k\u00f6nnen. Tipard iPhone Transfer ist die beste Alternative, wenn Sie iTunes von Ihrem Computer deinstallieren.<br \/>\n<img loading=\"lazy\" decoding=\"async\" class=\"alignnone size-full wp-image-893\" src=\"http:\/\/www.tipard.de\/blog\/wp-content\/uploads\/2017\/08\/iphone-to-pc.jpg\" alt=\"\" width=\"600\" height=\"402\" srcset=\"https:\/\/www.tipard.de\/blog\/wp-content\/uploads\/2017\/08\/iphone-to-pc.jpg 600w, https:\/\/www.tipard.de\/blog\/wp-content\/uploads\/2017\/08\/iphone-to-pc-300x201.jpg 300w\" sizes=\"auto, (max-width: 600px) 100vw, 600px\" \/><br \/>\n1. Verbinden Sie das iPhone via USB Kabel mit dem Computer und \u00f6ffnen iPhone Transfer.<br \/>\n2. Die Application erkennt und scannt Ihr iPhone automatisch.<br \/>\n3. Jetzt k\u00f6nnen Sie die Dateien ausw\u00e4hlen, von denen Sie ein Backup auf dem Computer erstellen wollen.<br \/>\n4. Klicken Sie <strong>Exportieren nach<\/strong>, um den Backup Vorgang zu starten.<\/p>\n<h3>Wie Sie Dateien vom Computer aufs iPhone \u00fcbertragen<\/h3>\n<p>Wie Sie wissen kann iTunes keine Dateien vom iPhone auf den Computer \u00fcbertragen. Tipard iPhone Transfer ist ein n\u00fctzliches Tool, um Dateien ohne iTunes zu \u00fcbertragen.<br \/>\n<img loading=\"lazy\" decoding=\"async\" class=\"alignnone size-full wp-image-896\" src=\"http:\/\/www.tipard.de\/blog\/wp-content\/uploads\/2017\/08\/pc-to-iphone.jpg\" alt=\"\" width=\"600\" height=\"402\" srcset=\"https:\/\/www.tipard.de\/blog\/wp-content\/uploads\/2017\/08\/pc-to-iphone.jpg 600w, https:\/\/www.tipard.de\/blog\/wp-content\/uploads\/2017\/08\/pc-to-iphone-300x201.jpg 300w\" sizes=\"auto, (max-width: 600px) 100vw, 600px\" \/><br \/>\n1. Nachdem das iPhone erfolgreich mit dem Computer verbunden wurde, w\u00e4hlen Sie das Dateiformat aus, welches Sie \u00fcbertragen wollen.<br \/>\n2. Das pop-up Fenster fragt Sie danach, ob Sie Dateien oder Ordner \u00fcbertragen m\u00f6chten.<br \/>\n3. Nach dem ausw\u00e4hlen sucht die L\u00f6sung den Zielort auf dem Computer und Sie k\u00f6nnen Dateien vom iPhone auf den Computer \u00fcbertragen, nachdem iTunes deinstalliert wurde.<\/p>\n<h3>Wie Sie Dateien zwischen iPhones \u00fcbertragen<\/h3>\n<p>Neben dem \u00fcbertragen von Daten zwischen dem iPhone und Computer k\u00f6nnen Sie Dateien zwischen verschiedenen Ger\u00e4ten mit nur wenigen Klicks \u00fcbertragen. Erfahren Sie hier mehr dar\u00fcber wie Sie Tipard iPhone Transfer einsetzen k\u00f6nnen, wenn iTunes nicht verf\u00fcgbar ist.<br \/>\n<img loading=\"lazy\" decoding=\"async\" class=\"alignnone size-full wp-image-891\" src=\"http:\/\/www.tipard.de\/blog\/wp-content\/uploads\/2017\/08\/iphone-to-iphone.jpg\" alt=\"\" width=\"600\" height=\"402\" srcset=\"https:\/\/www.tipard.de\/blog\/wp-content\/uploads\/2017\/08\/iphone-to-iphone.jpg 600w, https:\/\/www.tipard.de\/blog\/wp-content\/uploads\/2017\/08\/iphone-to-iphone-300x201.jpg 300w\" sizes=\"auto, (max-width: 600px) 100vw, 600px\" \/><br \/>\n1. Verbinden Sie beide iPhones mit dem Computer und iPhone Transfer erkennt die Ger\u00e4te automatisch.<br \/>\n2. W\u00e4hlen Sie die Dateien zum \u00fcbertragen aus.<br \/>\n3. Dr\u00fccken Sie <strong>Exportieren auf<\/strong> und dann <strong>Exportieren auf anderes Ger\u00e4t<\/strong>.<br \/>\n4. Die Dateien werden dann zwischen zwei iPhones synchronisiert, selbst, wenn Sie iTunes entfernt haben.<\/p>\n<h3>Zusammenfassung<\/h3>\n<div class=\"w-full text-token-text-primary\" dir=\"auto\" data-testid=\"conversation-turn-3\" data-scroll-anchor=\"true\">\n<div class=\"py-2 px-3 text-base md:px-4 m-auto md:px-5 lg:px-1 xl:px-5\">\n<div class=\"mx-auto flex flex-1 gap-3 text-base juice:gap-4 juice:md:gap-6 md:max-w-3xl lg:max-w-[40rem] xl:max-w-[48rem]\">\n<div class=\"relative flex w-full min-w-0 flex-col agent-turn\">\n<div class=\"flex-col gap-1 md:gap-3\">\n<div class=\"flex flex-grow flex-col max-w-full\">\n<div class=\"min-h-[20px] text-message flex flex-col items-start whitespace-pre-wrap break-words [.text-message+&amp;]:mt-5 overflow-x-auto gap-3\" dir=\"auto\" data-message-author-role=\"assistant\" data-message-id=\"25673363-d244-45ab-9b20-6a1e6bbe55f5\">\n<div class=\"markdown prose w-full break-words dark:prose-invert light\">\n<p>Wie Sie oben erfahren haben, ist das Deinstallieren von iTunes ohne ein Tool keine einfache Aufgabe. Benutzer m\u00fcssen geduldig und vorsichtig sein, wenn sie die Aufgabe alleine angehen m\u00f6chten. W\u00e4hrend Sie sich auf andere wichtige Aspekte Ihres Lebens, wie zum Beispiel akademische Arbeiten, konzentrieren m\u00f6chten, k\u00f6nnte <span style=\"color: inherit;\"><a style=\"color: inherit;\" href=\"https:\/\/arbeit-schreiben.com\/\">hausarbeit schreiben lassen<\/a><\/span> als Ihr Partner helfen, Ihre wissenschaftlichen Arbeiten effektiv zu managen und gleichzeitig Zeit f\u00fcr Hobbys und andere Interessen freizumachen. Nachdem Sie iTunes deinstalliert haben, ist Tipard iPhone Transfer die perfekte Alternative. Falls Sie noch Fragen oder Anmerkungen zum Vorgang der Deinstallation von iTunes oder zu der iTunes Alternative haben, melden Sie sich gerne bei uns.<\/p>\n<\/div>\n<\/div>\n<\/div>\n<\/div>\n<\/div>\n<\/div>\n<\/div>\n<\/div>\n","protected":false},"excerpt":{"rendered":"<p>F\u00fcr die meisten iPhone Nutzer ist iTunes ein n\u00fctzliches Tool, um Inhalte zu kaufen und Dateien vom Computer aufs iPhone zu \u00fcbertragen. Jedoch ist es eine gro\u00dfe Herausforderung iTunes vom Computer zu l\u00f6schen, da es sich nicht wie andere L\u00f6sungen deinstallieren l\u00e4sst. Die L\u00f6sung installiert viele verschiedene Services, sodass Sie diese auch l\u00f6schen m\u00fcssen, wenn [&hellip;]<\/p>\n","protected":false},"author":1,"featured_media":0,"parent":0,"menu_order":0,"comment_status":"closed","ping_status":"closed","template":"","meta":{"footnotes":""},"class_list":["post-892","page","type-page","status-publish","hentry"],"_links":{"self":[{"href":"https:\/\/www.tipard.de\/blog\/wp-json\/wp\/v2\/pages\/892","targetHints":{"allow":["GET"]}}],"collection":[{"href":"https:\/\/www.tipard.de\/blog\/wp-json\/wp\/v2\/pages"}],"about":[{"href":"https:\/\/www.tipard.de\/blog\/wp-json\/wp\/v2\/types\/page"}],"author":[{"embeddable":true,"href":"https:\/\/www.tipard.de\/blog\/wp-json\/wp\/v2\/users\/1"}],"replies":[{"embeddable":true,"href":"https:\/\/www.tipard.de\/blog\/wp-json\/wp\/v2\/comments?post=892"}],"version-history":[{"count":4,"href":"https:\/\/www.tipard.de\/blog\/wp-json\/wp\/v2\/pages\/892\/revisions"}],"predecessor-version":[{"id":2644,"href":"https:\/\/www.tipard.de\/blog\/wp-json\/wp\/v2\/pages\/892\/revisions\/2644"}],"wp:attachment":[{"href":"https:\/\/www.tipard.de\/blog\/wp-json\/wp\/v2\/media?parent=892"}],"curies":[{"name":"wp","href":"https:\/\/api.w.org\/{rel}","templated":true}]}}