{"id":877,"date":"2017-08-24T18:36:00","date_gmt":"2017-08-24T18:36:00","guid":{"rendered":"http:\/\/www.tipard.de\/blog\/?page_id=877"},"modified":"2025-01-24T01:24:50","modified_gmt":"2025-01-24T01:24:50","slug":"jede-dvd-auf-den-ipod-uebertragen","status":"publish","type":"page","link":"https:\/\/www.tipard.de\/blog\/jede-dvd-auf-den-ipod-uebertragen\/","title":{"rendered":"Jede DVD auf den iPod \u00fcbertragen"},"content":{"rendered":"<p><img loading=\"lazy\" decoding=\"async\" class=\"alignnone size-full wp-image-878\" src=\"http:\/\/www.tipard.de\/blog\/wp-content\/uploads\/2017\/08\/dvd-to-ipod.jpg\" alt=\"\" width=\"696\" height=\"338\" srcset=\"https:\/\/www.tipard.de\/blog\/wp-content\/uploads\/2017\/08\/dvd-to-ipod.jpg 696w, https:\/\/www.tipard.de\/blog\/wp-content\/uploads\/2017\/08\/dvd-to-ipod-300x146.jpg 300w\" sizes=\"auto, (max-width: 696px) 100vw, 696px\" \/><\/p>\n<p>Es gibt viele Wege, tolle Musik und Videos zu genie\u00dfen. Bei bestehender Internetverbindung kann man online streamen, worauf man gerade Lust hat. Manchmal hat man aber keine Internetverbindung \u2013 der Wunsch nach Entertainment \u00e4ndert sich dadurch nicht. Deshalb entscheiden sich viele dazu, Filme und Serien f\u00fcr das Gucken auf dem iPod zu kaufen oder auszuleihen. Haben Sie DVDs Zuhause? Haben Sie jemals dar\u00fcber nachgedacht, diese DVDs einfach auf Ihren iPod zu \u00fcbertragen?<\/p>\n<p>Ein Beispiel: Sie laufen die Stra\u00dfe entlang, besteigen Berge oder ziehen Ihr Workout im Fitnessstudio durch und gleichzeitig w\u00fcrden Sie gerne Musik h\u00f6ren. Eine L\u00f6sung w\u00e4re, Ihre vorhandenen DVDs durch das Konvertieren der Audiodateien auf den iPod zu \u00fcbertragen, sodass Sie von da an Videos anschauen und Musik h\u00f6ren, wann und wo Sie wollen, h\u00f6ren k\u00f6nnen.<\/p>\n<p>F\u00fcr Studierende, die neben der Verwaltung ihrer Unterhaltungsmedien auch Unterst\u00fctzung beim Schreiben von akademischen Arbeiten ben\u00f6tigen, k\u00f6nnte ein <a href=\"https:\/\/ghostwriter-berlin.com\/\">Ghostwriter<\/a> eine gute Wahl sein, um ihre Texte professionell zu gestalten.<\/p>\n<p><a href=\"http:\/\/www.tipard.de\/video-converter-ultimate\/\">Tipard DVD to iPod Converter<\/a>, das beste Programm auf dem Markt, wurde haupts\u00e4chlich\u00a0 dazu entwickelt, DVDs in Dateien umzuwandeln, die mit dem iPod kompatibel sind: MP3, AAC, WAV, AIFF, MP4, M4V, MOV, M4A\u00a0 und viele mehr. Das Programm erlaubt neben der Umwandlung auch die Bearbeitung der Videodateien Ihrer DVD (Schneiden, Wasserzeichen hinzuf\u00fcgen, Umbenennen, Zusammenf\u00fcgen, etc.).<\/p>\n<h2>Warum sollte ich mich f\u00fcr Tipard DVD to iPod Converter entscheiden?<\/h2>\n<p>Tipard DVD to iPod Converter stellt eine professionelle L\u00f6sung f\u00fcr das Umwandeln ihrer DVD in mit dem iPod kompatiblen Dateiformaten dar. Dazu geh\u00f6ren u.a. MP4, MOV, MP4 und WAV. Bei letzteren wird der Ton des Videos extrahiert und in g\u00e4ngige Audioformate umgewandelt. Der Vorgang ist simpel und nimmt wenig Zeit in Anspruch.<br \/>\nDas Programm unterst\u00fctzt alle Apple-Ger\u00e4te: iPod Touch, iPod Nano, iPad mini, iPad mini 2, iPad mini 3, iPad mini 4, iPad Air, iPad Air 2, iPad Pro, iPhone 5, iPhone 5S, iPhone 6\/6 Plus, iPhone 6s\/6s Plus and Apple TV, Apple TV 2, Apple TV 3.<br \/>\nDa es sich um einen professionellen DVD Converter handelt, ist es einfach jede DVD\u00a0 innerhalb von Minuten in HD Videoformate umzuwandeln. Das Bearbeiten der Videos vor dem Konvertieren stellt einen herausragenden Bonus dar.<\/p>\n<h2>Wie verwende ich das Programm?<\/h2>\n<p><a href=\"http:\/\/www.tipard.de\/downloads\/video-converter-ultimate.exe\">Laden Sie das kostenlose Programm herunter<\/a> und installieren Sie es auf ihrem Windows Computer. Anschlie\u00dfend sollten sie den folgenden Schritten folgen:<\/p>\n<p>&nbsp;<\/p>\n<p>1: Laden Sie die DVD\/ den Ordner im Programm. Die geladene DVD wird Ihnen im Interface angezeigt.<br \/>\n2: Im rechten Fenster k\u00f6nnen Sie sich das Video als Vorschau ansehen.<br \/>\n3: W\u00e4hlen Sie das Ausgabeformat im Drop-Down-Men\u00fc von \u201eProfile\u201c. Es gibt mehr als 300 Formate die zur Konvertierung zur Verf\u00fcgung stehen.<br \/>\n4: Die Bearbeitung des Videos ist durch Rotation, 3D-Effekte, Schneiden, Hinzuf\u00fcgen von Wasserzeichen und vielem mehr m\u00f6glich.<br \/>\n5: Durch W\u00e4hlen von \u201eConvert\u201c wird die DVD in das ausgew\u00e4hlte Format umgewandelt.<\/p>\n<p>&nbsp;<\/p>\n<h2>Weitere Funktionen des DVD to iPod Converter<\/h2>\n<p>Umwandeln der DVD in iPod MP4, M4V, MOV Video und MP3, M4A Audio, etc.<br \/>\nStarke Bearbeitungsfunktionen: Schneiden, Effekte, Wasserzeichen, Vorschau, Schnappschuss, Zusammenf\u00fcgen, etc.<br \/>\n6x schnellere Umwandlung<br \/>\nhohe Qualit\u00e4t der umgewandelten Videos<br \/>\nMehrere DVD Kapitel k\u00f6nnen in Reihenfolge in eine Datei konvertiert werden<br \/>\nUmbenennung des Originals vor der Umwandlung<\/p>\n<p>&nbsp;<\/p>\n<p>&nbsp;<\/p>\n","protected":false},"excerpt":{"rendered":"<p>Es gibt viele Wege, tolle Musik und Videos zu genie\u00dfen. Bei bestehender Internetverbindung kann man online streamen, worauf man gerade Lust hat. Manchmal hat man aber keine Internetverbindung \u2013 der Wunsch nach Entertainment \u00e4ndert sich dadurch nicht. Deshalb entscheiden sich viele dazu, Filme und Serien f\u00fcr das Gucken auf dem iPod zu kaufen oder auszuleihen. [&hellip;]<\/p>\n","protected":false},"author":1,"featured_media":0,"parent":0,"menu_order":0,"comment_status":"closed","ping_status":"closed","template":"","meta":{"footnotes":""},"class_list":["post-877","page","type-page","status-publish","hentry"],"_links":{"self":[{"href":"https:\/\/www.tipard.de\/blog\/wp-json\/wp\/v2\/pages\/877","targetHints":{"allow":["GET"]}}],"collection":[{"href":"https:\/\/www.tipard.de\/blog\/wp-json\/wp\/v2\/pages"}],"about":[{"href":"https:\/\/www.tipard.de\/blog\/wp-json\/wp\/v2\/types\/page"}],"author":[{"embeddable":true,"href":"https:\/\/www.tipard.de\/blog\/wp-json\/wp\/v2\/users\/1"}],"replies":[{"embeddable":true,"href":"https:\/\/www.tipard.de\/blog\/wp-json\/wp\/v2\/comments?post=877"}],"version-history":[{"count":4,"href":"https:\/\/www.tipard.de\/blog\/wp-json\/wp\/v2\/pages\/877\/revisions"}],"predecessor-version":[{"id":9297,"href":"https:\/\/www.tipard.de\/blog\/wp-json\/wp\/v2\/pages\/877\/revisions\/9297"}],"wp:attachment":[{"href":"https:\/\/www.tipard.de\/blog\/wp-json\/wp\/v2\/media?parent=877"}],"curies":[{"name":"wp","href":"https:\/\/api.w.org\/{rel}","templated":true}]}}