{"id":793,"date":"2017-08-24T12:56:55","date_gmt":"2017-08-24T12:56:55","guid":{"rendered":"http:\/\/www.tipard.de\/blog\/?page_id=793"},"modified":"2017-08-24T12:56:56","modified_gmt":"2017-08-24T12:56:56","slug":"wie-erhalte-ich-das-cover-der-alben-auf-itunes","status":"publish","type":"page","link":"https:\/\/www.tipard.de\/blog\/wie-erhalte-ich-das-cover-der-alben-auf-itunes\/","title":{"rendered":"Wie erhalte ich das Cover der Alben auf iTunes?"},"content":{"rendered":"<p><img loading=\"lazy\" decoding=\"async\" class=\"alignnone size-full wp-image-795\" src=\"http:\/\/www.tipard.de\/blog\/wp-content\/uploads\/2017\/08\/66.1.jpg\" alt=\"\" width=\"600\" height=\"338\" srcset=\"https:\/\/www.tipard.de\/blog\/wp-content\/uploads\/2017\/08\/66.1.jpg 600w, https:\/\/www.tipard.de\/blog\/wp-content\/uploads\/2017\/08\/66.1-300x169.jpg 300w\" sizes=\"auto, (max-width: 600px) 100vw, 600px\" \/><\/p>\n<p>Die Cover der Alben sind auf iTunes wichtig, weil Sie so die Bibliothek durchsuchen und die gew\u00fcnschten Titel schnell finden k\u00f6nnen. Die Musik die Sie im iTunes Store oder anderen Websites erwerben (z.B. Amazon) enth\u00e4lt das Cover. Bei CDs oder kostenlos heruntergeladenen Songs ist m\u00f6glicherweise kein Bild dabei.<\/p>\n<p>Sie k\u00f6nnen Ihrer Musik auf iTunes Bilder hinzuf\u00fcgen. Daf\u00fcr m\u00fcssen Sie nur wenigen Schritten folgen. Falls Sie diese erfahren wollen, lesen Sie weiter.<\/p>\n<h2>Wie erhalte ich direkt das Cover des Albums auf iTunes?<\/h2>\n<p>\u00d6ffnen Sie iTunes, klicken Sie auf \u201eDatei\u201c und w\u00e4hlen Sie \u201eBibliothek\u201c in der erscheinenden Liste aus. Nachdem Sie die Auswahl getroffen haben, k\u00f6nnen Sie \u201eDas Cover erhalten\u201c sehen. W\u00e4hlen Sie diese Option aus.<\/p>\n<p><img loading=\"lazy\" decoding=\"async\" class=\"alignnone  wp-image-796\" src=\"http:\/\/www.tipard.de\/blog\/wp-content\/uploads\/2017\/08\/66.2.jpg\" alt=\"\" width=\"638\" height=\"421\" srcset=\"https:\/\/www.tipard.de\/blog\/wp-content\/uploads\/2017\/08\/66.2.jpg 600w, https:\/\/www.tipard.de\/blog\/wp-content\/uploads\/2017\/08\/66.2-300x198.jpg 300w\" sizes=\"auto, (max-width: 638px) 100vw, 638px\" \/><\/p>\n<h2>Wie erhalte ich das Cover des Albums manuell?<\/h2>\n<p>Um das Cover f\u00fcr ein bestimmtes Album zu erhalten, dass Sie bereits auf Ihrem PC hatten, k\u00f6nnen Sie die folgenden Schritte probieren:<\/p>\n<p>\u2022 \u00d6ffnen Sie iTunes und schauen Sie sich Ihre Musikbibliothek an<br \/>\n\u2022 W\u00e4hlen Sie \u201eAlben\u201c aus um Ihre Musik innerhalb der Alben zu sehen.<br \/>\n\u2022 W\u00e4hlen Sie ein Cover, machen Sie einen Rechtsklick und w\u00e4hlen Sie \u201eInformationen\u201c. Nun \u00f6ffnet sich ein neues Fenster. Klicken Sie auf \u201eCover\u201c und anschlie\u00dfend auf \u201eCover hinzuf\u00fcgen\u201c. Suchen Sie jetzt nach dem passenden Cover auf Ihrem PC und w\u00e4hlen Sie es aus.<\/p>\n<p><img loading=\"lazy\" decoding=\"async\" class=\"alignnone size-full wp-image-797\" src=\"http:\/\/www.tipard.de\/blog\/wp-content\/uploads\/2017\/08\/66.3.jpg\" alt=\"\" width=\"600\" height=\"397\" srcset=\"https:\/\/www.tipard.de\/blog\/wp-content\/uploads\/2017\/08\/66.3.jpg 600w, https:\/\/www.tipard.de\/blog\/wp-content\/uploads\/2017\/08\/66.3-300x199.jpg 300w\" sizes=\"auto, (max-width: 600px) 100vw, 600px\" \/><\/p>\n<p>Wenn Sie das Cover \u00fcber iTunes erhalten, bedeutet dies, dass sie fehlende Informationen von Apple bekommen. Es kann also sein, dass Apple die gesuchten Informationen nicht hat.<\/p>\n<p>iTunes zeigt ein Cover an, der Kauf eines Albums im iTunes Store erfolgt. Manchmal aber finden sich Cover von bestimmten Alben aber nicht. In diesem Fall suchen Sie sicher nach einer anderen L\u00f6sung. Eine einfache Option ist die Software \u201eAlbum Artwork Transfer\u201c.<\/p>\n<h2>Wie erhalte ich das Cover des Albums durch Programme?<\/h2>\n<div class=\"article-steps\"><br \/>\n<div class=\"article-step\"><div class=\"context noPreview\"><h3><span class=\"stepShield\">Schritt 1<\/span>Starten Sie die Software<\/h3> Installieren Sie \u201eAlbum Artwork Transfer\u201c und starten Sie das Programm. Verbinden Sie Ihr iOS Ger\u00e4t. Dieses wird automatisch gelesen. <\/div><\/div><br \/>\n<div class=\"article-step\"><div class=\"context noPreview\"><h3><span class=\"stepShield\">Schritt 2<\/span>W\u00e4hlen Sie die Musik aus, deren Cover Sie haben wollen<\/h3> Nach dem Verbinden Ihres Ger\u00e4tes mit der Software werden Ihnen alle Informationen zum Ger\u00e4t angezeigt. Klicken Sie auf \u201eMusik\u201c und w\u00e4hlen Sie die Cover, die Sie nach iTunes \u00fcbertragen wollen. <\/div><\/div><br \/>\n<div class=\"article-step\"><div class=\"context noPreview\"><h3><span class=\"stepShield\">Schritt 3<\/span>Exportieren Sie die Cover nach iTunes<\/h3> Klicken Sie auf \u201eExportieren nach\u201c und w\u00e4hlen Sie \u201eExportieren nach iTunes\u201c aus. So wird Ihr Cover nach iTunes \u00fcbertragen. <\/div><\/div><br \/>\n<\/div>\n<p><img loading=\"lazy\" decoding=\"async\" class=\"alignnone size-full wp-image-794\" src=\"http:\/\/www.tipard.de\/blog\/wp-content\/uploads\/2017\/08\/66.4.jpg\" alt=\"\" width=\"400\" height=\"268\" srcset=\"https:\/\/www.tipard.de\/blog\/wp-content\/uploads\/2017\/08\/66.4.jpg 400w, https:\/\/www.tipard.de\/blog\/wp-content\/uploads\/2017\/08\/66.4-300x201.jpg 300w\" sizes=\"auto, (max-width: 400px) 100vw, 400px\" \/><\/p>\n","protected":false},"excerpt":{"rendered":"<p>Die Cover der Alben sind auf iTunes wichtig, weil Sie so die Bibliothek durchsuchen und die gew\u00fcnschten Titel schnell finden k\u00f6nnen. Die Musik die Sie im iTunes Store oder anderen Websites erwerben (z.B. Amazon) enth\u00e4lt das Cover. Bei CDs oder kostenlos heruntergeladenen Songs ist m\u00f6glicherweise kein Bild dabei. Sie k\u00f6nnen Ihrer Musik auf iTunes Bilder [&hellip;]<\/p>\n","protected":false},"author":1,"featured_media":0,"parent":0,"menu_order":0,"comment_status":"closed","ping_status":"closed","template":"","meta":{"footnotes":""},"class_list":["post-793","page","type-page","status-publish","hentry"],"_links":{"self":[{"href":"https:\/\/www.tipard.de\/blog\/wp-json\/wp\/v2\/pages\/793","targetHints":{"allow":["GET"]}}],"collection":[{"href":"https:\/\/www.tipard.de\/blog\/wp-json\/wp\/v2\/pages"}],"about":[{"href":"https:\/\/www.tipard.de\/blog\/wp-json\/wp\/v2\/types\/page"}],"author":[{"embeddable":true,"href":"https:\/\/www.tipard.de\/blog\/wp-json\/wp\/v2\/users\/1"}],"replies":[{"embeddable":true,"href":"https:\/\/www.tipard.de\/blog\/wp-json\/wp\/v2\/comments?post=793"}],"version-history":[{"count":1,"href":"https:\/\/www.tipard.de\/blog\/wp-json\/wp\/v2\/pages\/793\/revisions"}],"predecessor-version":[{"id":798,"href":"https:\/\/www.tipard.de\/blog\/wp-json\/wp\/v2\/pages\/793\/revisions\/798"}],"wp:attachment":[{"href":"https:\/\/www.tipard.de\/blog\/wp-json\/wp\/v2\/media?parent=793"}],"curies":[{"name":"wp","href":"https:\/\/api.w.org\/{rel}","templated":true}]}}