{"id":6448,"date":"2024-11-05T12:13:07","date_gmt":"2024-11-05T12:13:07","guid":{"rendered":"https:\/\/www.tipard.de\/blog\/?page_id=6448"},"modified":"2024-11-05T12:17:28","modified_gmt":"2024-11-05T12:17:28","slug":"za_connect_3ockckqe","status":"publish","type":"page","link":"https:\/\/www.tipard.de\/blog\/za_connect_3ockckqe\/","title":{"rendered":"Magazin-Registrierung: Tipard DVD Creator (1-Jahreslizenz) &#8211; Connect 01\/25"},"content":{"rendered":"<div style=\"display: flex;\"><img loading=\"lazy\" decoding=\"async\" src=\"https:\/\/www.tipard.de\/blog\/wp-content\/uploads\/2020\/11\/DVDCreatorBoxshot.jpg\" alt=\"\" width=\"639\" height=\"1000\" class=\"alignnone size-full wp-image-1585\" style=\"width: 193px!important; min-width: 193px; height: 300px; margin-right: 15px; border: 1px solid #0080C0;\" \/><\/p>\n<div style=\"width: 100%;\">\n<h2 style=\"text-align: left;\">Tipard DVD Creator<\/h2>\n<p style=\"text-align: left;\">Tipard DVD Creator ist die beste L\u00f6sung f\u00fcr diejenigen, die aus Ihren Videos echte DVDs machen m\u00f6chten. Das Videoformat kann dabei MP4, AVI, MOV, WMV, FLV, MKV, VOB, MPEG, MTS, M2TS, TS usw. sein. Die erstellte DVD kann auf verschiedensten DVD Playern und Media Playern, als DVD Disk, Ordner oder ISO Image, abgespielt werden.<\/p>\n<ul style=\"padding: 0 0 0 35px!important;\">\n<li style=\"list-style: disc!important;\">Erstellen Sie DVDs aus Videos im Format MP4, MOV, MPEG, FLV, WMV, MKV, AVI usw.<\/li>\n<li style=\"list-style: disc!important;\">F\u00fcgen Sie zu den DVDs Audio Tracks und Untertitel hinzu<\/li>\n<li style=\"list-style: disc!important;\">Stellen Sie Men\u00fc, Rahmen, Button, Text, Hintergrundmusik und Hintergrundbild individuell ein<\/li>\n<li style=\"list-style: disc!important;\">Bearbeiten Sie Videodateien durch K\u00fcrzen, Schneiden, Wasserzeichen, Effekte und Zusammenstellen<\/li>\n<\/ul>\n<\/div>\n<\/div>\n<p style=\"text-align: center; font-weight: bold;\">F\u00fcllen Sie das untenstehende Formular aus um Ihren 1-Jahres Lizenzschl\u00fcssel zu erhalten!<\/p>\n<div style=\"display: flex;\">\n<div style=\"width: 50%;\">\n<br \/>\n<script src='https:\/\/www.google.com\/recaptcha\/api.js'><\/script><style>.promo { width: 400px; margin: 0 auto; } .promo input, .promo button { padding: 0 5px; display: block; width: 100%; margin-bottom: 15px;} .promo input[type=\"checkbox\"] { display: inline-block; width: auto; margin-bottom: 0;} .promo .checkbox {margin-bottom: 15px;}<\/style><form class=\"promo\" action=\"\/blog\/wp-json\/wp\/v2\/pages\/6448\" method=\"post\">Vorname:<br \/><input type=\"text\" name=\"promo_firstName\" placeholder=\"Vorname\" \/>Nachname:<br \/><input type=\"text\" name=\"promo_lastName\" placeholder=\"Nachname\" \/>E-Mail:<br \/><input type=\"text\" name=\"promo_eMail\" placeholder=\"Ihre E-Mail Adresse\" \/><small style=\"display: block; margin-bottom: 15px;\">Diese Aktion wird bereitgestellt von unserem Partner PohlMedia Distribution UG (haftungsbeschr&auml;nkt). Es gelten die <a href=\"http:\/\/www.pohlmedia-distribution.de\/sbc\/index.html\" style=\"color: blue;\">AGB<\/a> und die <a href=\"http:\/\/www.pohlmedia-distribution.de\/privacy\/index.html\" style=\"color: blue;\">Datenschutzrichtlinien<\/a> der PohlMedia Distribution UG (haftungsbeschr&auml;nkt).<\/small><div class=\"checkbox\"><input type=\"checkbox\" name=\"promo_datenschutz\" id=\"promo_datenschutz\" \/> <label for=\"promo_datenschutz\" style=\"font-size: 85%;\">Ich habe die <a href=\"http:\/\/www.pohlmedia-distribution.de\/privacy\/index.html\" style=\"color: blue;\">Datenschutzerkl\u00e4rung<\/a> gelesen und akzeptiert<\/label><br \/><\/div><style>.g-recaptcha>div{width:auto!important; text-align: center; margin-bottom: 5px;}<\/style><div class=\"g-recaptcha\" data-sitekey=\"6LfQiXQUAAAAAADqSd3Q2hhQGgW7cPPt5OIJIqbX\" style=\"margin-top: 5px;\"><\/div><button type=\"submit\" name=\"promo_action\">Absenden<\/button><\/form><br \/>\n\n<\/div>\n<div style=\"width: 65%; margin-left: 25px;\">\n<div style=\"display: flex; border: 1px solid #306eff; background-color: rgba(45,110,255,0.6); color: #fff; min-height: 200px; padding: 5px; border-right: 1px solid #306eff; margin: 0 auto;\"><img loading=\"lazy\" decoding=\"async\" class=\"alignnone size-full wp-image-1552\" style=\"width: 193px!important; min-width: 193px; height: 300px; border: 1px solid #0db1ee; margin-right: 15px;\" src=\"http:\/\/www.tipard.de\/blog\/wp-content\/uploads\/2020\/05\/Tiparrd-Video-Converrter-Ultimate.png\" alt=\"\" width=\"1000\" height=\"1000\"  \/><\/p>\n<div>\n<h2 style=\"text-align: left; color: #ff0000; padding-top: 0px;\">Sonderangebot -40% Rabatt!<\/h2>\n<h2 style=\"text-align: left; color: #fff; padding-top: 0px;\">Tipard Video Converter Ultimate 10<\/h2>\n<p style=\"text-align: left; color: #fff;\">Sichern Sie sich den Premium-Video-Converter zum reduzierten Preis: Tipard Video Converter Ultimate 10 ist der High-End-VideoConverter von Tipard. Sie haben folgende Vorteile:<\/p>\n<ul>\n<li style=\"color: #fff;\">&bull; Lifetime Lizenz f\u00fcr lebenslange Nutzung<\/li>\n<li style=\"color: #fff;\">&bull; 4K Ultra HD Videos, 1080p HD und SD Videos konvertieren<\/li>\n<li style=\"color: #fff;\">&bull; DVD in MP4 oder MKV verlustfrei rippen\/konvertieren<\/li>\n<li style=\"color: #fff;\">&bull; DVD\/Video in MP4, MOV, M4V, AVI, WMV f\u00fcr das volle HD- und 3D-Erlebnis umwandeln<\/li>\n<li style=\"color: #fff;\">&bull; Inkl. Videobearbeitung mit Effekten, Filtern, Freistellen, Untertiteln u.v.m.<\/li>\n<\/ul>\n<p><span style=\"color: darkred;\">Nur 30,00 EUR <small>inkl. MwSt<\/small> statt <s>49,99 EUR<\/s><\/span><br \/>\n<a class=\"button orange money-back\" href=\"https:\/\/secure.2checkout.com\/order\/checkout.php?PRODS=4656101&#038;QTY=1&#038;OPTIONS4656101=LFT&#038;CART=1&#038;CARD=1&#038;SHORT_FORM=1&#038;COUPON=TIPERZIN\">Jetzt Kaufen<\/a><\/div>\n<\/div>\n<\/div>\n<\/div>\n<style>\na.button.orange {\n    color: #fff;\n    font-family: 'TitilliumText22LRegular', sans-serif;\n    font-size:18px;\n    -webkit-border-radius: 5px;\n    -moz-border-radius: 5px;\n    border-radius: 5px;\t\n    display: inline-block;\n    padding: 5px 20px;\n    line-height:1.0;\n    margin-bottom: 5px;\n    background-image: -webkit-linear-gradient(#f89902, #e99002 6%, #da8702);\n    background-image: -o-linear-gradient(#f89902, #e99002 6%, #da8702);\n    background-image: -webkit-gradient(linear, left top, left bottom, from(#f89902), color-stop(6%, #e99002), to(#da8702));\n    background-image: linear-gradient(#f89902, #e99002 6%, #da8702);\n    background-repeat: no-repeat;\n    filter: progid:DXImageTransform.Microsoft.gradient(startColorstr='#fff89902', endColorstr='#ffda8702', GradientType=0);\n    -webkit-filter: none;\n    filter: none;\n    border: 1px solid #b67102;\n}\na.button:hover {\n    text-decoration: none;\n    color: #ddd;\n}\n.button.money-back {\n    position: relative;\n    margin: 25px!important;\n}\n.button.money-back:after {\n    position: absolute;\n    top: -18px;\n    right: -55px;\n    content: \"\";\n    background-image: url(https:\/\/www.tipard.de\/blog\/wp-content\/uploads\/2018\/07\/money-back.png);\n    background-repeat: no-repeat;\n    height: 72px;\n    width: 72px;\n    display: block;\n}<\/style>\n<p><!--noyarpp--><\/p>\n","protected":false},"excerpt":{"rendered":"<p>Tipard DVD Creator Tipard DVD Creator ist die beste L\u00f6sung f\u00fcr diejenigen, die aus Ihren Videos echte DVDs machen m\u00f6chten. Das Videoformat kann dabei MP4, AVI, MOV, WMV, FLV, MKV, VOB, MPEG, MTS, M2TS, TS usw. sein. Die erstellte DVD kann auf verschiedensten DVD Playern und Media Playern, als DVD Disk, Ordner oder ISO Image, [&hellip;]<\/p>\n","protected":false},"author":1,"featured_media":0,"parent":0,"menu_order":0,"comment_status":"closed","ping_status":"closed","template":"","meta":{"footnotes":""},"class_list":["post-6448","page","type-page","status-publish","hentry"],"_links":{"self":[{"href":"https:\/\/www.tipard.de\/blog\/wp-json\/wp\/v2\/pages\/6448","targetHints":{"allow":["GET"]}}],"collection":[{"href":"https:\/\/www.tipard.de\/blog\/wp-json\/wp\/v2\/pages"}],"about":[{"href":"https:\/\/www.tipard.de\/blog\/wp-json\/wp\/v2\/types\/page"}],"author":[{"embeddable":true,"href":"https:\/\/www.tipard.de\/blog\/wp-json\/wp\/v2\/users\/1"}],"replies":[{"embeddable":true,"href":"https:\/\/www.tipard.de\/blog\/wp-json\/wp\/v2\/comments?post=6448"}],"version-history":[{"count":2,"href":"https:\/\/www.tipard.de\/blog\/wp-json\/wp\/v2\/pages\/6448\/revisions"}],"predecessor-version":[{"id":6452,"href":"https:\/\/www.tipard.de\/blog\/wp-json\/wp\/v2\/pages\/6448\/revisions\/6452"}],"wp:attachment":[{"href":"https:\/\/www.tipard.de\/blog\/wp-json\/wp\/v2\/media?parent=6448"}],"curies":[{"name":"wp","href":"https:\/\/api.w.org\/{rel}","templated":true}]}}