{"id":593,"date":"2017-07-14T20:32:02","date_gmt":"2017-07-14T20:32:02","guid":{"rendered":"http:\/\/www.tipard.de\/blog\/?page_id=593"},"modified":"2017-08-17T11:05:24","modified_gmt":"2017-08-17T11:05:24","slug":"wie-sie-ein-backup-ihrer-android-daten-erstellen","status":"publish","type":"page","link":"https:\/\/www.tipard.de\/blog\/wie-sie-ein-backup-ihrer-android-daten-erstellen\/","title":{"rendered":"Wie Sie ein Backup Ihrer Android Daten erstellen"},"content":{"rendered":"<p><img loading=\"lazy\" decoding=\"async\" class=\"alignnone size-full wp-image-588\" src=\"http:\/\/www.tipard.de\/blog\/wp-content\/uploads\/2017\/07\/backup-android.jpg\" alt=\"\" width=\"600\" height=\"358\" srcset=\"https:\/\/www.tipard.de\/blog\/wp-content\/uploads\/2017\/07\/backup-android.jpg 600w, https:\/\/www.tipard.de\/blog\/wp-content\/uploads\/2017\/07\/backup-android-300x179.jpg 300w\" sizes=\"auto, (max-width: 600px) 100vw, 600px\" \/><br \/>\nDas Smartphone ist praktisch um Fotos, Kontakte, Nachrichten, Videos und andere Dateien aufzubewahren. Jedoch dr\u00e4ngt der begrenzte Speicherplatz dazu immer mehr Dateien zu l\u00f6schen oder gar nicht erst zu speichern. Dieses Problem sorgt f\u00fcr Kopfschmerzen, den es ist nicht gerade einfach zu l\u00f6sen. Doch wir bieten Ihnen hier einige L\u00f6sungen und zeigen, wie Sie Ihre Dateien auf dem Smartphone wieder genie\u00dfen k\u00f6nnen.<br \/>\n\u2022 Teil 1: Backup des Androids durch Tipard Phone Transfer<br \/>\n\u2022 Teil 2: Synchronisieren Sie Android mit Google Drive<br \/>\n\u2022 Teil 3: Kopieren Sie Android Fotos und Videos nach Google Fotos<\/p>\n<h2>Teil 1: Backup des Androids durch Tipard Phone Transfer<\/h2>\n<p>Tipard Phone Transfer ist eine m\u00e4chtige L\u00f6sung f\u00fcr Ihr Android Ger\u00e4t. Sie k\u00f6nnen nicht nur Daten von ihrem Android Ger\u00e4t auf den Computer kopieren, sondern die Dateien auch am Computer verwalten. Erfahren Sie hier mehr \u00fcber die L\u00f6sung.<br \/>\n\u2022 1. Tipard Phone Transfer unterst\u00fctzt jeden Typ von Android Ger\u00e4t, egal welche Marke.<br \/>\n\u2022 2. Android Daten k\u00f6nnen direkt mit anderen Ger\u00e4ten synchronisiert werden. Daf\u00fcr werden nur ein paar wenige, simple Schritte ben\u00f6tigt.<br \/>\n\u2022 3. Alle Daten werden nahtlos gespeichert, ob Musik, Videos, Fotos, Kontakte, Nachrichten usw.<br \/>\n\u2022 4. Android Benutzer k\u00f6nnen Daten auf iOS oder andere Android Ger\u00e4te \u00fcbertragen.<br \/>\n\u2022 5. Phone Transfer hat kein Limit der Gr\u00f6\u00dfe der Daten, sodas selbst gro\u00dfe Dateien schnell \u00fcbertragen werden.<br \/>\n\u2022 6. Damit ein Backup des Android Ger\u00e4ts erstellt werden kann ben\u00f6tigen Sie eine USB Verbindung, da diese sicherer als eine Internetverbindung ist. Sie brauchen sich also keine Sorgen um Datenverlust zu machen.<\/p>\n<h3>Wie Sie ein Backup des Androids mit <a href=\"http:\/\/www.tipard.de\/\">Tipard Phone Transfer<\/a> erstellen<\/h3>\n<p><a href=\"http:\/\/www.tipard.de\/\">Tipard Phone Transfer<\/a> erm\u00f6glicht es Ihnen Ihre Android Daten auf einem anderen Ger\u00e4t zu speichern. Wenn Sie die L\u00f6sung verwenden wollen, um ein Backup zu erstellen m\u00fcssen Sie sie zuerst auf Ihren Computer herunterladen und installieren.Jetzt m\u00fcssen Sie nur noch den folgenden Schritten folgen.<br \/>\n<img loading=\"lazy\" decoding=\"async\" class=\"alignnone size-full wp-image-590\" src=\"http:\/\/www.tipard.de\/blog\/wp-content\/uploads\/2017\/07\/interface.jpg\" alt=\"\" width=\"600\" height=\"402\" srcset=\"https:\/\/www.tipard.de\/blog\/wp-content\/uploads\/2017\/07\/interface.jpg 600w, https:\/\/www.tipard.de\/blog\/wp-content\/uploads\/2017\/07\/interface-300x201.jpg 300w\" sizes=\"auto, (max-width: 600px) 100vw, 600px\" \/><br \/>\n\u2022 1. \u00d6ffnen Sie <a href=\"http:\/\/www.tipard.de\/\">Tipard Phone Transfer <\/a>und verbinden beide Android Ger\u00e4te via USB Kabel mit dem Computer. Phone Transfer wird sie automatisch erkennen.<br \/>\n\u2022 2. Legen sie ein Ger\u00e4t als Quellenger\u00e4t aus und das andere als Back up Ger\u00e4t. Phone Transfer zeigt Ihnen jetzt die Daten der Ger\u00e4te.<br \/>\n<img loading=\"lazy\" decoding=\"async\" class=\"alignnone size-full wp-image-591\" src=\"http:\/\/www.tipard.de\/blog\/wp-content\/uploads\/2017\/07\/iphone-android.jpg\" alt=\"\" width=\"600\" height=\"402\" srcset=\"https:\/\/www.tipard.de\/blog\/wp-content\/uploads\/2017\/07\/iphone-android.jpg 600w, https:\/\/www.tipard.de\/blog\/wp-content\/uploads\/2017\/07\/iphone-android-300x201.jpg 300w\" sizes=\"auto, (max-width: 600px) 100vw, 600px\" \/><br \/>\n\u2022 3. Nach der Auswahl m\u00fcssen Sie Kopieren starten klicken, um die \u00dcbertragung zu starten. Jetzt k\u00f6nnen Sie das Backup des einen Ger\u00e4tes auf das andere speichern.<br \/>\n\u2022 4. Wenn der Vorgang abgeschlossen wurde k\u00f6nnen Sie Ihre Ger\u00e4te vom Computer trennen.<br \/>\n<img loading=\"lazy\" decoding=\"async\" class=\"alignnone size-full wp-image-592\" src=\"http:\/\/www.tipard.de\/blog\/wp-content\/uploads\/2017\/07\/start-copy.jpg\" alt=\"\" width=\"600\" height=\"558\" srcset=\"https:\/\/www.tipard.de\/blog\/wp-content\/uploads\/2017\/07\/start-copy.jpg 600w, https:\/\/www.tipard.de\/blog\/wp-content\/uploads\/2017\/07\/start-copy-300x279.jpg 300w\" sizes=\"auto, (max-width: 600px) 100vw, 600px\" \/><br \/>\nDieser Prozess nimmt nur wenig Zeit in Anspruch, je nach Datenmenge. Vergessen Sie nicht, dass Ihre Ger\u00e4te w\u00e4hrend des Vorgangs mit dem Computer verbunden sein m\u00fcssen, um ein erfolgreiches Backup zu erstellen. Wie Sie sehen ist das Backup mit Phone Transfer sehr einfach, jeder sollte den Vorgang verstehen und ausf\u00fchren k\u00f6nnen.<\/p>\n<h2>Teil 2: Synchronisieren Sie Android mit Google Drive<\/h2>\n<p>Ihre Daten in der Cloud zu speichern ist ein sicherer Weg, wenn Sie wenig Speicher haben oder merken, dass Ihr Ger\u00e4t kaputt geht. Google Drive ist ein sehr guter Cloud Speicher, welcher von Google entwickelt wurde. Die L\u00f6sung wurde zwar nicht speziell f\u00fcr Android erstellt, jedoch ist sie auf Smartphones sehr einfach zu benutzen. Um Google Drive zu benutzen m\u00fcssen Sie einen Gmail Account haben.<br \/>\n\u2022 1. Entsperren Sie Ihr Android Ger\u00e4t und und \u00f6ffnen Sie die Einstellungen.<br \/>\n<img loading=\"lazy\" decoding=\"async\" class=\"alignnone size-full wp-image-587\" src=\"http:\/\/www.tipard.de\/blog\/wp-content\/uploads\/2017\/07\/android-to-google-driver.jpg\" alt=\"\" width=\"600\" height=\"257\" srcset=\"https:\/\/www.tipard.de\/blog\/wp-content\/uploads\/2017\/07\/android-to-google-driver.jpg 600w, https:\/\/www.tipard.de\/blog\/wp-content\/uploads\/2017\/07\/android-to-google-driver-300x129.jpg 300w\" sizes=\"auto, (max-width: 600px) 100vw, 600px\" \/><br \/>\n\u2022 2. Finden Sie die Backup und Reset Option und \u00f6ffnen Sie sie.<br \/>\n\u2022 3. Sie werden nun nach dem PIN oder Passwort Ihres Android Handys gefragt.<br \/>\n\u2022 4. Nachdem Sie Ihr Passwort eingegeben haben k\u00f6nnen Sie die Android Backup Einstellungen ansehen. Erlauben Sie Datenbackup und automatisches wiederherstellen.<br \/>\n\u2022 5. Klicken Sie auf das Men\u00fc des Backups Account und geben ihre Gmail Emailadresse ein.<br \/>\n\u2022 6. Gehen Sie zur\u00fcck zu den Einstellungen und \u00f6ffnen dort Account.<br \/>\n<img loading=\"lazy\" decoding=\"async\" class=\"alignnone size-full wp-image-588\" src=\"http:\/\/www.tipard.de\/blog\/wp-content\/uploads\/2017\/07\/backup-android.jpg\" alt=\"\" width=\"600\" height=\"358\" srcset=\"https:\/\/www.tipard.de\/blog\/wp-content\/uploads\/2017\/07\/backup-android.jpg 600w, https:\/\/www.tipard.de\/blog\/wp-content\/uploads\/2017\/07\/backup-android-300x179.jpg 300w\" sizes=\"auto, (max-width: 600px) 100vw, 600px\" \/><br \/>\n\u2022 7. W\u00e4hlen sie Google im Account Men\u00fc aus und w\u00e4hlen Ihren Gmail Account. 8. Alle Daten, wie App Daten, Kalender, Chrome, Kontakte, Docs und Drive, werden unter Ihrem Gmail Account angezeigt.<br \/>\n\u2022 9. Jetzt wird Ihr Android ein Back Up in der Google Cloud ablegen, sobald Sie mit dem WLAN verbunden sind.<\/p>\n<h2>Teil 3: Kopieren Sie Android Fotos und Videos mit Google Fotos<\/h2>\n<p>Wie Sie sehen ist Google Cloud eine gute M\u00f6glichkeit Ihre Dateien zu speichern. Sie m\u00fcssen jedoch Fotos und Videos separat speichern. Google hat Google Fotos entwickelt, um Mediendateien zu speichern. Google Fotos ist eine kostenlose L\u00f6sung, mit der Sie unbegrenzt Dateien speichern k\u00f6nnen.<br \/>\n<img loading=\"lazy\" decoding=\"async\" class=\"alignnone size-full wp-image-589\" src=\"http:\/\/www.tipard.de\/blog\/wp-content\/uploads\/2017\/07\/copy-android-photos.jpg\" alt=\"\" width=\"600\" height=\"439\" srcset=\"https:\/\/www.tipard.de\/blog\/wp-content\/uploads\/2017\/07\/copy-android-photos.jpg 600w, https:\/\/www.tipard.de\/blog\/wp-content\/uploads\/2017\/07\/copy-android-photos-300x220.jpg 300w\" sizes=\"auto, (max-width: 600px) 100vw, 600px\" \/><br \/>\n\u2022 1. Downloaden und installieren Sie Google Fotos aus dem Google Playstore Ihres Android Handys.<br \/>\n\u2022 2. \u00d6ffnen Sie die App und melden sich mit Ihrem Gmail Account und Passwort an.<br \/>\n\u2022 3. \u00d6ffnen Sie die Einstellungen der App und erlauben Backup &amp; Sync Funktion.<br \/>\n\u2022 4. Google Fotos erlaubt es seinen Benutzern selber zu entscheiden, welche Dateien sie speichern wollen.<br \/>\n\u2022 5. Warten Sie einige Sekunden, damit das Backup abschlie\u00dfen kann. Je nach Dateimenge, kann dies l\u00e4nger oder k\u00fcrzer sein. Warten Sie einige Sekunden, je nach Dateimenge. Stellen Sie sicher, dass Sie w\u00e4hrend des gesamten Back Up Prozesses eine Internetverbindung haben.<\/p>\n<h3>Zusammenfassung<\/h3>\n<p>Neben den oben genannten Methoden um Backups von Ihrem Android Ger\u00e4t zu erstellen, gibt es nat\u00fcrlich noch viele weitere Wege und Apps, um ihre Dateien auf den Computer zu kopieren. Sie k\u00f6nnen daf\u00fcr tolle Apps aus dem Google Play Store herunterladen \u2013 zum Beipsiel Easy Backup &amp; Restore. Es ist eine kostenlose app f\u00fcr ungerootete Ger\u00e4te, mit der Sie Backups von Kontakten, Anrufverlaufen, Textnachrichten, Kalendern und Lesezeichen erstellen k\u00f6nnen. Falls ihr Ger\u00e4t gerootet ist k\u00f6nnen Sie Titanium verwenden und seine tollen Funktionen austesten.<br \/>\nGoogle Cloud Service erlaubt es den Benutzern Dateien durch eine Internetverbindung zu ynchronisieren. Ein Backup mit Tipard Phone Transfer zu erstellen scheint jedoch die einfachste Methode zu sein. Falls Sie noch Fragen oder Anregungen haben lassen Sie es uns gerne in den Kommentaren wissen.<\/p>\n","protected":false},"excerpt":{"rendered":"<p>Das Smartphone ist praktisch um Fotos, Kontakte, Nachrichten, Videos und andere Dateien aufzubewahren. Jedoch dr\u00e4ngt der begrenzte Speicherplatz dazu immer mehr Dateien zu l\u00f6schen oder gar nicht erst zu speichern. Dieses Problem sorgt f\u00fcr Kopfschmerzen, den es ist nicht gerade einfach zu l\u00f6sen. Doch wir bieten Ihnen hier einige L\u00f6sungen und zeigen, wie Sie Ihre [&hellip;]<\/p>\n","protected":false},"author":1,"featured_media":0,"parent":0,"menu_order":0,"comment_status":"closed","ping_status":"closed","template":"","meta":{"footnotes":""},"class_list":["post-593","page","type-page","status-publish","hentry"],"_links":{"self":[{"href":"https:\/\/www.tipard.de\/blog\/wp-json\/wp\/v2\/pages\/593","targetHints":{"allow":["GET"]}}],"collection":[{"href":"https:\/\/www.tipard.de\/blog\/wp-json\/wp\/v2\/pages"}],"about":[{"href":"https:\/\/www.tipard.de\/blog\/wp-json\/wp\/v2\/types\/page"}],"author":[{"embeddable":true,"href":"https:\/\/www.tipard.de\/blog\/wp-json\/wp\/v2\/users\/1"}],"replies":[{"embeddable":true,"href":"https:\/\/www.tipard.de\/blog\/wp-json\/wp\/v2\/comments?post=593"}],"version-history":[{"count":3,"href":"https:\/\/www.tipard.de\/blog\/wp-json\/wp\/v2\/pages\/593\/revisions"}],"predecessor-version":[{"id":689,"href":"https:\/\/www.tipard.de\/blog\/wp-json\/wp\/v2\/pages\/593\/revisions\/689"}],"wp:attachment":[{"href":"https:\/\/www.tipard.de\/blog\/wp-json\/wp\/v2\/media?parent=593"}],"curies":[{"name":"wp","href":"https:\/\/api.w.org\/{rel}","templated":true}]}}