{"id":506,"date":"2017-07-14T19:53:19","date_gmt":"2017-07-14T19:53:19","guid":{"rendered":"http:\/\/www.tipard.de\/blog\/?page_id=506"},"modified":"2017-08-17T10:56:00","modified_gmt":"2017-08-17T10:56:00","slug":"wie-man-den-android-wiederherstellungsmodus-nutzen-kann-um-das-android-samsung-galaxy-zu-reparieren","status":"publish","type":"page","link":"https:\/\/www.tipard.de\/blog\/wie-man-den-android-wiederherstellungsmodus-nutzen-kann-um-das-android-samsung-galaxy-zu-reparieren\/","title":{"rendered":"Wie man den Android Wiederherstellungsmodus nutzen kann, um das Android Samsung Galaxy zu reparieren"},"content":{"rendered":"<p><img loading=\"lazy\" decoding=\"async\" class=\"alignnone size-full wp-image-499\" src=\"http:\/\/www.tipard.de\/blog\/wp-content\/uploads\/2017\/07\/android-recovery-mode.jpg\" alt=\"\" width=\"600\" height=\"338\" srcset=\"https:\/\/www.tipard.de\/blog\/wp-content\/uploads\/2017\/07\/android-recovery-mode.jpg 600w, https:\/\/www.tipard.de\/blog\/wp-content\/uploads\/2017\/07\/android-recovery-mode-300x169.jpg 300w\" sizes=\"auto, (max-width: 600px) 100vw, 600px\" \/><br \/>\nWas sollten Sie tun, wenn Ihr Android Handy oder Tablet nicht richtig arbeitet? Sie k\u00f6nnen den Android Wiederherstellungsmodus nutzen. Dieser Modus bietet Ihnen einige zus\u00e4tzliche Optionen, die Sie auf Android Ger\u00e4ten nutzen k\u00f6nnen. Sie k\u00f6nnen manuell Systemupdates installieren, Daten loschen, auf Werkseinstellungen zur\u00fccksetzen Cache entfernen. Dieser Artikel zeigt Ihnen die Methoden wie Sie den Android Wiederherstellungsmodus nutzen k\u00f6nnen, um Ihre Probleme mit Android zu l\u00f6sen.<br \/>\n\u2022 Teil 1. Den Wiederherstellungsmodus auf einem Samsung Smartphone aktivieren<br \/>\n\u2022 Teil 2. Android Wiederherstellungsmodus Optionen<br \/>\n\u2022 Teil 3. Den Wiederherstellungsmodus mit ADB betreten<br \/>\n\u2022 Teil 4. Dateien zur\u00fcckholen in dem Android Wiederherstellungsmodus<\/p>\n<h2>Teil 1. Den Wiederherstellungsmodus auf einem Samsung Smartphone aktivieren<\/h2>\n<p>Wenn Sie den Wiederherstellungsmodus auf Ihrem Android Smartphone aktivieren wollen, dann sollten Sie wissen, dass dies je nach Marke unterschiedlich sein kann. Die Samsung Galaxy Serie bietet Ihnen verschiedene Schritte, um den Wiederherstellungsmodus zu \u00f6ffnen.<br \/>\n<img loading=\"lazy\" decoding=\"async\" class=\"alignnone size-full wp-image-502\" src=\"http:\/\/www.tipard.de\/blog\/wp-content\/uploads\/2017\/07\/boot-into-recovery-mode.jpg\" alt=\"\" width=\"600\" height=\"375\" srcset=\"https:\/\/www.tipard.de\/blog\/wp-content\/uploads\/2017\/07\/boot-into-recovery-mode.jpg 600w, https:\/\/www.tipard.de\/blog\/wp-content\/uploads\/2017\/07\/boot-into-recovery-mode-300x188.jpg 300w\" sizes=\"auto, (max-width: 600px) 100vw, 600px\" \/><br \/>\n\u2022 1. Halten Sie den <strong>Power<\/strong> Knopf gedr\u00fcckt und w\u00e4hlen Sie dann die <strong>Ausschalten<\/strong> Option, um das Handy auszuschalten. Sie sollten den Power Knopf mehrere Minuten halten bis das Ger\u00e4t ausgeschaltet ist.<br \/>\n\u2022 2. Dr\u00fccken und halten Sie den <strong>Power<\/strong> Knopf, <strong>Volume<\/strong>+ und <strong>Home<\/strong> Button gleichzeitig bis sich der Wiederherstellungsmodus auf dem Android Ger\u00e4t einschaltet.<br \/>\n\u2022 3. Danach k\u00f6nnen Sie <strong>Reboot System jetzt<\/strong> auf dem Samsung Smartphone w\u00e4hlen. Jetzt k\u00f6nnen Sie Ihr Problem mit dem Android Handy im Wiederherstellungsmodus l\u00f6sen.<br \/>\nWenn es seine Fehlermeldung gibt oder sich das Handy aufh\u00e4ngt und immer wieder neu startet, dann k\u00f6nnen Sie in den Wiederherstellungsmodus gehen, um das Problem zu l\u00f6sen.<\/p>\n<h2>Teil 2. Android Wiederherstellungsmodus Optionen<\/h2>\n<p>Sobald Sie den Wiederherstellungsmodus betreten, k\u00f6nnen Sie dort einige Standards w\u00e4hlen. Wenn Sie nicht durch die verschiedenen Wiederherstellungsmodus-Optionen navigieren m\u00fcssen, dann nutzen Sie den <strong>Volume<\/strong> + Knopf, um den Pfeil zu bewegen und <strong>Volume<\/strong> \u2013 Knopf, um das auszuw\u00e4hlen. Erfahren Sie hier mehr \u00fcber die Wiederherstellungsmodus-Optionen.<br \/>\n<img loading=\"lazy\" decoding=\"async\" class=\"alignnone size-full wp-image-500\" src=\"http:\/\/www.tipard.de\/blog\/wp-content\/uploads\/2017\/07\/android-recovery-mode-options.jpg\" alt=\"\" width=\"600\" height=\"300\" srcset=\"https:\/\/www.tipard.de\/blog\/wp-content\/uploads\/2017\/07\/android-recovery-mode-options.jpg 600w, https:\/\/www.tipard.de\/blog\/wp-content\/uploads\/2017\/07\/android-recovery-mode-options-300x150.jpg 300w\" sizes=\"auto, (max-width: 600px) 100vw, 600px\" \/><br \/>\n1. <strong>System jetzt neustarten<\/strong>. Als die Methode, die viele Probleme l\u00f6sen kann, k\u00f6nnen Sie einfach das System neustarten und sicherstellen, dass Ihr Android Ger\u00e4t wie gewohnt funktioniert. Versuchen Sie diese L\u00f6sung, wenn Sie nicht genau wissen wie Sie das Problem l\u00f6sen k\u00f6nnen.<br \/>\n2. <strong>Update von ADB einsetzen<\/strong>. Die Android Debug Bridge erlaubt es Ihnen Ihr Handy mit dem PC zu verbinden und Anweisungen von dort aus zu erteilen. Es wurde f\u00fcr Entwickler erstellt und Sie m\u00fcssen Android SDK installiert haben.<br \/>\n3. <strong>Daten l\u00f6schen\/ auf Werkseinstellungen zur\u00fcck setzen<\/strong>. Alle Ihre Daten werden entfernt, inklusive Fotos, Videos, Musikdateien, Apps und alles weitere und das Handy wird auf die Werkseinstellungen zur\u00fcckgesetzt. Sie sollten es dann wie ein neues Ger\u00e4t einrichten.<br \/>\n4. <strong>Cache-Partition wegwischen<\/strong>. Diese Methode wird die tempor\u00e4ren Systemdaten l\u00f6schen, meist verbunden mit App Installationen ohne einen Verlust an pers\u00f6nlichen Daten und Einstellungen.<br \/>\nNat\u00fcrlich gibt es auch andere Typen des Android Wiederherstellungsmodus, wie ein Update von der SD Karte und so weiter. Weitere M\u00f6glichkeiten sind Backups und Wiederherstellungen. Zus\u00e4tzlich k\u00f6nnen Sie Updates aktivieren, die im normalen Modus nicht angenommen wurden.<\/p>\n<h2>Teil 3. Den Wiederherstellungsmodus mit ADB betreten<\/h2>\n<p><strong>Update von ADB einsetzen<\/strong> im Android Wiederherstellungsmodus ist die L\u00f6sung, auf die Sie direkt zugreifen k\u00f6nnen mit der oben genannten App. Sie ben\u00f6tigen keine Tastenkombination oder anderes.<br \/>\n<img loading=\"lazy\" decoding=\"async\" class=\"alignnone size-full wp-image-504\" src=\"http:\/\/www.tipard.de\/blog\/wp-content\/uploads\/2017\/07\/enter-recovery-mode-with-adb.jpg\" alt=\"\" width=\"600\" height=\"440\" srcset=\"https:\/\/www.tipard.de\/blog\/wp-content\/uploads\/2017\/07\/enter-recovery-mode-with-adb.jpg 600w, https:\/\/www.tipard.de\/blog\/wp-content\/uploads\/2017\/07\/enter-recovery-mode-with-adb-300x220.jpg 300w\" sizes=\"auto, (max-width: 600px) 100vw, 600px\" \/><br \/>\n\u2022 1. Stellen Sie sicher, dass ADB und Fastboot auf Ihrem PC konfiguriert sind.<br \/>\n\u2022 2. Verbinden Sie dann Android und PC mit einem USB Kabel und installieren Sie ADB Treiber.<br \/>\n\u2022 3. Navigieren Sie zu direkt zu android-sdk-windows\\platform-tools und \u00f6ffnen Sie <strong>Command Prompt<\/strong> (Shit + Rechtsklick irgendwo im Ordner &gt; Open Command Prompt).<br \/>\n\u2022 4. Geben Sie folgenden Befehl ein und klicken dann auf Enter.<br \/>\n\u2022 5. Danach wird das Android Ger\u00e4t sich ausschalten und in den Android Wiederherstellungsmodus gehen. Navigieren Sie hoch und runter \u00fcber die Lautst\u00e4rke-Kn\u00f6pfe.<\/p>\n<h2>Teil 4. Dateien zur\u00fcckholen in dem Android Wiederherstellungsmodus<\/h2>\n<p>Wenn Sie einige Daten verlieren, dann k\u00f6nnen Sie den Wiederherstellungsmodus nutzen, um diese zur\u00fcck zu holen. <a href=\"http:\/\/www.tipard.de\/\">Android Data Recovery<\/a> ist die beste L\u00f6sung, um verlorene oder gel\u00f6schte Daten im Android Wiederherstellungsmodus zur\u00fcck zu holen. Lernen Sie hier mehr \u00fcber das exzellente Programm <a href=\"http:\/\/www.tipard.de\/\">Tipard Android Data Recovery<\/a>.<br \/>\n<img loading=\"lazy\" decoding=\"async\" class=\"alignnone size-full wp-image-507\" src=\"http:\/\/www.tipard.de\/blog\/wp-content\/uploads\/2017\/07\/tp-android-data-recovery.jpg\" alt=\"\" width=\"600\" height=\"380\" srcset=\"https:\/\/www.tipard.de\/blog\/wp-content\/uploads\/2017\/07\/tp-android-data-recovery.jpg 600w, https:\/\/www.tipard.de\/blog\/wp-content\/uploads\/2017\/07\/tp-android-data-recovery-300x190.jpg 300w\" sizes=\"auto, (max-width: 600px) 100vw, 600px\" \/><br \/>\n\u2022 1. Verlorene und gel\u00f6schte Kontakte, Nachrichten, Fotos, Videos und Audiodateien wiederherstellen vom Android Handy oder auch der SD Karte. Sie haben die M\u00f6glichkeit die Dateien zur\u00fcckzuholen, auch wenn Sie im Android Wiederherstellungsmodus sind.<br \/>\n\u2022 2. Unterst\u00fctzt Samsung, HTC, LG, Sony, Motorola und andere verschiedene Android Ger\u00e4te, inklusive der Operationssysteme Android OS 2.1 oder dar\u00fcber.<br \/>\n\u2022 3. Sie haben die M\u00f6glichkeit eine Vorschau auf die zur Wiederherstellung ausgew\u00e4hlten Dateien zu erhalten.<br \/>\n\u2022 4. Es ist eine sehr effiziente Methode, um gel\u00f6schte und verlorene Daten wiederherzustellen. Das Programm wird die vollst\u00e4ndige Wiederherstellung in hoher Datenqualit\u00e4t ausf\u00fchren.<\/p>\n<h3>Wie man Daten aus dem Android Wiederherstellungsmodus zur\u00fcck holt<\/h3>\n<p><a href=\"http:\/\/www.tipard.de\/\">Tipard Android Data Recovery<\/a> ist eine einfache Software, um Ihnen zu helfen gel\u00f6schte und verlorene Daten aus dem Android Wiederherstellungsmodus wiederherzustellen. Hier ist der detaillierte Prozess zur Datenwiederhertsellung.<br \/>\n1. Laden Sie die neuste Version von <a href=\"http:\/\/www.tipard.de\/\">Android Data Recovery<\/a> herunter und installieren Sie sie. Es sind Windows und Mac Versionen verf\u00fcgbar. Sie k\u00f6nnen das Programm starten, um Ihre Android Daten zur\u00fcck zu holen.<br \/>\n2. Verbinden Sie das Android Handy mit dem Computer und starten Sie die Software Android Data Recovery. Das Programm wird das Android Ger\u00e4t erkennen.<br \/>\n3. \u00d6ffnen Sie den USB Debugging Mode, um das Android Ger\u00e4t zu autorisieren. Die Android Dateiwiederherstellung wird die Android Version erkennen und Ihnen anzeigen wie Sie den USB Debugging Modus auf dem Hauptinterface \u00f6ffnen k\u00f6nnen.<br \/>\n<img loading=\"lazy\" decoding=\"async\" class=\"alignnone size-full wp-image-501\" src=\"http:\/\/www.tipard.de\/blog\/wp-content\/uploads\/2017\/07\/authorize-android.jpg\" alt=\"\" width=\"600\" height=\"432\" srcset=\"https:\/\/www.tipard.de\/blog\/wp-content\/uploads\/2017\/07\/authorize-android.jpg 600w, https:\/\/www.tipard.de\/blog\/wp-content\/uploads\/2017\/07\/authorize-android-300x216.jpg 300w\" sizes=\"auto, (max-width: 600px) 100vw, 600px\" \/><br \/>\n4.W\u00e4hlen Sie die Dateitypen, die Sie wiederherstellen wollen. Sie k\u00f6nnen gel\u00f6schte und verlorene Daten wiederfinden, wie Kontakte, Nachrichten, Anruferlisten, Fotos und andere Dokumente. Danach klicken Sie auf weiter, um die Daten auf dem Ger\u00e4t zu scannen.<br \/>\n<img loading=\"lazy\" decoding=\"async\" class=\"alignnone size-full wp-image-503\" src=\"http:\/\/www.tipard.de\/blog\/wp-content\/uploads\/2017\/07\/choose-data.jpg\" alt=\"\" width=\"600\" height=\"380\" srcset=\"https:\/\/www.tipard.de\/blog\/wp-content\/uploads\/2017\/07\/choose-data.jpg 600w, https:\/\/www.tipard.de\/blog\/wp-content\/uploads\/2017\/07\/choose-data-300x190.jpg 300w\" sizes=\"auto, (max-width: 600px) 100vw, 600px\" \/><br \/>\n5. Wiederherstellen der Daten im Android Wiederherstellungsmodus. Nach dem Scan werden die Dateitypen im Detail aufgelistet. Eine Vorschau und ein \u00dcberpr\u00fcfen der Dateien ist jetzt m\u00f6glich. Klicken Sie dann auf den Wiederherstellungsknopf, um den Prozess fortzusetzen.<br \/>\n<img loading=\"lazy\" decoding=\"async\" class=\"alignnone size-full wp-image-505\" src=\"http:\/\/www.tipard.de\/blog\/wp-content\/uploads\/2017\/07\/recover-data.jpg\" alt=\"\" width=\"600\" height=\"380\" srcset=\"https:\/\/www.tipard.de\/blog\/wp-content\/uploads\/2017\/07\/recover-data.jpg 600w, https:\/\/www.tipard.de\/blog\/wp-content\/uploads\/2017\/07\/recover-data-300x190.jpg 300w\" sizes=\"auto, (max-width: 600px) 100vw, 600px\" \/><br \/>\nWenn Sie Probleme mit Android Ger\u00e4ten haben, dann k\u00f6nnen Sie den Android Wiederherstellungsmodus nutzen, um einige zu l\u00f6sen. Die verschiedenen Modi bieten Ihnen unterschiedliche Probleml\u00f6sungen. Dieser Modus ist auch hilfreich, wenn Sie verlorene Daten wiederherstellen wollen. Dazu k\u00f6nnen Sie die Tipard Android Data Recovery Software nutzen. Hinterlassen Sie uns gerne einen Kommentar, wir werden Ihnen so schnell wie m\u00f6glich antworten.<\/p>\n","protected":false},"excerpt":{"rendered":"<p>Was sollten Sie tun, wenn Ihr Android Handy oder Tablet nicht richtig arbeitet? Sie k\u00f6nnen den Android Wiederherstellungsmodus nutzen. Dieser Modus bietet Ihnen einige zus\u00e4tzliche Optionen, die Sie auf Android Ger\u00e4ten nutzen k\u00f6nnen. Sie k\u00f6nnen manuell Systemupdates installieren, Daten loschen, auf Werkseinstellungen zur\u00fccksetzen Cache entfernen. Dieser Artikel zeigt Ihnen die Methoden wie Sie den Android [&hellip;]<\/p>\n","protected":false},"author":1,"featured_media":0,"parent":0,"menu_order":0,"comment_status":"closed","ping_status":"closed","template":"","meta":{"footnotes":""},"class_list":["post-506","page","type-page","status-publish","hentry"],"_links":{"self":[{"href":"https:\/\/www.tipard.de\/blog\/wp-json\/wp\/v2\/pages\/506","targetHints":{"allow":["GET"]}}],"collection":[{"href":"https:\/\/www.tipard.de\/blog\/wp-json\/wp\/v2\/pages"}],"about":[{"href":"https:\/\/www.tipard.de\/blog\/wp-json\/wp\/v2\/types\/page"}],"author":[{"embeddable":true,"href":"https:\/\/www.tipard.de\/blog\/wp-json\/wp\/v2\/users\/1"}],"replies":[{"embeddable":true,"href":"https:\/\/www.tipard.de\/blog\/wp-json\/wp\/v2\/comments?post=506"}],"version-history":[{"count":3,"href":"https:\/\/www.tipard.de\/blog\/wp-json\/wp\/v2\/pages\/506\/revisions"}],"predecessor-version":[{"id":684,"href":"https:\/\/www.tipard.de\/blog\/wp-json\/wp\/v2\/pages\/506\/revisions\/684"}],"wp:attachment":[{"href":"https:\/\/www.tipard.de\/blog\/wp-json\/wp\/v2\/media?parent=506"}],"curies":[{"name":"wp","href":"https:\/\/api.w.org\/{rel}","templated":true}]}}