{"id":5030,"date":"2024-08-28T12:36:29","date_gmt":"2024-08-28T12:36:29","guid":{"rendered":"https:\/\/www.tipard.de\/blog\/?page_id=5030"},"modified":"2024-09-09T09:47:19","modified_gmt":"2024-09-09T09:47:19","slug":"za_pcw_mpw8dmxb","status":"publish","type":"page","link":"https:\/\/www.tipard.de\/blog\/za_pcw_mpw8dmxb\/","title":{"rendered":"Magazin Registrierung: Tipard Screen Capture (1-Jahreslizenz) &#8211; PC-Welt 12\/24"},"content":{"rendered":"<div style=\"display: flex;\">\n<p><img loading=\"lazy\" decoding=\"async\" class=\"alignnone size-full wp-image-1585\" style=\"width: 193px!important; min-width: 193px; height: 300px; margin-right: 15px; border: 1px solid #0080C0;\" src=\"http:\/\/www.tipard.de\/blog\/wp-content\/uploads\/2018\/10\/BRS000142-PMTPSC18_Boxshot_2D.jpg\" alt=\"\" width=\"639\" height=\"1000\" \/><\/p>\n<div style=\"width: 100%;\">\n<h2 style=\"text-align: left;\">Tipard Screen Capture<\/h2>\n<p style=\"text-align: left;\">Das einfachste Programm f\u00fcr Bildschirmaufnahmen und Video\/Audio<\/p>\n<ul style=\"padding: 0 0 0 35px!important;\">\n<li style=\"list-style: disc!important;\">Online Videos und Bildschirmfenster in h\u00f6chster Qualit\u00e4t aufnehmen<\/li>\n<li style=\"list-style: disc!important;\">Bildschirmgr\u00f6\u00dfe einfach anpassen<\/li>\n<li style=\"list-style: disc!important;\">Audiodateien aufnehmen und in 100% Originalqualit\u00e4t speichern<\/li>\n<li style=\"list-style: disc!important;\">Vorschau der aufgenommenen Bilder und Videos anzeigen<\/li>\n<li style=\"list-style: disc!important;\">Das aufgenommene Videos auf dem Computer speichern<\/li>\n<\/ul>\n<\/div>\n<\/div>\n<p style=\"text-align: center; font-weight: bold;\">F\u00fcllen Sie das untenstehende Formular aus um Ihren kostenlosen 1-Jahres Lizenzschl\u00fcssel zu erhalten!<\/p>\n<div style=\"display: flex;\">\n<div>\n<br \/>\n<script src='https:\/\/www.google.com\/recaptcha\/api.js'><\/script><style>.promo { width: 400px; margin: 0 auto; } .promo input, .promo button { padding: 0 5px; display: block; width: 100%; margin-bottom: 15px;} .promo input[type=\"checkbox\"] { display: inline-block; width: auto; margin-bottom: 0;} .promo .checkbox {margin-bottom: 15px;}<\/style><form class=\"promo\" action=\"\/blog\/wp-json\/wp\/v2\/pages\/5030\" method=\"post\">Vorname:<br \/><input type=\"text\" name=\"promo_firstName\" placeholder=\"Vorname\" \/>Nachname:<br \/><input type=\"text\" name=\"promo_lastName\" placeholder=\"Nachname\" \/>E-Mail:<br \/><input type=\"text\" name=\"promo_eMail\" placeholder=\"Ihre E-Mail Adresse\" \/><small style=\"display: block; margin-bottom: 15px;\">Diese Aktion wird bereitgestellt von unserem Partner PohlMedia Distribution UG (haftungsbeschr&auml;nkt). Es gelten die <a href=\"http:\/\/www.pohlmedia-distribution.de\/sbc\/index.html\" style=\"color: blue;\">AGB<\/a> und die <a href=\"http:\/\/www.pohlmedia-distribution.de\/privacy\/index.html\" style=\"color: blue;\">Datenschutzrichtlinien<\/a> der PohlMedia Distribution UG (haftungsbeschr&auml;nkt).<\/small><div class=\"checkbox\"><input type=\"checkbox\" name=\"promo_datenschutz\" id=\"promo_datenschutz\" \/> <label for=\"promo_datenschutz\" style=\"font-size: 85%;\">Ich habe die <a href=\"http:\/\/www.pohlmedia-distribution.de\/privacy\/index.html\" style=\"color: blue;\">Datenschutzerkl\u00e4rung<\/a> gelesen und akzeptiert<\/label><br \/><\/div><style>.g-recaptcha>div{width:auto!important; text-align: center; margin-bottom: 5px;}<\/style><div class=\"g-recaptcha\" data-sitekey=\"6LfQiXQUAAAAAADqSd3Q2hhQGgW7cPPt5OIJIqbX\" style=\"margin-top: 5px;\"><\/div><button type=\"submit\" name=\"promo_action\">Absenden<\/button><\/form><br \/>\n\n<\/div>\n<div style=\"margin-left: 25px;\">\n<div style=\"display: flex; border: 1px solid #306eff; background-color: rgba(45,110,255,0.6); color: #fff; min-height: 200px; padding: 5px; border-right: 1px solid #306eff; margin: 0 auto;\">\n<p><img loading=\"lazy\" decoding=\"async\" class=\"alignnone size-full wp-image-1552\" style=\"width: 193px!important; min-width: 193px; height: 300px; border: 1px solid #0db1ee; margin-right: 15px;\" src=\"http:\/\/www.tipard.de\/blog\/wp-content\/uploads\/2020\/05\/Tiparrd-Video-Converrter-Ultimate.png\" alt=\"\" width=\"1000\" height=\"1000\" \/><\/p>\n<div>\n<h2 style=\"text-align: left; color: #ff0000; padding-top: 0px;\">Sonderangebot -40% Rabatt!<\/h2>\n<h2 style=\"text-align: left; color: #fff; padding-top: 0px;\">Tipard Video Converter Ultimate 10<\/h2>\n<p style=\"text-align: left; color: #fff;\">Sichern Sie sich den Premium-Video-Converter zum reduzierten Preis: Tipard Video Converter Ultimate 10 ist der High-End-VideoConverter von Tipard. Sie haben folgende Vorteile:<\/p>\n<ul>\n<li style=\"color: #fff;\">\u2022 Lifetime Lizenz f\u00fcr lebenslange Nutzung<\/li>\n<li style=\"color: #fff;\">\u2022 4K Ultra HD Videos, 1080p HD und SD Videos konvertieren<\/li>\n<li style=\"color: #fff;\">\u2022 DVD in MP4 oder MKV verlustfrei rippen\/konvertieren<\/li>\n<li style=\"color: #fff;\">\u2022 DVD\/Video in MP4, MOV, M4V, AVI, WMV f\u00fcr das volle HD- und 3D-Erlebnis umwandeln<\/li>\n<li style=\"color: #fff;\">\u2022 Inkl. Videobearbeitung mit Effekten, Filtern, Freistellen, Untertiteln u.v.m.<\/li>\n<\/ul>\n<p><span style=\"color: darkred;\">Nur 30,00 EUR <small>inkl. MwSt<\/small> statt <s>49,99 EUR<\/s><\/span><br \/>\n<a class=\"button orange money-back\" href=\"https:\/\/secure.2checkout.com\/order\/checkout.php?PRODS=4656101&amp;QTY=1&amp;OPTIONS4656101=LFT&amp;CART=1&amp;CARD=1&amp;SHORT_FORM=1&amp;COUPON=TIPERZIN\">Jetzt Kaufen<\/a><\/p>\n<\/div>\n<\/div>\n<\/div>\n<\/div>\n<style>\na.button.orange {<br \/>    color: #fff;<br \/>    font-family: 'TitilliumText22LRegular', sans-serif;<br \/>    font-size:18px;<br \/>    -webkit-border-radius: 5px;<br \/>    -moz-border-radius: 5px;<br \/>    border-radius: 5px;<br \/>    display: inline-block;<br \/>    padding: 5px 20px;<br \/>    line-height:1.0;<br \/>    margin-bottom: 5px;<br \/>    background-image: -webkit-linear-gradient(#f89902, #e99002 6%, #da8702);<br \/>    background-image: -o-linear-gradient(#f89902, #e99002 6%, #da8702);<br \/>    background-image: -webkit-gradient(linear, left top, left bottom, from(#f89902), color-stop(6%, #e99002), to(#da8702));<br \/>    background-image: linear-gradient(#f89902, #e99002 6%, #da8702);<br \/>    background-repeat: no-repeat;<br \/>    filter: progid:DXImageTransform.Microsoft.gradient(startColorstr='#fff89902', endColorstr='#ffda8702', GradientType=0);<br \/>    -webkit-filter: none;<br \/>    filter: none;<br \/>    border: 1px solid #b67102;<br \/>}<br \/>a.button:hover {<br \/>    text-decoration: none;<br \/>    color: #ddd;<br \/>}<br \/>.button.money-back {<br \/>    position: relative;<br \/>    margin: 25px!important;<br \/>}<br \/>.button.money-back:after {<br \/>    position: absolute;<br \/>    top: -18px;<br \/>    right: -55px;<br \/>    content: \"\";<br \/>    background-image: url(http:\/\/www.tipard.de\/blog\/wp-content\/uploads\/2018\/07\/money-back.png);<br \/>    background-repeat: no-repeat;<br \/>    height: 72px;<br \/>    width: 72px;<br \/>    display: block;<br \/>}<\/style>\n<p><!--noyarpp--><\/p>\n","protected":false},"excerpt":{"rendered":"<p>Tipard Screen Capture Das einfachste Programm f\u00fcr Bildschirmaufnahmen und Video\/Audio Online Videos und Bildschirmfenster in h\u00f6chster Qualit\u00e4t aufnehmen Bildschirmgr\u00f6\u00dfe einfach anpassen Audiodateien aufnehmen und in 100% Originalqualit\u00e4t speichern Vorschau der aufgenommenen Bilder und Videos anzeigen Das aufgenommene Videos auf dem Computer speichern F\u00fcllen Sie das untenstehende Formular aus um Ihren kostenlosen 1-Jahres Lizenzschl\u00fcssel zu erhalten! [&hellip;]<\/p>\n","protected":false},"author":1,"featured_media":0,"parent":0,"menu_order":0,"comment_status":"closed","ping_status":"closed","template":"","meta":{"footnotes":""},"class_list":["post-5030","page","type-page","status-publish","hentry"],"_links":{"self":[{"href":"https:\/\/www.tipard.de\/blog\/wp-json\/wp\/v2\/pages\/5030","targetHints":{"allow":["GET"]}}],"collection":[{"href":"https:\/\/www.tipard.de\/blog\/wp-json\/wp\/v2\/pages"}],"about":[{"href":"https:\/\/www.tipard.de\/blog\/wp-json\/wp\/v2\/types\/page"}],"author":[{"embeddable":true,"href":"https:\/\/www.tipard.de\/blog\/wp-json\/wp\/v2\/users\/1"}],"replies":[{"embeddable":true,"href":"https:\/\/www.tipard.de\/blog\/wp-json\/wp\/v2\/comments?post=5030"}],"version-history":[{"count":4,"href":"https:\/\/www.tipard.de\/blog\/wp-json\/wp\/v2\/pages\/5030\/revisions"}],"predecessor-version":[{"id":5398,"href":"https:\/\/www.tipard.de\/blog\/wp-json\/wp\/v2\/pages\/5030\/revisions\/5398"}],"wp:attachment":[{"href":"https:\/\/www.tipard.de\/blog\/wp-json\/wp\/v2\/media?parent=5030"}],"curies":[{"name":"wp","href":"https:\/\/api.w.org\/{rel}","templated":true}]}}