{"id":433,"date":"2017-07-14T19:10:07","date_gmt":"2017-07-14T19:10:07","guid":{"rendered":"http:\/\/www.tipard.de\/blog\/?page_id=433"},"modified":"2017-08-15T14:55:35","modified_gmt":"2017-08-15T14:55:35","slug":"fotos-vom-iphone-effizient-auf-den-mac-ubertragen","status":"publish","type":"page","link":"https:\/\/www.tipard.de\/blog\/fotos-vom-iphone-effizient-auf-den-mac-ubertragen\/","title":{"rendered":"Fotos vom iPhone effizient auf den Mac \u00fcbertragen"},"content":{"rendered":"<p><img loading=\"lazy\" decoding=\"async\" class=\"alignnone size-full wp-image-436\" src=\"http:\/\/www.tipard.de\/blog\/wp-content\/uploads\/2017\/07\/download-iphone-photos.jpg\" alt=\"\" width=\"600\" height=\"294\" srcset=\"https:\/\/www.tipard.de\/blog\/wp-content\/uploads\/2017\/07\/download-iphone-photos.jpg 600w, https:\/\/www.tipard.de\/blog\/wp-content\/uploads\/2017\/07\/download-iphone-photos-300x147.jpg 300w\" sizes=\"auto, (max-width: 600px) 100vw, 600px\" \/><br \/>\nBevor Sie Fotos von Ihrem iPhone auf den Mac \u00fcbertragen, sollten Sie den Grund daf\u00fcr kennen. Um Speicher auf Ihrem iPhone 7 zu sparen ist Airdrop nicht immer die beste L\u00f6sung. Au\u00dferdem k\u00f6nnte es schwierig werden alle Fotos zu \u00fcbertragen, mit weniger als 5GB Speicherplatz. Was ist also die effizienteste Methode um Fotos vom iPhone auf den Mac zu \u00fcbertragen? Lesen Sie weiter, um es herauszufinden.<\/p>\n<h2>Wie Sie mit <a href=\"http:\/\/www.tipard.de\/mac-iphone-transfer\/\">Tipard iPhone Transfer<\/a> Fotos vom iPhone auf den Mac \u00fcbertragen<\/h2>\n<p>Um Fotos vom iPhone auf den Mac zu \u00fcbertragen ist <a href=\"http:\/\/www.tipard.de\/mac-iphone-transfer\/\">Tipard iPhone Transfer <\/a>f\u00fcr Mac die beste L\u00f6sung. Es ist ein m\u00e4chtiges Transfer Tool um Fotos zwischen dem iPhone und dem Mac zu synchronisieren.<br \/>\n<div class=\"article-steps\"><br \/>\n<div class=\"article-step\"><div class=\"context\"><h3><span class=\"stepShield\">Schritt 1<\/span>\u00d6ffnen Sie Tipard iPhone Transfer f\u00fcr Mac<\/h3><br \/>\n<a href=\"http:\/\/www.tipard.de\/mac-iphone-transfer\/\">Tipard iPhone Transfer<\/a> ist kompatibel mit Mac OS 10.6 oder h\u00f6heren Versionen, inklusive Mac OS Sierra. Sobald Sie die L\u00f6sung ge\u00f6ffnet haben k\u00f6nnen Sie Ihr iPhone mithilfe eines USB Kabels mit dem Mac verbinden.<\/div><img loading=\"lazy\" decoding=\"async\" width=\"400\" height=\"282\" src=\"https:\/\/www.tipard.de\/blog\/wp-content\/uploads\/2017\/07\/tp-connect-iphone.jpg\" class=\"preview\" alt=\"\u00d6ffnen Sie Tipard iPhone Transfer f\u00fcr Mac\" srcset=\"https:\/\/www.tipard.de\/blog\/wp-content\/uploads\/2017\/07\/tp-connect-iphone.jpg 600w, https:\/\/www.tipard.de\/blog\/wp-content\/uploads\/2017\/07\/tp-connect-iphone-300x212.jpg 300w\" sizes=\"auto, (max-width: 400px) 100vw, 400px\" \/><\/div><\/p>\n<div class=\"article-step reverse\"><div class=\"context\"><h3><span class=\"stepShield\">Schritt 2<\/span>W\u00e4hlen Sie die gew\u00fcnschten Fotos von Ihrem iPhone aus<\/h3><br \/>\nW\u00e4hlen Sie die gew\u00fcnschten Fotos auf der linken Seite der Oberfl\u00e4che aus. Anschlie\u00dfend k\u00f6nnen Sie die Daten exportieren, w\u00e4hlen Sie hier aus, dass Sie die Daten vom iPhone auf den Mac \u00fcbertragen wollen. <\/div><img loading=\"lazy\" decoding=\"async\" width=\"400\" height=\"281\" src=\"https:\/\/www.tipard.de\/blog\/wp-content\/uploads\/2017\/07\/tp-select-photos.jpg\" class=\"preview\" alt=\"W\u00e4hlen Sie die gew\u00fcnschten Fotos von Ihrem iPhone aus\" srcset=\"https:\/\/www.tipard.de\/blog\/wp-content\/uploads\/2017\/07\/tp-select-photos.jpg 600w, https:\/\/www.tipard.de\/blog\/wp-content\/uploads\/2017\/07\/tp-select-photos-300x211.jpg 300w\" sizes=\"auto, (max-width: 400px) 100vw, 400px\" \/><\/div>\n<p><div class=\"article-step\"><div class=\"context noPreview\"><h3><span class=\"stepShield\">Schritt 3<\/span>\u00dcbertragen Sie die Fotos vom iPhone auf den Mac<\/h3><br \/>\nW\u00e4hlen Sie alle Bilder aus dem Fotomen\u00fc aus und exportieren Sie sie anschlie\u00dfend auf den Mac. Die Bilder werden innerhalb von wenigen Sekunden vom iPhone in einen Wunschordner Ihres Macs \u00fcbertragen. <\/div><\/div><br \/>\n<\/div><\/p>\n<h3>Komplettl\u00f6sung f\u00fcr die \u00dcbertragung von Fotos vom iPhone auf den Mac<\/h3>\n<p><a href=\"http:\/\/www.tipard.de\/mac-iphone-transfer\/\">Tipard iPhone Transfer<\/a> ist die effizienteste L\u00f6sung um Fotos vom iPhone auf den Mac zu kopieren und das mit nur einem Klick. Erfahren Sie hier mehr \u00fcber <a href=\"http:\/\/www.tipard.de\/mac-iphone-transfer\/\">Tipard iPhone Transfer <\/a>und seine einzigartigen Features.<\/p>\n<p>1. Wenn Sie Ihr iPhone und Mac verbinden k\u00f6nnen Sie mit Leichtigkeit Fotos, Musik, Kontakte und andere Dateien \u00fcbertragen.<br \/>\n2. Erw\u00e4hnenswert ist, dass <a href=\"http:\/\/www.tipard.de\/mac-iphone-transfer\/\">Tipard iPhone Transfer<\/a> eine leichte, sichere und verlustfreie \u00dcbertragung anbietet, selbst wenn iTunes Ihr iPhone nicht erkennt.<br \/>\n3. Die L\u00f6sung hilft Ihnen dabei Namen, K\u00fcnstler, Alben und Genres auf Ihrem iPhone zu bearbeiten.<br \/>\n4.<a href=\"http:\/\/www.tipard.de\/mac-iphone-transfer\/\"> Tipard iPhone Transfer <\/a>erm\u00f6glicht es Ihnen iPhone Dateien auf dem Mac zu bearbeiten. Zum Beispiel k\u00f6nnen Sie Fotos und Lieder in Alben oder Playlists verschieben oder neue erstellen. Die Bearbeitung f\u00e4llt viel leichter als auf dem iPhone.<\/p>\n<h2>Wie Sie Fotos vom iPhone auf den Mac via iCloud herunterladen<\/h2>\n<p>Wenn Sie drahtlos Fotos vom iPhone auf den Mac kopieren wollen ist iCloud die beste L\u00f6sung f\u00fcr Sie. Der Cloud Service ist ein toller Weg, um automatisch Fotos zwischen verschiedenen Ger\u00e4ten zu synchronisieren. So k\u00f6nnen Sie Fotos Ihres iPhones via iCloud mit dem 5GB Speicher herunterladen.<br \/>\n<div class=\"article-steps\"><br \/>\n<div class=\"article-step\"><div class=\"context\"><h3><span class=\"stepShield\">Schritt 1<\/span>Fotos vom iPhone in die iCloud \u00fcbertragen<\/h3><br \/>\nWenn Sie Ihr iPhone \u00f6ffnen m\u00fcssen Sie Einstellungen &gt; iCloud &gt; iCloud Foto Bibliothek aktivieren klicken. Nachdem Sie diese Option aktiviert haben werden Ihre Fotos automatisch in die iCloud hochgeladen.<\/div><img loading=\"lazy\" decoding=\"async\" width=\"400\" height=\"232\" src=\"https:\/\/www.tipard.de\/blog\/wp-content\/uploads\/2017\/07\/backup-iphone-photos.jpg\" class=\"preview\" alt=\"Fotos vom iPhone in die iCloud \u00fcbertragen\" srcset=\"https:\/\/www.tipard.de\/blog\/wp-content\/uploads\/2017\/07\/backup-iphone-photos.jpg 600w, https:\/\/www.tipard.de\/blog\/wp-content\/uploads\/2017\/07\/backup-iphone-photos-300x174.jpg 300w\" sizes=\"auto, (max-width: 400px) 100vw, 400px\" \/><\/div><\/p>\n<div class=\"article-step reverse\"><div class=\"context\"><h3><span class=\"stepShield\">Schritt 2<\/span>Aktivieren Sie die iCloud Foto Bibliothek auf Ihrem Mac<\/h3><br \/>\nSobald Sie die iCloud Foto Bibliothek auf dem iPhone aktiviert haben m\u00fcssen Sie diese auch an Ihrem Mac aktivieren. \u00d6ffnen Sie die Fotos App auf Ihrem Mac und dr\u00fccken den \u201eTeilen\u201c Tab. Klicken Sie den \u201eTeilen beginnen\u201c Button und das iCloud Men\u00fc wird ge\u00f6ffnet. Hier m\u00fcssen Sie nur noch die iCloud Foto Bibliothek aktivieren. <\/div><img loading=\"lazy\" decoding=\"async\" width=\"400\" height=\"326\" src=\"https:\/\/www.tipard.de\/blog\/wp-content\/uploads\/2017\/07\/enable-icloud-photo.jpg\" class=\"preview\" alt=\"Aktivieren Sie die iCloud Foto Bibliothek auf Ihrem Mac\" srcset=\"https:\/\/www.tipard.de\/blog\/wp-content\/uploads\/2017\/07\/enable-icloud-photo.jpg 600w, https:\/\/www.tipard.de\/blog\/wp-content\/uploads\/2017\/07\/enable-icloud-photo-300x245.jpg 300w\" sizes=\"auto, (max-width: 400px) 100vw, 400px\" \/><\/div>\n<p><div class=\"article-step\"><div class=\"context noPreview\"><h3><span class=\"stepShield\">Schritt 3<\/span>Laden Sie Fotos vom iPhone auf den Mac herunter <\/h3><br \/>\nIn dieser Methode werden alle Fotos automatisch in den verschiedenen Ger\u00e4ten in der iCloud erscheinen und Sie m\u00fcssen jetzt nur noch Ihre Wunschdateien finden.<br \/>\n<img loading=\"lazy\" decoding=\"async\" class=\"alignnone size-full wp-image-436\" src=\"http:\/\/www.tipard.de\/blog\/wp-content\/uploads\/2017\/07\/download-iphone-photos.jpg\" alt=\"\" width=\"600\" height=\"294\" srcset=\"https:\/\/www.tipard.de\/blog\/wp-content\/uploads\/2017\/07\/download-iphone-photos.jpg 600w, https:\/\/www.tipard.de\/blog\/wp-content\/uploads\/2017\/07\/download-iphone-photos-300x147.jpg 300w\" sizes=\"auto, (max-width: 600px) 100vw, 600px\" \/><br \/>\nWenn Sie mit dem kostenlosen 5GB Speicher nicht zufiredengestellt sind k\u00f6nnen Sie auch andere Cloud Services nutzen, um Ihre Dateien zu \u00fcbertragen. Google Fotos und Dropbox sind hier nennenswerte Dienste, mit denen Sie Ihre Fotos \u00e4hnlich wie mit der iCloud \u00fcbertragen k\u00f6nnen.<\/div><\/div><br \/>\n<\/div><\/p>\n<h2>Wie Sie iPhone Bilder via Email an den Mac schicken<\/h2>\n<p>Wenn Sie Bilder auf traditionelle Weise \u00fcbertragen m\u00f6chten k\u00f6nnen Sie diese auch per Email schicken. Wenn Sie jedoch eine gro\u00dfe Menge an Fotos haben, k\u00f6nnte das Versenden ein Problem darstellen.<br \/>\n<div class=\"article-steps\"><\/p>\n<p><div class=\"article-step\"><div class=\"context noPreview\"><h3><span class=\"stepShield\">Schritt 1<\/span>W\u00e4hlen Sie die gew\u00fcnschten Bilder an Ihrem iPhone aus<\/h3><br \/>\nSie k\u00f6nnen die Bilder aus verschiedenen Apps ausw\u00e4hlen. Achten Sie darauf, dass Sie nicht zu viele Dateien ausw\u00e4hlen. <\/div><\/div><br \/>\n<div class=\"article-step reverse\"><div class=\"context\"><h3><span class=\"stepShield\">Schritt 2<\/span>\u00dcbertragen Sie die Bilder vom iPhone via Email<\/h3><br \/>\nDr\u00fccken Sie den Teilen Button und w\u00e4hlen Email aus. Geben Sie Ihre Email Adresse ein und schicken die Email ab, um den Vorgang zu beenden. <\/div><img loading=\"lazy\" decoding=\"async\" width=\"400\" height=\"530\" src=\"https:\/\/www.tipard.de\/blog\/wp-content\/uploads\/2017\/07\/transfer-pictures-via-email-1.jpg\" class=\"preview\" alt=\"\u00dcbertragen Sie die Bilder vom iPhone via Email\" srcset=\"https:\/\/www.tipard.de\/blog\/wp-content\/uploads\/2017\/07\/transfer-pictures-via-email-1.jpg 600w, https:\/\/www.tipard.de\/blog\/wp-content\/uploads\/2017\/07\/transfer-pictures-via-email-1-226x300.jpg 226w\" sizes=\"auto, (max-width: 400px) 100vw, 400px\" \/><\/div><\/p>\n<p><div class=\"article-step\"><div class=\"context noPreview\"><h3><span class=\"stepShield\">Schritt 3<\/span>Laden Sie die Email Bilder auf den Mac herunter<\/h3><br \/>\nSie k\u00f6nnen die Email jetzt auf Ihrem Mac \u00f6ffnen und die Bilder in einen ausgew\u00e4hlten Ordner herunterladen. So haben Sie die Bilder vom oPhone auf den Mac ohne Qualit\u00e4tsverlust \u00fcbertragen.<br \/>\nWie bereits gesagt ist die \u00dcbertragung via Email eine sehr veraltete Methode. Um Ihre Bilder optimal verschicken zu k\u00f6nnen, sollten Sie sich \u00fcber verschiedene Email Dienste informieren und einen ausw\u00e4hlen, mit dem Sie m\u00f6glichst viele Bilder verschicken k\u00f6nnen. <\/div><\/div><br \/>\n<\/div><\/p>\n<h2>Wie Sie Fotos via AirDrop vom iPhone auf den Mac \u00fcbertragen<\/h2>\n<p>Anders als beim Vernetzen eines Android mit dem Mac k\u00f6nnen Sie Ihr iPhone einfach via AirDrop mit dem Mac verbinden. Mit dieser Methode \u00fcbertragen Sie kabellos Fotos vom iPhone auf den Mac.<br \/>\n<div class=\"article-steps\"><br \/>\n<div class=\"article-step\"><div class=\"context\"><h3><span class=\"stepShield\">Schritt 1<\/span>Aktivieren Sie AirDrop auf dem iPhone<\/h3><br \/>\nWischen Sie den Sperrbildschirm nach oben und dr\u00fccken den AirDrop Button. Wenn Sie Fotos mit allen teilen m\u00f6chten, w\u00e4hlen Sie diese Funktion aus. Stellen Sie sicher, dass Sie iOS 8 oder neuer haben, sowie auf Ihrem Mac Yosemite oder neuer.<\/div><img loading=\"lazy\" decoding=\"async\" width=\"400\" height=\"219\" src=\"https:\/\/www.tipard.de\/blog\/wp-content\/uploads\/2017\/07\/turn-on-airdrop.jpg\" class=\"preview\" alt=\"Aktivieren Sie AirDrop auf dem iPhone\" srcset=\"https:\/\/www.tipard.de\/blog\/wp-content\/uploads\/2017\/07\/turn-on-airdrop.jpg 600w, https:\/\/www.tipard.de\/blog\/wp-content\/uploads\/2017\/07\/turn-on-airdrop-300x165.jpg 300w\" sizes=\"auto, (max-width: 400px) 100vw, 400px\" \/><\/div><\/p>\n<div class=\"article-step reverse\"><div class=\"context\"><h3><span class=\"stepShield\">Schritt 2<\/span>Vie Mac auf AirDrop zugreifen<\/h3><br \/>\nWenn Sie das Finder Icon dr\u00fccken, k\u00f6nnen Sie die AirDrop Option suchen. Stellen Sie sicher, dass Ihr Mac und iPhone mit dem selben drahtlosen Netzwerk verbunden sind.<\/div><img loading=\"lazy\" decoding=\"async\" width=\"400\" height=\"247\" src=\"https:\/\/www.tipard.de\/blog\/wp-content\/uploads\/2017\/07\/access-airdrop-on-mac.jpg\" class=\"preview\" alt=\"Vie Mac auf AirDrop zugreifen\" srcset=\"https:\/\/www.tipard.de\/blog\/wp-content\/uploads\/2017\/07\/access-airdrop-on-mac.jpg 600w, https:\/\/www.tipard.de\/blog\/wp-content\/uploads\/2017\/07\/access-airdrop-on-mac-300x186.jpg 300w\" sizes=\"auto, (max-width: 400px) 100vw, 400px\" \/><\/div>\n<p><div class=\"article-step\"><div class=\"context\"><h3><span class=\"stepShield\">Schritt 3<\/span>\u00dcbertragen Sie Fotos via AirDrop<\/h3><br \/>\nW\u00e4hlen Sie aus, dass alle Ger\u00e4te in der N\u00e4he Sie sehen k\u00f6nnen, damit Ihr Mac Ihr iPhone finden kann. Verbinden Sie die Ger\u00e4te und \u00f6ffnen bzw. Senden Fotos von Ihrem iPhone auf den Mac.<\/p>\n<p>Sobald Sie die \u00dcbertragung akzeptiert haben dauert es nur wenige Minuten, bis Ihre Fotos \u00fcbertragen werden. Vergessen Sie nicht AirDrop wieder auszuschalten, nachdem Sie fertig sind.<br \/>\nWort zum Schluss<br \/>\nWenn Sie Fotos vom iPhone auf den Mac in hoher Qualit\u00e4t \u00fcbertragen wollen ist Tipard iPhone Transfer die beste L\u00f6sung. Sie k\u00f6nnen au\u00dferdem Ihre Fotos via Email verschicken oder iCloud benutzen, um Ihre Bilder auf all Ihren Ger\u00e4ten zu haben. Wenn Ihr iPhone und Mac im selben Netz sind k\u00f6nnen Sie au\u00dferdem AirDrop benutzen. <\/div><img loading=\"lazy\" decoding=\"async\" width=\"400\" height=\"225\" src=\"https:\/\/www.tipard.de\/blog\/wp-content\/uploads\/2017\/07\/transfer-photos-via-airdrop.jpg\" class=\"preview\" alt=\"\u00dcbertragen Sie Fotos via AirDrop\" srcset=\"https:\/\/www.tipard.de\/blog\/wp-content\/uploads\/2017\/07\/transfer-photos-via-airdrop.jpg 600w, https:\/\/www.tipard.de\/blog\/wp-content\/uploads\/2017\/07\/transfer-photos-via-airdrop-300x169.jpg 300w\" sizes=\"auto, (max-width: 400px) 100vw, 400px\" \/><\/div><br \/>\n<\/div><\/p>\n","protected":false},"excerpt":{"rendered":"<p>Bevor Sie Fotos von Ihrem iPhone auf den Mac \u00fcbertragen, sollten Sie den Grund daf\u00fcr kennen. Um Speicher auf Ihrem iPhone 7 zu sparen ist Airdrop nicht immer die beste L\u00f6sung. Au\u00dferdem k\u00f6nnte es schwierig werden alle Fotos zu \u00fcbertragen, mit weniger als 5GB Speicherplatz. Was ist also die effizienteste Methode um Fotos vom iPhone [&hellip;]<\/p>\n","protected":false},"author":1,"featured_media":0,"parent":0,"menu_order":0,"comment_status":"closed","ping_status":"closed","template":"","meta":{"footnotes":""},"class_list":["post-433","page","type-page","status-publish","hentry"],"_links":{"self":[{"href":"https:\/\/www.tipard.de\/blog\/wp-json\/wp\/v2\/pages\/433","targetHints":{"allow":["GET"]}}],"collection":[{"href":"https:\/\/www.tipard.de\/blog\/wp-json\/wp\/v2\/pages"}],"about":[{"href":"https:\/\/www.tipard.de\/blog\/wp-json\/wp\/v2\/types\/page"}],"author":[{"embeddable":true,"href":"https:\/\/www.tipard.de\/blog\/wp-json\/wp\/v2\/users\/1"}],"replies":[{"embeddable":true,"href":"https:\/\/www.tipard.de\/blog\/wp-json\/wp\/v2\/comments?post=433"}],"version-history":[{"count":5,"href":"https:\/\/www.tipard.de\/blog\/wp-json\/wp\/v2\/pages\/433\/revisions"}],"predecessor-version":[{"id":659,"href":"https:\/\/www.tipard.de\/blog\/wp-json\/wp\/v2\/pages\/433\/revisions\/659"}],"wp:attachment":[{"href":"https:\/\/www.tipard.de\/blog\/wp-json\/wp\/v2\/media?parent=433"}],"curies":[{"name":"wp","href":"https:\/\/api.w.org\/{rel}","templated":true}]}}