{"id":253,"date":"2017-07-07T10:58:02","date_gmt":"2017-07-07T10:58:02","guid":{"rendered":"http:\/\/www.tipard.de\/blog\/?page_id=253"},"modified":"2017-08-15T15:56:53","modified_gmt":"2017-08-15T15:56:53","slug":"wie-schneidet-man-youtube-videos-hier-ist-der-beste-weg","status":"publish","type":"page","link":"https:\/\/www.tipard.de\/blog\/wie-schneidet-man-youtube-videos-hier-ist-der-beste-weg\/","title":{"rendered":"Wie schneidet man YouTube Videos? Hier ist der beste Weg"},"content":{"rendered":"<p><img loading=\"lazy\" decoding=\"async\" class=\"alignnone size-full wp-image-252\" src=\"http:\/\/www.tipard.de\/blog\/wp-content\/uploads\/2017\/07\/rip-youtube-video.jpg\" alt=\"\" width=\"600\" height=\"309\" srcset=\"https:\/\/www.tipard.de\/blog\/wp-content\/uploads\/2017\/07\/rip-youtube-video.jpg 600w, https:\/\/www.tipard.de\/blog\/wp-content\/uploads\/2017\/07\/rip-youtube-video-300x155.jpg 300w\" sizes=\"auto, (max-width: 600px) 100vw, 600px\" \/><br \/>\nAls bekannteste Video-Sharing Website hat YouTube Nutzer auf der ganzen Welt. Es ist ein einfacher Weg, um Videos anzusehen, hochzuladen und zu teilen. Wenn Sie ein Video anschauen wollen, dann wird YouTube Ihre erste Wahl sein. Es kann vorkommen, dass Sie Videos herunterladen wolle, um Sie jederzeit offline ansehen zu k\u00f6nnen. Aber um das Copyright zu sch\u00fctzen, bietet YouTube nicht die Option Videos herunterzuladen. Sie k\u00f6nnen Videos nicht direkt auf Ihren PC\/Mac oder iOS\/Android Ger\u00e4t herunterladen und schneiden.<\/p>\n<h2>Professioneller YouTube Video Downloader, um YouTube Videos zu schneiden<\/h2>\n<p>Um den besten Weg zum Herunterladen von YouTube Videos zu finden, haben wir verschiedene Methoden und Programme getestet. Wir empfehlen es nicht, dass Sie YouTube Videos mit Android oder iOS Apps herunterladen. Stattdessen sollten Sie ein Programm auf Ihrem Computer nutzen. Wir empfehlen den einfach zu nutzenden YouTube Video Downloader, den Sie kostenlos herunterladen k\u00f6nnen.<br \/>\n1. Laden Sie die <a href=\"http:\/\/www.tipard.de\/video-converter-ultimate\/\">YouTube Video Downloading Software<\/a> herunter und installieren Sie diese auf Ihrem Computer. Wenn Sie den Downloader starten, sehen Sie dieses Interface.<br \/>\n<img loading=\"lazy\" decoding=\"async\" class=\"alignnone size-full wp-image-254\" src=\"http:\/\/www.tipard.de\/blog\/wp-content\/uploads\/2017\/07\/screen.jpg\" alt=\"\" width=\"1048\" height=\"598\" srcset=\"https:\/\/www.tipard.de\/blog\/wp-content\/uploads\/2017\/07\/screen.jpg 1048w, https:\/\/www.tipard.de\/blog\/wp-content\/uploads\/2017\/07\/screen-300x171.jpg 300w, https:\/\/www.tipard.de\/blog\/wp-content\/uploads\/2017\/07\/screen-768x438.jpg 768w, https:\/\/www.tipard.de\/blog\/wp-content\/uploads\/2017\/07\/screen-1024x584.jpg 1024w\" sizes=\"auto, (max-width: 1048px) 100vw, 1048px\" \/><br \/>\n2. \u00d6ffnen Sie Ihren Chrome, Firefox, IE oder Safari Browser und gehen Sie auf YouTube. Suchen Sie das Video, welches Sie herunterladen wollen und kopieren Sie die Videoadresse.<br \/>\n3. Zur\u00fcck im YouTube Video Downloader klicken Sie auf &#8222;Download&#8220; in der Liste. Ein Pop-Up Fenster wird auftauchen in dem Sie die Video URL einf\u00fcgen k\u00f6nnen.<br \/>\n4. Klicken Sie auf &#8222;Analyse&#8220;, um das Video zu \u00fcberpr\u00fcfen. Verschiedene Videoaufl\u00f6sungen und Formate werden Ihnen zur Auswahl angezeigt.<br \/>\n<img loading=\"lazy\" decoding=\"async\" class=\"alignnone size-full wp-image-251\" src=\"http:\/\/www.tipard.de\/blog\/wp-content\/uploads\/2017\/07\/analyze-youtube-video.jpg\" alt=\"\" width=\"1048\" height=\"581\" srcset=\"https:\/\/www.tipard.de\/blog\/wp-content\/uploads\/2017\/07\/analyze-youtube-video.jpg 1048w, https:\/\/www.tipard.de\/blog\/wp-content\/uploads\/2017\/07\/analyze-youtube-video-300x166.jpg 300w, https:\/\/www.tipard.de\/blog\/wp-content\/uploads\/2017\/07\/analyze-youtube-video-768x426.jpg 768w, https:\/\/www.tipard.de\/blog\/wp-content\/uploads\/2017\/07\/analyze-youtube-video-1024x568.jpg 1024w\" sizes=\"auto, (max-width: 1048px) 100vw, 1048px\" \/><br \/>\n5. W\u00e4hlen Sie die passende Aufl\u00f6sung und das Format, welches Sie ben\u00f6tigen. Klicken Sie dann auf &#8222;OK&#8220;, um ein eventuell ausgew\u00e4hlten schneiden des Videos und den Download zu starten.<br \/>\nMit nur wenigen Klcks k\u00f6nnen Sie YouTube Videos schneiden und auf Ihren Computer herunterladen. Dann k\u00f6nnen Sie die Videos auf Ihr iPhone\/iPad\/iPod oder Android Ger\u00e4t \u00fcbertragen. Mit dieser Software k\u00f6nnen Sie nicht nur Videos herunterladen, sondern auch speichern von Websites, wie Facebook, Vimeo, Metacafe, Vevo, Dailymotion, Yahoo, etc. Au\u00dferdem k\u00f6nnen Sie in viele Aufio- und Videoformate konvertieren, wie zum Beispiel MP4, AVI, MOV, MKV, MXF, FLV, MP3, AAC, WAV oder FLAC. Zus\u00e4tzlich bietet es Ihnen verschiedene Bearbeitungsfunktionen.<\/p>\n","protected":false},"excerpt":{"rendered":"<p>Als bekannteste Video-Sharing Website hat YouTube Nutzer auf der ganzen Welt. Es ist ein einfacher Weg, um Videos anzusehen, hochzuladen und zu teilen. Wenn Sie ein Video anschauen wollen, dann wird YouTube Ihre erste Wahl sein. Es kann vorkommen, dass Sie Videos herunterladen wolle, um Sie jederzeit offline ansehen zu k\u00f6nnen. Aber um das Copyright [&hellip;]<\/p>\n","protected":false},"author":1,"featured_media":0,"parent":0,"menu_order":0,"comment_status":"closed","ping_status":"closed","template":"","meta":{"footnotes":""},"class_list":["post-253","page","type-page","status-publish","hentry"],"_links":{"self":[{"href":"https:\/\/www.tipard.de\/blog\/wp-json\/wp\/v2\/pages\/253","targetHints":{"allow":["GET"]}}],"collection":[{"href":"https:\/\/www.tipard.de\/blog\/wp-json\/wp\/v2\/pages"}],"about":[{"href":"https:\/\/www.tipard.de\/blog\/wp-json\/wp\/v2\/types\/page"}],"author":[{"embeddable":true,"href":"https:\/\/www.tipard.de\/blog\/wp-json\/wp\/v2\/users\/1"}],"replies":[{"embeddable":true,"href":"https:\/\/www.tipard.de\/blog\/wp-json\/wp\/v2\/comments?post=253"}],"version-history":[{"count":5,"href":"https:\/\/www.tipard.de\/blog\/wp-json\/wp\/v2\/pages\/253\/revisions"}],"predecessor-version":[{"id":679,"href":"https:\/\/www.tipard.de\/blog\/wp-json\/wp\/v2\/pages\/253\/revisions\/679"}],"wp:attachment":[{"href":"https:\/\/www.tipard.de\/blog\/wp-json\/wp\/v2\/media?parent=253"}],"curies":[{"name":"wp","href":"https:\/\/api.w.org\/{rel}","templated":true}]}}