{"id":2180,"date":"2020-03-02T17:09:23","date_gmt":"2020-03-02T17:09:23","guid":{"rendered":"http:\/\/www.tipard.de\/blog\/?page_id=2180"},"modified":"2024-08-27T07:10:17","modified_gmt":"2024-08-27T07:10:17","slug":"so-uebertragen-sie-musik-vom-iphone-auf-den-computer","status":"publish","type":"page","link":"https:\/\/www.tipard.de\/blog\/so-uebertragen-sie-musik-vom-iphone-auf-den-computer\/","title":{"rendered":"So \u00fcbertragen Sie Musik vom iPhone auf den Computer"},"content":{"rendered":"<p><img loading=\"lazy\" decoding=\"async\" class=\"size-full wp-image-2185 aligncenter\" src=\"http:\/\/www.tipard.de\/blog\/wp-content\/uploads\/2020\/03\/transfer-videos-from-iphone-to-computer.jpg\" alt=\"\" width=\"600\" height=\"338\" srcset=\"https:\/\/www.tipard.de\/blog\/wp-content\/uploads\/2020\/03\/transfer-videos-from-iphone-to-computer.jpg 600w, https:\/\/www.tipard.de\/blog\/wp-content\/uploads\/2020\/03\/transfer-videos-from-iphone-to-computer-300x169.jpg 300w\" sizes=\"auto, (max-width: 600px) 100vw, 600px\" \/><\/p>\n<p>Musik kann unsere Stimmung wie ein Zauber ver\u00e4ndern, sie bedeutet viel f\u00fcr unser Leben. Wir alle m\u00f6chten Musik zwischen dem iPhone und dem Computer synchronisieren, die wir lieben. Wie Sie wissen, ist es nicht so bequem, Musik zwischen iPhone und Computer zu \u00fcbertragen, insbesondere von iPhone zu Computer.<\/p>\n<p>Wenn Sie Ihre iPhone-Daten mit iTunes verwalten, handelt es sich um ein eingeschr\u00e4nktes Tool. Sie m\u00fcssen Ihre iTunes- und iOS-Version st\u00e4ndig aktualisieren. Aufgrund des Urheberrechtsschutzes von Apple gibt es sehr viele Einschr\u00e4nkungen. Mit iPhone Transfer k\u00f6nnen Sie Dateien jedoch einfach und sicher verwalten. Egal, ob Sie iOS 12 oder iPhone XS \/ XS Max \/ XR \/ X \/ 8\/7\/6 \/ SE verwenden, Sie werden feststellen, dass es einfach zu meistern ist.<\/p>\n<p>In diesem Beitrag zeigen wir Ihnen auf einfachste Weise, wie Sie Musik zwischen iPhone und Computer kopieren k\u00f6nnen, ohne dass dabei vorhandene Musik gel\u00f6scht wird. \u00c4hnlich wie bei der Musik\u00fcbertragung zwischen verschiedenen Ger\u00e4ten kann es auch bei der Erstellung akademischer Arbeiten hilfreich sein, auf professionelle Unterst\u00fctzung zur\u00fcckzugreifen. Wenn Sie Unterst\u00fctzung bei Ihrer akademischen Arbeit ben\u00f6tigen, kann <a style=\"text-decoration: none; color: inherit; text-transform: lowercase; box-shadow: none; font-weight: inherit; border: none;\" href=\"https:\/\/bachelorarbeit-schreiben-lassen.com\/\">bachelorarbeit-schreiben-lassen.com<\/a> Ihnen helfen, effizient und qualitativ hochwertige Texte zu erstellen.<\/p>\n<h2>Teil 1: \u00dcbertragen Sie Musik vom iPhone auf den Computer mit iPhone Transfer<\/h2>\n<div class=\"article-steps\"><br \/>\n<div class=\"article-step\"><div class=\"context\"><h3><span class=\"stepShield\">Schritt 1<\/span>Schlie\u00dfen Sie das iPhone an<\/h3> Laden Sie\u00a0<a href=\"https:\/\/www.tipard.de\/iphone-transfer\/\"><em>Tipard iPhone Transfer Ultimate<\/em><\/a>\u00a0herunter und installieren Sie es. Schlie\u00dfen Sie das iPhone mithilfe eines USB-Kabels an den Computer an. <\/div><img loading=\"lazy\" decoding=\"async\" width=\"400\" height=\"271\" src=\"https:\/\/www.tipard.de\/blog\/wp-content\/uploads\/2020\/03\/step-1.1.jpg\" class=\"preview\" alt=\"Schlie\u00dfen Sie das iPhone an\" srcset=\"https:\/\/www.tipard.de\/blog\/wp-content\/uploads\/2020\/03\/step-1.1.jpg 600w, https:\/\/www.tipard.de\/blog\/wp-content\/uploads\/2020\/03\/step-1.1-300x203.jpg 300w\" sizes=\"auto, (max-width: 400px) 100vw, 400px\" \/><\/div><br \/>\n<div class=\"article-step\"><div class=\"context noPreview\"><h3><span class=\"stepShield\">Schritt 2<\/span>Vorschau der Musik<\/h3> Klicken Sie in der linken Leiste auf die Registerkarte \u201eMedien\u201c und dann im oberen Men\u00fc auf die Registerkarte \u201eMusik\u201c. Im Hauptfenster werden alle Musiktitel angezeigt. Durch einem Doppelklicm auf ein bestimmtes Musikelement, k\u00f6nnen Sie es sich vorab anh\u00f6ren. <\/div><\/div><br \/>\n<div class=\"article-step\"><div class=\"context\"><h3><span class=\"stepShield\">Schritt 3<\/span>W\u00e4hlen Sie die zu \u00fcbertragende Musik aus<\/h3> \u00dcberpr\u00fcfen Sie die Musik, die Sie ben\u00f6tigen, und klicken Sie dann im oberen Men\u00fc auf\u00a0<em>Exportieren nach -&gt; Auf PC exportieren<\/em>. W\u00e4hlen Sie im Popup-Dialogfeld einen Ordner aus, um die Musik zu kopieren.<\/div><img loading=\"lazy\" decoding=\"async\" width=\"400\" height=\"271\" src=\"https:\/\/www.tipard.de\/blog\/wp-content\/uploads\/2020\/03\/step-1.3.jpg\" class=\"preview\" alt=\"W\u00e4hlen Sie die zu \u00fcbertragende Musik aus\" srcset=\"https:\/\/www.tipard.de\/blog\/wp-content\/uploads\/2020\/03\/step-1.3.jpg 600w, https:\/\/www.tipard.de\/blog\/wp-content\/uploads\/2020\/03\/step-1.3-300x203.jpg 300w\" sizes=\"auto, (max-width: 400px) 100vw, 400px\" \/><\/div><br \/>\n<\/div>\n<h2>Teil 2: \u00dcbertragen Sie Musik vom Computer auf das iPhone<\/h2>\n<h3>Methode 1: \u00dcbertragen mit iPhone Transfer<\/h3>\n<div class=\"article-steps\"><br \/>\n<div class=\"article-step\"><div class=\"context\"><h3><span class=\"stepShield\">Schritt 1<\/span>Schlie\u00dfen Sie das iPhone an<\/h3> Laden Sie\u00a0<a href=\"https:\/\/www.tipard.de\/iphone-transfer\/\"><em>Tipard iPhone Transfer Ultimate<\/em><\/a>\u00a0herunter und installieren Sie es. Schlie\u00dfen Sie das iPhone \u00fcber ein USB-Kabel an den Computer an.\u00a0<\/div><img loading=\"lazy\" decoding=\"async\" width=\"400\" height=\"271\" src=\"https:\/\/www.tipard.de\/blog\/wp-content\/uploads\/2020\/03\/step-2.1.jpg\" class=\"preview\" alt=\"Schlie\u00dfen Sie das iPhone an\" srcset=\"https:\/\/www.tipard.de\/blog\/wp-content\/uploads\/2020\/03\/step-2.1.jpg 600w, https:\/\/www.tipard.de\/blog\/wp-content\/uploads\/2020\/03\/step-2.1-300x203.jpg 300w\" sizes=\"auto, (max-width: 400px) 100vw, 400px\" \/><\/div><br \/>\n<div class=\"article-step\"><div class=\"context noPreview\"><h3><span class=\"stepShield\">Schritt 2<\/span>H\u00f6ren Sie sich die Musik bei Bedarf vorab an<\/h3> Klicken Sie in der linken Leiste auf die Registerkarte \u201eMedien\u201c und im oberen Men\u00fc auf die Registerkarte \u201eMusik\u201c. Die gesamte Musik, die sich auf Ihrem iPhone befindet, wird im Hauptfenster angezeigt. Durch einen Doppelklick k\u00f6nnen Sie Lieder vorab anh\u00f6ren. <\/div><\/div><br \/>\n<div class=\"article-step\"><div class=\"context\"><h3><span class=\"stepShield\">Schritt 3<\/span>\u00dcbertragen Sie die Musik vom Computer auf das iPhone<\/h3> Klicken Sie im oberen Men\u00fc auf die Registerkarte &#8222;Hinzuf\u00fcgen&#8220; und w\u00e4hlen Sie im Popup-Dialogfeld die gew\u00fcnschten Titel aus, um die Musik vom Computer auf das iPhone zu kopieren. <\/div><img loading=\"lazy\" decoding=\"async\" width=\"400\" height=\"271\" src=\"https:\/\/www.tipard.de\/blog\/wp-content\/uploads\/2020\/03\/step-2.3.jpg\" class=\"preview\" alt=\"\u00dcbertragen Sie die Musik vom Computer auf das iPhone\" srcset=\"https:\/\/www.tipard.de\/blog\/wp-content\/uploads\/2020\/03\/step-2.3.jpg 600w, https:\/\/www.tipard.de\/blog\/wp-content\/uploads\/2020\/03\/step-2.3-300x203.jpg 300w\" sizes=\"auto, (max-width: 400px) 100vw, 400px\" \/><\/div><br \/>\n<\/div>\n<h3>Methode 2: \u00dcbertragen mit iTunes<\/h3>\n<p>1. Schlie\u00dfen Sie das iPhone \u00fcber ein USB-Kabel an den Computer an.<br \/>\n2. Starten Sie iTunes auf Ihrem Computer.<br \/>\n3. Melden Sie sich bei iTunes sowohl auf Ihrem iPhone als auch auf Ihrem PC mit derselben Apple ID an.<br \/>\n4. Klicken Sie im Popup-Fenster auf die Schaltfl\u00e4che \u201eFortfahren\u201c und vertrauen Sie dem Computer auf Ihrem iPhone.<br \/>\n5. W\u00e4hlen Sie Ihr iPhone aus, klicken Sie in der linken Leiste unter &#8222;Einstellungen&#8220; auf die Registerkarte &#8222;Zusammenfassung&#8220; und suchen Sie im Hauptfenster den Bereich &#8222;Optionen&#8220;. Deaktivieren Sie &#8222;Automatisch synchronisieren, wenn dieses iPhone angeschlossen ist&#8220;, aktivieren Sie &#8222;Musik und Videos manuell verwalten&#8220; und klicken Sie auf die Schaltfl\u00e4che &#8222;\u00dcbernehmen&#8220; rechts in der Speicherleiste.<br \/>\n6. Klicken Sie unter \u201eAuf meinem Ger\u00e4t\u201c auf \u201eMusik\u201c und dann oben rechts im Hauptfenster auf \u201eWiedergabeliste bearbeiten\u201c.<br \/>\n7. Ziehen Sie die gew\u00fcnschte Musik in das rechte Fenster.<\/p>\n<p>Wenn Sie nur Musik vom Computer auf das iPhone \u00fcbertragen, k\u00f6nnen Sie iTunes verwenden, um dies zu erreichen. Mit <a href=\"https:\/\/www.tipard.de\/iphone-transfer\/\"><em>Tipard iPhone Transfer<\/em> <\/a>k\u00f6nnen Sie aber auch Musik von iPhone zu iPhone \u00fcbertragen und auch das iPhone sichern.<\/p>\n","protected":false},"excerpt":{"rendered":"<p>Musik kann unsere Stimmung wie ein Zauber ver\u00e4ndern, sie bedeutet viel f\u00fcr unser Leben. Wir alle m\u00f6chten Musik zwischen dem iPhone und dem Computer synchronisieren, die wir lieben. Wie Sie wissen, ist es nicht so bequem, Musik zwischen iPhone und Computer zu \u00fcbertragen, insbesondere von iPhone zu Computer. Wenn Sie Ihre iPhone-Daten mit iTunes verwalten, [&hellip;]<\/p>\n","protected":false},"author":1,"featured_media":0,"parent":0,"menu_order":0,"comment_status":"closed","ping_status":"closed","template":"","meta":{"footnotes":""},"class_list":["post-2180","page","type-page","status-publish","hentry"],"_links":{"self":[{"href":"https:\/\/www.tipard.de\/blog\/wp-json\/wp\/v2\/pages\/2180","targetHints":{"allow":["GET"]}}],"collection":[{"href":"https:\/\/www.tipard.de\/blog\/wp-json\/wp\/v2\/pages"}],"about":[{"href":"https:\/\/www.tipard.de\/blog\/wp-json\/wp\/v2\/types\/page"}],"author":[{"embeddable":true,"href":"https:\/\/www.tipard.de\/blog\/wp-json\/wp\/v2\/users\/1"}],"replies":[{"embeddable":true,"href":"https:\/\/www.tipard.de\/blog\/wp-json\/wp\/v2\/comments?post=2180"}],"version-history":[{"count":3,"href":"https:\/\/www.tipard.de\/blog\/wp-json\/wp\/v2\/pages\/2180\/revisions"}],"predecessor-version":[{"id":4973,"href":"https:\/\/www.tipard.de\/blog\/wp-json\/wp\/v2\/pages\/2180\/revisions\/4973"}],"wp:attachment":[{"href":"https:\/\/www.tipard.de\/blog\/wp-json\/wp\/v2\/media?parent=2180"}],"curies":[{"name":"wp","href":"https:\/\/api.w.org\/{rel}","templated":true}]}}