{"id":200,"date":"2017-05-26T15:22:57","date_gmt":"2017-05-26T15:22:57","guid":{"rendered":"http:\/\/www.tipard.de\/blog\/?page_id=200"},"modified":"2017-08-17T11:22:38","modified_gmt":"2017-08-17T11:22:38","slug":"wie-ubertrage-ich-textnachrichten-vom-iphone-auf-den-computer","status":"publish","type":"page","link":"https:\/\/www.tipard.de\/blog\/wie-ubertrage-ich-textnachrichten-vom-iphone-auf-den-computer\/","title":{"rendered":"Wie \u00fcbertrage ich Textnachrichten vom iPhone auf den Computer"},"content":{"rendered":"<p>Beim Lesen von Textnachrichten kann es sein, dass sie wichtige SMS auf dem Computer abspeichern wollen. Um iPhone Nachrichten ohne Verluste auf den Computer zu verschieben, sollten Sie Tipard iPhone Data Recovery als hilfreiches Tool benutzen.<br \/>\n<img loading=\"lazy\" decoding=\"async\" class=\"alignnone size-full wp-image-204\" src=\"http:\/\/www.tipard.de\/blog\/wp-content\/uploads\/2017\/05\/transfer.jpg\" alt=\"\" width=\"600\" height=\"400\" srcset=\"https:\/\/www.tipard.de\/blog\/wp-content\/uploads\/2017\/05\/transfer.jpg 600w, https:\/\/www.tipard.de\/blog\/wp-content\/uploads\/2017\/05\/transfer-300x200.jpg 300w\" sizes=\"auto, (max-width: 600px) 100vw, 600px\" \/><\/p>\n<h2>Warum sollte ich iPhone SMS auf den Computer \u00fcbertragen<\/h2>\n<p>Als das neue iPhone 6S erschienen ist, wollten viele Apple Nutzer auf dieses umsteigen. Wenn Sie iPhone Nachrichten auf den Computer \u00fcbertragen, k\u00f6nnen Sie diese in verschieden Formaten wie Word, Text, Excel oder PDF speichern. Dadurch k\u00f6nnen Sie die Nachrichten schnell finden und einfach speichern.<\/p>\n<p>Au\u00dferdem hat das Nachrichtenmen\u00fc weitere Optionen wie beispielweise den Transfer von Sprachnachrichten vom iPhone auf dem Computer oder die Synchronisierung von Notizen und Sprachmemos. So k\u00f6nnen Sie wichtige Nachrichten zur dauerhaften Archivierung auf den Computer \u00fcbertragen.<\/p>\n<h2>\u00dcbertragen Sie Textnachrichten vom iPhone auf den PC<\/h2>\n<p>1. Mit Tipard iPhone Transfer k\u00f6nnen Sie Textnachrichten, Sprachnachrichten, Notizen und Sprachmemos ganz einfach auf den Computer \u00fcbertragen.<\/p>\n<p>2. Sie k\u00f6nnen die Nachrichten in verschiedenen Formaten auf den PC exportieren, die Ihnen eine sp\u00e4tere Bearbeitung erm\u00f6glichen.<\/p>\n<p>3. Die Software unterst\u00fctzt alle Betriebssysteme von iOS und verschiedensten iGer\u00e4ten.<\/p>\n<p><a href=\"http:\/\/www.tipard.de\/iphone-transfer\/\">Tipard iPhone Transfer Ultimate<\/a> sollte Ihre erste Wahl sein, wenn Sie Textnachrichten vom iPhone auf Ihren Computer synchronisieren m\u00f6chten. Laden Sie sich die kostenfreie Testversion runter und lernen Sie dieses fantastische Programm im Detail kennen.<\/p>\n<h2>Wie \u00fcbertrage ich Textnachrichten mithilfe von <a href=\"http:\/\/www.tipard.de\/iphone-transfer\/\">Tipard iPhone Transfer Ultimate<\/a> vom iPhone auf meinen Computer<\/h2>\n<p><a href=\"http:\/\/www.tipard.de\/iphone-transfer\/\">Tipard iPhone Transfer Ultimate<\/a> synchronisiert nicht nur Ihre Textnachrichten vom iPhone auf Ihren Computer, sondern erm\u00f6glicht es Ihnen auch ein Backup aller Ihrer iPhone Kontakte zu machen und sogar Videodateien super einfach vom iPhone auf den PC zu schicken.<br \/>\n<div class=\"article-steps\"><br \/>\n<div class=\"article-step\"><div class=\"context\"><h3><span class=\"stepShield\">Schritt 1<\/span>Verbinden Sie Ihr iPhone mit der Software<\/h3>Downloaden und installieren Sie die aktuellste Version von Tipard iPhone Transfer Ultimate. Starten Sie das Programm und verbinden Sie Ihr iPhone wie in folgendem Screenshot.<\/div><img loading=\"lazy\" decoding=\"async\" width=\"400\" height=\"279\" src=\"https:\/\/www.tipard.de\/blog\/wp-content\/uploads\/2017\/05\/connect-iphone5s-1.jpg\" class=\"preview\" alt=\"Verbinden Sie Ihr iPhone mit der Software\" srcset=\"https:\/\/www.tipard.de\/blog\/wp-content\/uploads\/2017\/05\/connect-iphone5s-1.jpg 400w, https:\/\/www.tipard.de\/blog\/wp-content\/uploads\/2017\/05\/connect-iphone5s-1-300x209.jpg 300w\" sizes=\"auto, (max-width: 400px) 100vw, 400px\" \/><\/div><br \/>\n<div class=\"article-step reverse\"><div class=\"context\"><h3><span class=\"stepShield\">Schritt 2<\/span>Vorschau Ihrer iPhone Textnachrichten<\/h3>Klicken Sie den &#8222;SMS&#8220;-Button um eine Einsicht in die Textnachrichten und weitere Dateien Ihres iPhones zu erhalten.<\/div><img loading=\"lazy\" decoding=\"async\" width=\"400\" height=\"284\" src=\"https:\/\/www.tipard.de\/blog\/wp-content\/uploads\/2017\/05\/preview-messages.jpg\" class=\"preview\" alt=\"Vorschau Ihrer iPhone Textnachrichten\" srcset=\"https:\/\/www.tipard.de\/blog\/wp-content\/uploads\/2017\/05\/preview-messages.jpg 400w, https:\/\/www.tipard.de\/blog\/wp-content\/uploads\/2017\/05\/preview-messages-300x213.jpg 300w\" sizes=\"auto, (max-width: 400px) 100vw, 400px\" \/><\/div><br \/>\n<div class=\"article-step\"><div class=\"context\"><h3><span class=\"stepShield\">Schritt 3<\/span>W\u00e4hlen Sie das Ausgangsformat f\u00fcr die Textnachrichten<\/h3>Tipard iPhone Transfer Ultimate bietet verschiedene M\u00f6glichkeiten Ihre Nachrichten vom iPhone zu \u00fcbertragen; Sie k\u00f6nnen erst ein Ausgangsformat w\u00e4hlen und sp\u00e4ter die Datei in Word oder PDF umwandeln.<\/div><img loading=\"lazy\" decoding=\"async\" width=\"400\" height=\"158\" src=\"https:\/\/www.tipard.de\/blog\/wp-content\/uploads\/2017\/05\/export-format-messages.jpg\" class=\"preview\" alt=\"W\u00e4hlen Sie das Ausgangsformat f\u00fcr die Textnachrichten\" srcset=\"https:\/\/www.tipard.de\/blog\/wp-content\/uploads\/2017\/05\/export-format-messages.jpg 400w, https:\/\/www.tipard.de\/blog\/wp-content\/uploads\/2017\/05\/export-format-messages-300x119.jpg 300w\" sizes=\"auto, (max-width: 400px) 100vw, 400px\" \/><\/div><br \/>\n<div class=\"article-step reverse\"><div class=\"context\"><h3><span class=\"stepShield\">Schritt 4<\/span>\u00dcbertragen Sie Ihre Textnachrichten vom iPhone auf den Computer<\/h3>Stellen Sie sicher, dass Sie alle Nachrichten ausgew\u00e4hlt haben und exportieren diese anschlie\u00dfend in den von Ihnen ausgew\u00e4hlten Ordner. Ihre Textnachrichten sind nun in diesem Ordner zu finden und Sie k\u00f6nnen sich dort Ihre Textnachrichten ansehen.<\/div><img loading=\"lazy\" decoding=\"async\" width=\"400\" height=\"213\" src=\"https:\/\/www.tipard.de\/blog\/wp-content\/uploads\/2017\/05\/transfer-messages.jpg\" class=\"preview\" alt=\"\u00dcbertragen Sie Ihre Textnachrichten vom iPhone auf den Computer\" srcset=\"https:\/\/www.tipard.de\/blog\/wp-content\/uploads\/2017\/05\/transfer-messages.jpg 400w, https:\/\/www.tipard.de\/blog\/wp-content\/uploads\/2017\/05\/transfer-messages-300x160.jpg 300w\" sizes=\"auto, (max-width: 400px) 100vw, 400px\" \/><\/div><br \/>\n<\/div><\/p>\n","protected":false},"excerpt":{"rendered":"<p>Beim Lesen von Textnachrichten kann es sein, dass sie wichtige SMS auf dem Computer abspeichern wollen. Um iPhone Nachrichten ohne Verluste auf den Computer zu verschieben, sollten Sie Tipard iPhone Data Recovery als hilfreiches Tool benutzen. Warum sollte ich iPhone SMS auf den Computer \u00fcbertragen Als das neue iPhone 6S erschienen ist, wollten viele Apple [&hellip;]<\/p>\n","protected":false},"author":1,"featured_media":0,"parent":0,"menu_order":0,"comment_status":"closed","ping_status":"closed","template":"","meta":{"footnotes":""},"class_list":["post-200","page","type-page","status-publish","hentry"],"_links":{"self":[{"href":"https:\/\/www.tipard.de\/blog\/wp-json\/wp\/v2\/pages\/200","targetHints":{"allow":["GET"]}}],"collection":[{"href":"https:\/\/www.tipard.de\/blog\/wp-json\/wp\/v2\/pages"}],"about":[{"href":"https:\/\/www.tipard.de\/blog\/wp-json\/wp\/v2\/types\/page"}],"author":[{"embeddable":true,"href":"https:\/\/www.tipard.de\/blog\/wp-json\/wp\/v2\/users\/1"}],"replies":[{"embeddable":true,"href":"https:\/\/www.tipard.de\/blog\/wp-json\/wp\/v2\/comments?post=200"}],"version-history":[{"count":3,"href":"https:\/\/www.tipard.de\/blog\/wp-json\/wp\/v2\/pages\/200\/revisions"}],"predecessor-version":[{"id":706,"href":"https:\/\/www.tipard.de\/blog\/wp-json\/wp\/v2\/pages\/200\/revisions\/706"}],"wp:attachment":[{"href":"https:\/\/www.tipard.de\/blog\/wp-json\/wp\/v2\/media?parent=200"}],"curies":[{"name":"wp","href":"https:\/\/api.w.org\/{rel}","templated":true}]}}