{"id":192,"date":"2017-05-26T15:18:17","date_gmt":"2017-05-26T15:18:17","guid":{"rendered":"http:\/\/www.tipard.de\/blog\/?page_id=192"},"modified":"2017-08-17T11:18:14","modified_gmt":"2017-08-17T11:18:14","slug":"wie-ubertrage-ich-fotos-vom-computer-auf-mein-ipad","status":"publish","type":"page","link":"https:\/\/www.tipard.de\/blog\/wie-ubertrage-ich-fotos-vom-computer-auf-mein-ipad\/","title":{"rendered":"Wie \u00fcbertrage ich Fotos vom Computer auf mein iPad"},"content":{"rendered":"<p><img loading=\"lazy\" decoding=\"async\" class=\"alignnone size-full wp-image-196\" src=\"http:\/\/www.tipard.de\/blog\/wp-content\/uploads\/2017\/05\/transfer-photos-from-computer-to-ipad.jpg\" alt=\"\" width=\"600\" height=\"338\" srcset=\"https:\/\/www.tipard.de\/blog\/wp-content\/uploads\/2017\/05\/transfer-photos-from-computer-to-ipad.jpg 600w, https:\/\/www.tipard.de\/blog\/wp-content\/uploads\/2017\/05\/transfer-photos-from-computer-to-ipad-300x169.jpg 300w\" sizes=\"auto, (max-width: 600px) 100vw, 600px\" \/><br \/>\nWenn Sie ein paar tolle Fotos mit Ihrer Canon oder Nikon aufgenommen haben, verspricht das Retina Display vom iPad das beste Vorschauerlebnis Ihrer Bilder. Sie m\u00fcssen nur noch die Bilder von Ihrem Computer auf Ihr iPad \u00fcbertragen. Dazu nutzen Sie am besten Tipard iPhone Transfer Ultimate, ein m\u00e4chtiges Tool, welches Ihnen dabei hilft, Fotos von Ihrem Computer auf Ihr iPad zu \u00fcbertragen.<\/p>\n<h2>Teil 1: Die Vorteile daran die Fotos vom Computer auf das iPad zu kopieren<\/h2>\n<p>1. Das iPad besitzt keinen SD Kartenschlitz f\u00fcr Canon oder Nikon. Sie k\u00f6nnen keine Fotos von der Kamera direkt auf das iPad hinzuf\u00fcgen, aber Sie k\u00f6nnen die Fotos vom Computer auf das iPad in Originalqualit\u00e4t \u00fcbertragen.<\/p>\n<p>2. Des Weiteren k\u00f6nnen Sie die Bilder bearbeiten, bevor Sie diese auf Ihr iPad vom PC oder Mac laden. PhotoShop und weitere Programme helfen Ihnen Ihre Originalaufnahmen noch sehenswerter zu gestalten.<\/p>\n<p>3. Manche Bilder werden in Formaten, die nicht erkannt werden gespeichert. Sie m\u00fcssen die Formate in kompatible Formate umwandeln, damit Sie die Bilder auf Ihrem iPad downloaden k\u00f6nnen.<br \/>\n<img loading=\"lazy\" decoding=\"async\" class=\"alignnone size-full wp-image-194\" src=\"http:\/\/www.tipard.de\/blog\/wp-content\/uploads\/2017\/05\/benefits-to-copy-photos.jpg\" alt=\"\" width=\"600\" height=\"262\" srcset=\"https:\/\/www.tipard.de\/blog\/wp-content\/uploads\/2017\/05\/benefits-to-copy-photos.jpg 600w, https:\/\/www.tipard.de\/blog\/wp-content\/uploads\/2017\/05\/benefits-to-copy-photos-300x131.jpg 300w\" sizes=\"auto, (max-width: 600px) 100vw, 600px\" \/><\/p>\n<h2>Teil 2: Synchronisieren Sie Fotos von Ihrem Computer auf Ihr iPad<\/h2>\n<p>Es k\u00f6nnte m\u00f6glicherweise kompliziert werden die Fotos von Ihrem Computer mit iTunes auf Ihr iPad zu synchronisieren. Au\u00dferdem braucht iTunes m\u00f6glicherweise lange f\u00fcr die \u00dcbertragung der Fotos vom Computer auf Ihr iPad. Die beste Methode f\u00fcr das Hochladen von Fotos vom Computer auf Ihr iPad oder die Synchronisierung des iPads auf den Computer ist Tipard iPhone Transfer Ultimate. Testen Sie es und laden Sie die kostenlose Testversion herunter!<\/p>\n<h2>Teil 3: Wie \u00fcbertrage ich Fotos vom Computer auf mein iPad mithilfe von <a href=\"http:\/\/www.tipard.de\/iphone-transfer\/\">Tipard iPhone Transfer Ultimate<\/a><\/h2>\n<p>Sie k\u00f6nnen nicht nur Fotos, sondern auch Filme vom Computer auf Ihr iPad \u00fcbertragen, um f\u00fcr ein gro\u00dfartiges Filmerlebnis zu sorgen. <a href=\"http:\/\/www.tipard.de\/iphone-transfer\/\">Tipard iPhone Transfer Ultimate <\/a>sollte immer Ihre erste Wahl f\u00fcr die Synchronisierung von Dateien zwischen iPad und Computer sein.<br \/>\n<div class=\"article-steps\"><br \/>\n<div class=\"article-step\"><div class=\"context\"><h3><span class=\"stepShield\">Schritt 1<\/span>Verbinden Sie Ihr Handy via USB mit dem Computer<\/h3>Laden Sie die aktuellste Version von Tipard iPhone Transfer Ultimate herunter und installieren Sie diese. Verbinden Sie Ihr iPad mit dem ge\u00f6ffneten Programm.<\/div><img loading=\"lazy\" decoding=\"async\" width=\"400\" height=\"284\" src=\"https:\/\/www.tipard.de\/blog\/wp-content\/uploads\/2017\/05\/connect-ipad-mac-3.jpg\" class=\"preview\" alt=\"Verbinden Sie Ihr Handy via USB mit dem Computer\" srcset=\"https:\/\/www.tipard.de\/blog\/wp-content\/uploads\/2017\/05\/connect-ipad-mac-3.jpg 400w, https:\/\/www.tipard.de\/blog\/wp-content\/uploads\/2017\/05\/connect-ipad-mac-3-300x213.jpg 300w\" sizes=\"auto, (max-width: 400px) 100vw, 400px\" \/><\/div><br \/>\n<div class=\"article-step reverse\"><div class=\"context\"><h3><span class=\"stepShield\">Schritt 2<\/span>F\u00fcgen Sie Fotos vom iPad auf Ihren Computer hinzu<\/h3>Wenn Sie Ihr iPad mit dem Computer verbunden haben, w\u00e4hlen Sie die &#8222;Fotos&#8220;-Option und suchen Sie das Album auf dem Computer von dem Sie die Bilder auf Ihr iPad synchronisieren m\u00f6chten.<\/div><img loading=\"lazy\" decoding=\"async\" width=\"400\" height=\"284\" src=\"https:\/\/www.tipard.de\/blog\/wp-content\/uploads\/2017\/05\/add-photos.jpg\" class=\"preview\" alt=\"F\u00fcgen Sie Fotos vom iPad auf Ihren Computer hinzu\" srcset=\"https:\/\/www.tipard.de\/blog\/wp-content\/uploads\/2017\/05\/add-photos.jpg 400w, https:\/\/www.tipard.de\/blog\/wp-content\/uploads\/2017\/05\/add-photos-300x213.jpg 300w\" sizes=\"auto, (max-width: 400px) 100vw, 400px\" \/><\/div><br \/>\n<div class=\"article-step\"><div class=\"context\"><h3><span class=\"stepShield\">Schritt 3<\/span>Fotos in den iPad PhotoStream hochladen<\/h3>Klicken Sie den &#8222;Hinzuf\u00fcgen&#8220;-Button und \u00fcbertragen Sie Ihre Bilder auf dem Computer in einem Album oder Ordner. Jetzt k\u00f6nnen Sie die Bilder m\u00fchelos von Windows oder Mac auf Ihr iPad hochladen.<\/div><img loading=\"lazy\" decoding=\"async\" width=\"400\" height=\"113\" src=\"https:\/\/www.tipard.de\/blog\/wp-content\/uploads\/2017\/05\/upload-photos.jpg\" class=\"preview\" alt=\"Fotos in den iPad PhotoStream hochladen\" srcset=\"https:\/\/www.tipard.de\/blog\/wp-content\/uploads\/2017\/05\/upload-photos.jpg 400w, https:\/\/www.tipard.de\/blog\/wp-content\/uploads\/2017\/05\/upload-photos-300x85.jpg 300w\" sizes=\"auto, (max-width: 400px) 100vw, 400px\" \/><\/div><br \/>\n<\/div><\/p>\n","protected":false},"excerpt":{"rendered":"<p>Wenn Sie ein paar tolle Fotos mit Ihrer Canon oder Nikon aufgenommen haben, verspricht das Retina Display vom iPad das beste Vorschauerlebnis Ihrer Bilder. Sie m\u00fcssen nur noch die Bilder von Ihrem Computer auf Ihr iPad \u00fcbertragen. Dazu nutzen Sie am besten Tipard iPhone Transfer Ultimate, ein m\u00e4chtiges Tool, welches Ihnen dabei hilft, Fotos von [&hellip;]<\/p>\n","protected":false},"author":1,"featured_media":0,"parent":0,"menu_order":0,"comment_status":"closed","ping_status":"closed","template":"","meta":{"footnotes":""},"class_list":["post-192","page","type-page","status-publish","hentry"],"_links":{"self":[{"href":"https:\/\/www.tipard.de\/blog\/wp-json\/wp\/v2\/pages\/192","targetHints":{"allow":["GET"]}}],"collection":[{"href":"https:\/\/www.tipard.de\/blog\/wp-json\/wp\/v2\/pages"}],"about":[{"href":"https:\/\/www.tipard.de\/blog\/wp-json\/wp\/v2\/types\/page"}],"author":[{"embeddable":true,"href":"https:\/\/www.tipard.de\/blog\/wp-json\/wp\/v2\/users\/1"}],"replies":[{"embeddable":true,"href":"https:\/\/www.tipard.de\/blog\/wp-json\/wp\/v2\/comments?post=192"}],"version-history":[{"count":3,"href":"https:\/\/www.tipard.de\/blog\/wp-json\/wp\/v2\/pages\/192\/revisions"}],"predecessor-version":[{"id":700,"href":"https:\/\/www.tipard.de\/blog\/wp-json\/wp\/v2\/pages\/192\/revisions\/700"}],"wp:attachment":[{"href":"https:\/\/www.tipard.de\/blog\/wp-json\/wp\/v2\/media?parent=192"}],"curies":[{"name":"wp","href":"https:\/\/api.w.org\/{rel}","templated":true}]}}