{"id":1430,"date":"2017-11-27T16:18:37","date_gmt":"2017-11-27T16:18:37","guid":{"rendered":"http:\/\/www.tipard.de\/blog\/?page_id=1430"},"modified":"2017-11-27T16:18:37","modified_gmt":"2017-11-27T16:18:37","slug":"wie-sie-schnell-fotos-vom-iphone-loesen","status":"publish","type":"page","link":"https:\/\/www.tipard.de\/blog\/wie-sie-schnell-fotos-vom-iphone-loesen\/","title":{"rendered":"Wie Sie schnell Fotos vom iPhone l\u00f6sen"},"content":{"rendered":"<p><img loading=\"lazy\" decoding=\"async\" src=\"http:\/\/www.tipard.de\/blog\/wp-content\/uploads\/2017\/11\/dele-iphone-pic.jpg\" alt=\"\" width=\"600\" height=\"338\" class=\"alignnone size-full wp-image-1431\" srcset=\"https:\/\/www.tipard.de\/blog\/wp-content\/uploads\/2017\/11\/dele-iphone-pic.jpg 600w, https:\/\/www.tipard.de\/blog\/wp-content\/uploads\/2017\/11\/dele-iphone-pic-300x169.jpg 300w\" sizes=\"auto, (max-width: 600px) 100vw, 600px\" \/><\/p>\n<h2>Fotos vom iPhone l\u00f6schen <\/h2>\n<p>\u201eIch muss alle Fotos von meinem iPhone l\u00f6schen. Ich habe fast keinen Speicherplatz mehr und habe \u00fcber 1000 Bilder. Ich will sie direkt auf dem iPhone l\u00f6schen.\u201c Dies ist ein Kommentar eines iPhone Benutzers.<br \/>\nIn diesem Artikel zeigen wir Ihnen verschiedene Wege, um iPhone Fotos von Ihrem Ger\u00e4t zu entfernen. Sie k\u00f6nnen die f\u00fcr Sie passendste Methode ausw\u00e4hlen.<br \/>\nBevor Sie alle Fotos von Ihrem Ger\u00e4t l\u00f6schen sollten Sie sicherstellen, dass Sie ein Backup erstellen, falls Sie die Fotos doch eines Tages wiederherstellen m\u00f6chten.<\/p>\n<h2>Die Fotos direkt auf dem iPhone l\u00f6schen<\/h2>\n<p>Freuen Sie sich auf eine Methode, um Ihre Fotos schnell aus der iPhone Camera Roll zu l\u00f6schen.<br \/>\nGehen Sie zu \u201eMomenten\u201c in der Fotos app \u2013 benutzen Sie \u201eausw\u00e4hlen\u201c, um gew\u00fcnschte Fotos auszuw\u00e4hlen.<br \/>\nNotiz: Wenn Sie sich fragen, wie Sie Fotoalben l\u00f6schen \u2013 gehen Sie einfach zur Alben\u00fcbersicht und w\u00e4hlen die Alben aus.<br \/>\nSie k\u00f6nnen auch auf \u201eJahre\u201c \u2013 \u201eKollektionen\u201c \u2013 \u201eMomente\u201c gehen und \u201eAusw\u00e4hlen\u201c dr\u00fccken. So k\u00f6nnen Sie Bilder von z.B. einem ganzen Tag ausw\u00e4hlen. Dr\u00fccken Sie anschlie\u00dfend auf das M\u00fclleimer Icon, um die Bilder zu l\u00f6schen.<br \/>\nBilder vom iPhone zu l\u00f6schen kann eine echte Qual werden. Sie einzeln auszuw\u00e4hlen ist nicht besonders benutzerfreundlich. Sie m\u00f6chten vielleicht nicht alle Fotos auf Ihren PC \u00fcbertragen, um sie dort alle auf einmal zu l\u00f6schen. Lesen Sie jetzt weiter, um einen einfachen Weg zum L\u00f6schen Ihrer iPhone Fotos zu erfahren. <\/p>\n<h2>L\u00f6schen Sie alle iPhone Fotos mit nur einem Klick<\/h2>\n<p>F\u00fcr diese Methode ben\u00f6tigen Sie den Tipard iPhone Eraser. Es ist eine einfache L\u00f6sung, um Ihr iPhone zu verwalten und Fotos mit nur einem Klick zu l\u00f6schen.<br \/>\n<div class=\"article-steps\"><br \/>\n<div class=\"article-step\"><div class=\"context\"><h3><span class=\"stepShield\">Schritt 1<\/span>Downloaden und installieren Sie iPhone Eraser<\/h3><br \/>\nNachdem Sie die L\u00f6sung erfolgreich installiert haben k\u00f6nnen Sie sie \u00f6ffnen und Ihr iPhone mit dem Computer verbinden. Die L\u00f6sung wird Ihr Ger\u00e4t automatisch erkennen.<br \/>\n<\/div><img loading=\"lazy\" decoding=\"async\" width=\"400\" height=\"254\" src=\"https:\/\/www.tipard.de\/blog\/wp-content\/uploads\/2017\/11\/connect-iphone-1.jpg\" class=\"preview\" alt=\"Downloaden und installieren Sie iPhone Eraser\" srcset=\"https:\/\/www.tipard.de\/blog\/wp-content\/uploads\/2017\/11\/connect-iphone-1.jpg 400w, https:\/\/www.tipard.de\/blog\/wp-content\/uploads\/2017\/11\/connect-iphone-1-300x191.jpg 300w\" sizes=\"auto, (max-width: 400px) 100vw, 400px\" \/><\/div><br \/>\n<div class=\"article-step reverse\"><div class=\"context\"><h3><span class=\"stepShield\">Schritt 2<\/span>L\u00f6schlevel ausw\u00e4hlen<\/h3><br \/>\nSie sehen eine Tabelle mit verschiedenen Leveln des L\u00f6schens, entweder Niedrig, Medium oder Hoch. Klicken Sie \u201eOK\u201c, um die Einstellung festzusetzen.<br \/>\n<\/div><img loading=\"lazy\" decoding=\"async\" width=\"400\" height=\"254\" src=\"https:\/\/www.tipard.de\/blog\/wp-content\/uploads\/2017\/11\/choose-level.jpg\" class=\"preview\" alt=\"L\u00f6schlevel ausw\u00e4hlen\" srcset=\"https:\/\/www.tipard.de\/blog\/wp-content\/uploads\/2017\/11\/choose-level.jpg 400w, https:\/\/www.tipard.de\/blog\/wp-content\/uploads\/2017\/11\/choose-level-300x191.jpg 300w\" sizes=\"auto, (max-width: 400px) 100vw, 400px\" \/><\/div><br \/>\n<div class=\"article-step\"><div class=\"context\"><h3><span class=\"stepShield\">Schritt 3<\/span>L\u00f6schen Sie die Fotos mit einem Klick<\/h3><br \/>\nKlicken Sie den \u201eStart\u201c Button, um Fotos von Ihrem Ger\u00e4t zu entfernen.<br \/>\n<\/div><img loading=\"lazy\" decoding=\"async\" width=\"400\" height=\"225\" src=\"https:\/\/www.tipard.de\/blog\/wp-content\/uploads\/2017\/11\/dele-iphone-pic.jpg\" class=\"preview\" alt=\"L\u00f6schen Sie die Fotos mit einem Klick\" srcset=\"https:\/\/www.tipard.de\/blog\/wp-content\/uploads\/2017\/11\/dele-iphone-pic.jpg 600w, https:\/\/www.tipard.de\/blog\/wp-content\/uploads\/2017\/11\/dele-iphone-pic-300x169.jpg 300w\" sizes=\"auto, (max-width: 400px) 100vw, 400px\" \/><\/div><br \/>\n<\/div><br \/>\nMac Benutzer k\u00f6nnen iPhoto verwenden, um Fotos zu verwalten.<br \/>\n1.\t\u00d6ffnen Sie iPhoto auf dem Mac und verbinden Ihr iPhone.<br \/>\n2.\tKlicken Sie \u201eFotos importieren\u201c im Men\u00fc. iPhoto fordert Sie dazu auf importierte Fotos von Ihrem iPhone zu l\u00f6schen, sobald der Vorgang abgeschlossen ist.<br \/>\n3.\tKlicken Sie \u201eItems l\u00f6schen\u201c. Alle Fotos werden sofort von Ihrem iPhone gel\u00f6scht.<br \/>\nDas ist alles. Egal auf welche Weise Sie Ihre Fotos l\u00f6schen, sie sind alle schnell und werden Speicherplatz Ihres Ger\u00e4ts freigeben.<br \/>\n<div class=\"product-box\">\r\n<div class=\"pImg\"><img decoding=\"async\" src=\"http:\/\/tipard.de\/blog\/wp-content\/plugins\/tipard\/imgs\/iPhoneEraser.jpg\" alt=\"iPhone Eraser\"><\/div>\r\n<div class=\"context\"><a href=\"http:\/\/www.tipard.de\/iphone-data-eraser\/\" class=\"title\">iPhone Eraser<\/a><br \/><p>Haben Sie sich ein neues iPhone SE, iPhone plus gekauft und wollen Sie die Daten von Ihrem alten iPhone l\u00f6schen um es auf eBay verkaufen zu k\u00f6nnen? Bei der einfach Wiederherstellung oder dem L\u00f6schvorgang mittels Zur\u00fccksetzen auf Werkseinstellungen k\u00f6nnen Ihre Dateien nicht komplett entfernt werden. Tipard iPhone Eraser ist die erste Wahl, wenn Sie alle Daten Ihres iPhone permanent l\u00f6schen wollen und Ihre privaten Informationen vor Diebstahl sch\u00fctzen m\u00f6chten. Diese Software zum L\u00f6schen Ihrer Daten vom iPhone entfernt nicht nur alle Daten zuverl\u00e4ssig, sondern \u00fcberschreibt auch Ihren Speicherplatz mittels eines hochsicheren Verfahrens, sodass Ihre Daten unm\u00f6glich von Unbefugten wiederhergestellt werden k\u00f6nnen.<\/p><br \/><a href=\"http:\/\/www.tipard.de\/iphone-data-eraser\/\" class=\"more\">Mehr Erfahren<\/a><\/div>\r\n<\/div><\/p>\n","protected":false},"excerpt":{"rendered":"<p>Fotos vom iPhone l\u00f6schen \u201eIch muss alle Fotos von meinem iPhone l\u00f6schen. Ich habe fast keinen Speicherplatz mehr und habe \u00fcber 1000 Bilder. Ich will sie direkt auf dem iPhone l\u00f6schen.\u201c Dies ist ein Kommentar eines iPhone Benutzers. In diesem Artikel zeigen wir Ihnen verschiedene Wege, um iPhone Fotos von Ihrem Ger\u00e4t zu entfernen. Sie [&hellip;]<\/p>\n","protected":false},"author":1,"featured_media":0,"parent":0,"menu_order":0,"comment_status":"closed","ping_status":"closed","template":"","meta":{"footnotes":""},"class_list":["post-1430","page","type-page","status-publish","hentry"],"_links":{"self":[{"href":"https:\/\/www.tipard.de\/blog\/wp-json\/wp\/v2\/pages\/1430","targetHints":{"allow":["GET"]}}],"collection":[{"href":"https:\/\/www.tipard.de\/blog\/wp-json\/wp\/v2\/pages"}],"about":[{"href":"https:\/\/www.tipard.de\/blog\/wp-json\/wp\/v2\/types\/page"}],"author":[{"embeddable":true,"href":"https:\/\/www.tipard.de\/blog\/wp-json\/wp\/v2\/users\/1"}],"replies":[{"embeddable":true,"href":"https:\/\/www.tipard.de\/blog\/wp-json\/wp\/v2\/comments?post=1430"}],"version-history":[{"count":1,"href":"https:\/\/www.tipard.de\/blog\/wp-json\/wp\/v2\/pages\/1430\/revisions"}],"predecessor-version":[{"id":1433,"href":"https:\/\/www.tipard.de\/blog\/wp-json\/wp\/v2\/pages\/1430\/revisions\/1433"}],"wp:attachment":[{"href":"https:\/\/www.tipard.de\/blog\/wp-json\/wp\/v2\/media?parent=1430"}],"curies":[{"name":"wp","href":"https:\/\/api.w.org\/{rel}","templated":true}]}}