{"id":1410,"date":"2017-11-27T16:14:58","date_gmt":"2017-11-27T16:14:58","guid":{"rendered":"http:\/\/www.tipard.de\/blog\/?page_id=1410"},"modified":"2017-11-27T16:14:58","modified_gmt":"2017-11-27T16:14:58","slug":"wie-sie-ihr-android-geraet-auf-einfachste-weise-rooten","status":"publish","type":"page","link":"https:\/\/www.tipard.de\/blog\/wie-sie-ihr-android-geraet-auf-einfachste-weise-rooten\/","title":{"rendered":"Wie Sie ihr Android Ger\u00e4t auf einfachste Weise rooten"},"content":{"rendered":"<p><img loading=\"lazy\" decoding=\"async\" src=\"http:\/\/www.tipard.de\/blog\/wp-content\/uploads\/2017\/11\/root-android.jpg\" alt=\"\" width=\"696\" height=\"338\" class=\"alignnone size-full wp-image-1412\" srcset=\"https:\/\/www.tipard.de\/blog\/wp-content\/uploads\/2017\/11\/root-android.jpg 696w, https:\/\/www.tipard.de\/blog\/wp-content\/uploads\/2017\/11\/root-android-300x146.jpg 300w\" sizes=\"auto, (max-width: 696px) 100vw, 696px\" \/><\/p>\n<h2>Synchronisieren der Facebook Kontakte<\/h2>\n<p>Ihr Android zu rooten kann Ihnen viele Vorteile bringen, zum Beispiel das Deinstallieren von unn\u00f6tigen Apps und das Erweitern des Speicherplatzes. Viele Menschen entscheiden sich daf\u00fcr ihr Android Ger\u00e4t nicht zu rooten, da sie Angst haben es zu besch\u00e4digen. Sie haben Recht, denn wenn ein falsches Tool verwenden oder einen Schritt vergessen k\u00f6nnen Sie Ihr Ger\u00e4t stark besch\u00e4digen. Wir zeigen Ihnen hier, wie Sie Ihr Android Ger\u00e4t erfolgreich rooten. Folgen Sie den Schritten und Sie werden keine Probleme mit einem besch\u00e4digten Ger\u00e4t haben. Trotzdem m\u00fcssen Sie sich darauf einstellen, dass es einige Risiken mit sich bringt Ihr Android Ger\u00e4t zu rotten, w\u00e4hrend des Vorgangs, aber auch danach. Wenn Sie bereit sind, k\u00f6nnen wir jetzt starten.<br \/>\n\t<a href=\"#Part1\">Part 1. Vorbereitungen, um Ihr Android Ger\u00e4t zu rooten<\/a><br \/>\n\t<a href=\"#Part2\">Part 2. Rooten Sie Android Ger\u00e4t mit KingRoot auf dem PC<\/a><br \/>\n\t<a href=\"#Part3\">Part 3. Rooten Sie Ihr Android Ger\u00e4t mit Easy Rooting Toolkit auf dem Mac<\/a><br \/>\n\t<a href=\"#Part4\">Part 4. Rooten Sie Ihr Android mit Towel Root APK<\/a><br \/>\n\t<a href=\"#Part5\">Part 5. Rooten Sie Ihr Android mit RootMaster<\/a><\/p>\n<h2>Part 1. Vorbereitungen, um Ihr Android Ger\u00e4t zu rooten<\/h2>\n<h3>1.\tErstellen Sie ein Backup Ihrer Android Daten<\/h3>\n<p>Bevor Sie Ihr Android Ger\u00e4t rooten sollten Sie ein Backup all Ihrer Daten erstellen. Falls Sie eine L\u00f6sung ben\u00f6tigen, um ein Backup zu machen empfehlen wir Ihnen Tipard Android Data Recovery. Es kann nicht nur Daten Ihres Android Ger\u00e4tes wiederherstellen, sondern auch Daten vom Smartphone auf den PC exportieren. Au\u00dferdem ist dieses Backup Tool einfach zu verwenden.<br \/>\n<div class=\"article-steps\"><br \/>\n<div class=\"article-step\"><div class=\"context\"><h3><span class=\"stepShield\">Schritt 1<\/span>Laden Sie die neueste Version von Android Data Recovery herunter und installieren es auf Ihrem Computer.<\/h3><br \/>\n<\/div><img loading=\"lazy\" decoding=\"async\" width=\"400\" height=\"255\" src=\"https:\/\/www.tipard.de\/blog\/wp-content\/uploads\/2017\/11\/tp-android-data-recovery.jpg\" class=\"preview\" alt=\"Laden Sie die neueste Version von Android Data Recovery herunter und installieren es auf Ihrem Computer.\" srcset=\"https:\/\/www.tipard.de\/blog\/wp-content\/uploads\/2017\/11\/tp-android-data-recovery.jpg 600w, https:\/\/www.tipard.de\/blog\/wp-content\/uploads\/2017\/11\/tp-android-data-recovery-300x191.jpg 300w\" sizes=\"auto, (max-width: 400px) 100vw, 400px\" \/><\/div><br \/>\n<div class=\"article-step reverse\"><div class=\"context\"><h3><span class=\"stepShield\">Schritt 2<\/span>Verbinden Sie Ihr Android Ger\u00e4t via USB Kabel mit dem Computer und \u00f6ffnen Android Phone Recovery. Die L\u00f6sung wird Ihr Ger\u00e4t automatisch erkennen und Ihnen eine Anleitung zum anmachen des USB Debugging Modus geben.<\/h3><br \/>\n<\/div><img loading=\"lazy\" decoding=\"async\" width=\"400\" height=\"288\" src=\"https:\/\/www.tipard.de\/blog\/wp-content\/uploads\/2017\/11\/tp-authorize-android.jpg\" class=\"preview\" alt=\"Verbinden Sie Ihr Android Ger\u00e4t via USB Kabel mit dem Computer und \u00f6ffnen Android Phone Recovery. Die L\u00f6sung wird Ihr Ger\u00e4t automatisch erkennen und Ihnen eine Anleitung zum anmachen des USB Debugging Modus geben.\" srcset=\"https:\/\/www.tipard.de\/blog\/wp-content\/uploads\/2017\/11\/tp-authorize-android.jpg 600w, https:\/\/www.tipard.de\/blog\/wp-content\/uploads\/2017\/11\/tp-authorize-android-300x216.jpg 300w\" sizes=\"auto, (max-width: 400px) 100vw, 400px\" \/><\/div><br \/>\n<div class=\"article-step\"><div class=\"context\"><h3><span class=\"stepShield\">Schritt 3<\/span>Gehen Sie auf den Android Daten Tab und w\u00e4hlen die Dateien aus, von denen Sie ein Backup brauchen.<br \/>\nDaten ausw\u00e4hlen<\/h3><br \/>\n<\/div><img loading=\"lazy\" decoding=\"async\" width=\"400\" height=\"255\" src=\"https:\/\/www.tipard.de\/blog\/wp-content\/uploads\/2017\/11\/tp-choose-data.jpg\" class=\"preview\" alt=\"Gehen Sie auf den Android Daten Tab und w\u00e4hlen die Dateien aus, von denen Sie ein Backup brauchen.&lt;br \/&gt;\nDaten ausw\u00e4hlen\" srcset=\"https:\/\/www.tipard.de\/blog\/wp-content\/uploads\/2017\/11\/tp-choose-data.jpg 600w, https:\/\/www.tipard.de\/blog\/wp-content\/uploads\/2017\/11\/tp-choose-data-300x192.jpg 300w\" sizes=\"auto, (max-width: 400px) 100vw, 400px\" \/><\/div><br \/>\n<div class=\"article-step\"><div class=\"context noPreview\"><h3><span class=\"stepShield\">Schritt 4<\/span>Anschlie\u00dfend k\u00f6nnen Sie einen Speicherort ausw\u00e4hlen und Ihr Backup wird erstellt.<\/h3><br \/>\n<\/div><\/div><br \/>\n<\/div><\/p>\n<h3>2.\tInstallieren Sie Android SDK L\u00f6sungen <\/h3>\n<p>Wenn Sie sich daf\u00fcr entscheiden Ihr Android mithilfe des PCs zu rooten m\u00fcssen Sie Android SDK Tools auf Ihrem Computer installieren. Sie finden Android SDK Tools auf der Google Entwickler Seite.<br \/>\nSchritt 1:Nachdem Sie die SDK Tools installiert haben k\u00f6nnen Sie sie \u00f6ffnen und \u00fcberpr\u00fcfen, ob Sie nur die Android SDK Plattform-Tools Option ausgew\u00e4hlt haben.<br \/>\nSchritt 2: Klicken Sie auf 2 Pakete installieren in der unteren rechten Ecke, um fortzufahren.<br \/>\nSchritt 3: Akzeptieren Sie die Lizenz und dr\u00fccken installieren, um den Download Prozess zu beenden.<br \/>\nInstallieren Sie Android SDK Tools<\/p>\n<h3>3.\tW\u00e4hlen Sie ein angemessenes Tool aus<\/h3>\n<p>Es gibt inzwischen einige Android Root Tools auf dem Markt. Um Ihr Android Ger\u00e4t erfolgreich und problemlos zu rooten m\u00fcssen Sie ein angemessenes und seri\u00f6ses Tool ausw\u00e4hlen. Wir haben f\u00fcnf Android Rooting Tools getestet, darunter KingRoot, CFRoot, Towelroot, Kingo Root und Easy Rooting Toolkit. Alle L\u00f6sungen unterst\u00fctzen das Rooten mit nur einem Klick.<br \/>\nKingRoot ist passend f\u00fcr Android 2.0 bis 5.0 und unterst\u00fctzt sogar einige Android 6.0 Ger\u00e4te.<br \/>\nCFRoot unterst\u00fctzt die meisten Android 6.0 Ger\u00e4te.<br \/>\nTowelroot unterst\u00fctzt eher die \u00e4lteren Smartphone Modelle.<br \/>\nKingo ist das einzige Tool mit dem wir Android 7.0 Ger\u00e4te rooten konnten.<br \/>\nDie oben genannten L\u00f6sungen sind nur f\u00fcr Windows verf\u00fcgbar. Easy Rooting Toolkit kann auf Windows, Linux und Mac verwendet werden. <\/p>\n<h2>Part 2. Rooten Sie Android Ger\u00e4t mit KingRoot auf dem PC<\/h2>\n<p>Der Vorgang des Rootens mit den nun genannten L\u00f6sungen verl\u00e4uft ziemlich \u00e4hnlich. Wir verwenden KingRoot hier als Besipiel.<br \/>\n<strong>KingRoot<\/strong><br \/>\n<img loading=\"lazy\" decoding=\"async\" src=\"http:\/\/www.tipard.de\/blog\/wp-content\/uploads\/2017\/11\/kingroot.jpg\" alt=\"\" width=\"600\" height=\"367\" class=\"alignnone size-full wp-image-1411\" srcset=\"https:\/\/www.tipard.de\/blog\/wp-content\/uploads\/2017\/11\/kingroot.jpg 600w, https:\/\/www.tipard.de\/blog\/wp-content\/uploads\/2017\/11\/kingroot-300x184.jpg 300w\" sizes=\"auto, (max-width: 600px) 100vw, 600px\" \/><br \/>\nSchritt 1: Downloaden und installieren Sie die neueste Version von KingRoot auf Ihrem Computer und \u00f6ffnen sie.<br \/>\nSchritt 2: Rebooten Sie Ihr Android Handy, indem Sie den Power und Lautst\u00e4rke Leiser Button gleichzeitig gedr\u00fcckt halten. Ihr Handy wird in den Fastboot Modus versetzt. Stellen Sie sicher, dass Ihr Ger\u00e4t mehr als 50% Akku hat. Schlie\u00dfen Sie Ihr Ger\u00e4t an den Computer an und erlauben USB Debugging und OEM Unlocking.<br \/>\nSchritt 3: Klicken Sie den Rooten Starten Button in der Oberfl\u00e4che von KingRoot. Die L\u00f6sung erledigt den Rest von alleine.<br \/>\nSchritt 4: Warten Sie solange, bis die Nachricht \u201cRooten erfolgreich\u201d in KingRoot erscheint. Das bedeutet, dass Ihr Smartphone gerootet ist. <\/p>\n<h2>Part 3. Rooten Sie Ihr Android Ger\u00e4t mit Easy Rooting Toolkit auf dem Mac<\/h2>\n<p>Es gibt verschiedene Android Root Tools, welche auch f\u00fcr Mac OS X verf\u00fcgbar sind, wie zum Beispiel Easy Rooting Toolkit. Es ist eine kostenlose L\u00f6sung, welche eine Vielzahl an Telefonmodellen unterst\u00fctzt.<br \/>\n<strong>Easy Rooting Toolkit<\/strong><br \/>\n<img loading=\"lazy\" decoding=\"async\" src=\"http:\/\/www.tipard.de\/blog\/wp-content\/uploads\/2017\/11\/easy-rooting-toolkit.jpg\" alt=\"\" width=\"600\" height=\"235\" class=\"alignnone size-full wp-image-1425\" srcset=\"https:\/\/www.tipard.de\/blog\/wp-content\/uploads\/2017\/11\/easy-rooting-toolkit.jpg 600w, https:\/\/www.tipard.de\/blog\/wp-content\/uploads\/2017\/11\/easy-rooting-toolkit-300x118.jpg 300w\" sizes=\"auto, (max-width: 600px) 100vw, 600px\" \/><br \/>\nSchritt 1: Downloaden Sie das Easy Rooting Toolkit und das neueste Update Ihres Mac Computers von AndroidRootz.com.<br \/>\nSchritt 2: \u00d6ffnen Sie den Fastboot Modus Ihres Android Ger\u00e4ts und \u00f6ffnen USB Debugging, sowie OEM Unlocking. Verbinden Sie Ihr Ger\u00e4t via USB Kabel mit dem Mac.<br \/>\nSchritt 3: Unzipen Sie die Download Datei und \u00f6ffnen RUNME.bat. Pressen Sie die Eingabe Taste, um das Rooten zu starten.<br \/>\nSchritt 4: W\u00e4hlen Sie den Wiederherstellungsmodus aus und halten den Power Button Ihres Androids gedr\u00fcckt, um in den Widerherstellungsmodus zu gelangen.<br \/>\nSchritt 5: Rebooten Sie Ihr Ger\u00e4t, indem Sie Super SU im CWM Recovery Modus der SD Karte \u00f6ffnen. Der Rooting Vorgang ist danach abgeschlossen.<br \/>\nNach dem Rooten k\u00f6nnen Sie Ihr Android Ger\u00e4t ganz einfach rebooten und den Root Status Pr\u00fcfer verwenden um zu sehen, ob Sie Ihr Ger\u00e4t tats\u00e4chlich gerootet haben. <\/p>\n<h2>Part 4. Rooten Sie Ihr Android mit Towel Root APK<\/h2>\n<p>Immer mehr Nutzer benutzen nur noch ihr Smartphone und keinen Computer mehr. Um diesem Trend zu folgen haben Entwickler viele Android APKs zum rooten ver\u00f6ffentlicht. Diese APKs helfen Ihnen dabei Ihr Ger\u00e4t ohne Computer zu rooten. Wir zeigen Ihnen hier ein Beispiel anhand von Towel Root APK.<br \/>\n<strong>Towel Root APK<\/strong><br \/>\n<img loading=\"lazy\" decoding=\"async\" src=\"http:\/\/www.tipard.de\/blog\/wp-content\/uploads\/2017\/11\/towel-root-apk.jpg\" alt=\"\" width=\"600\" height=\"336\" class=\"alignnone size-full wp-image-1414\" srcset=\"https:\/\/www.tipard.de\/blog\/wp-content\/uploads\/2017\/11\/towel-root-apk.jpg 600w, https:\/\/www.tipard.de\/blog\/wp-content\/uploads\/2017\/11\/towel-root-apk-300x168.jpg 300w\" sizes=\"auto, (max-width: 600px) 100vw, 600px\" \/><br \/>\nSchritt 1: Entsperren Sie Ihr Ger\u00e4t, \u00f6ffnen die Einstellungen und lassen \u201cUnbekannte Quellen\u201d in der Ger\u00e4tesicherheit zu. Wenn Sie diesen Schritt \u00fcberspringen k\u00f6nnen Sie APK nicht installieren.<br \/>\nSchritt 2: Downloaden Sie Towel Root APK von der offiziellen Seite in Ihrem Smartphone-Browser. Klicken Sie die gedownloadete APK an und installieren es auf dem Android Ger\u00e4t.<br \/>\nSchritt 3: \u00d6ffnen Sie die TowelToot App und dr\u00fccken auf den make it ra1n button. Wenn Ihr Ger\u00e4t unterst\u00fctzt wird f\u00e4ngt TowelRoot direct mit dem rooten an, wenn nicht m\u00fcssen Sie andere Android APKs ausprobieren.<br \/>\nSchritt 4: Wenn Sie die Benachrichtigung bekommen, dass Ihr Ger\u00e4t erfolgreich gerootet wurde, k\u00f6nnen Sie es wie ein Entwickler verwenden.  If your handset is supported, TowelRoot will start rooting it immediately. Otherwise, you have to try other root Android APKs.<\/p>\n<h2>Part 5. Rooten Sie Ihr Android mit RootMaster <\/h2\nManchmal ist es schwer ein Android Handy zu rooten, aber oft ist es notwendig, um ein bestimmtes Problem zu l\u00f6sen.\n<strong>RootMaster<\/strong><br \/>\n<img loading=\"lazy\" decoding=\"async\" src=\"http:\/\/www.tipard.de\/blog\/wp-content\/uploads\/2017\/11\/rootmaster.jpg\" alt=\"\" width=\"600\" height=\"546\" class=\"alignnone size-full wp-image-1413\" srcset=\"https:\/\/www.tipard.de\/blog\/wp-content\/uploads\/2017\/11\/rootmaster.jpg 600w, https:\/\/www.tipard.de\/blog\/wp-content\/uploads\/2017\/11\/rootmaster-300x273.jpg 300w\" sizes=\"auto, (max-width: 600px) 100vw, 600px\" \/><br \/>\nSchritt 1: Downloaden Sie die App<br \/>\nZuerst m\u00fcssen Sie RootMaster auf Ihrem privaten Computer herunterladen.<br \/>\nSchritt 2: Apps installieren<br \/>\nNachem Sie die L\u00f6sung gedownloadet haben, installieren Sie sie auf dem Computer und Ihrem Android.<br \/>\nSchritt 3: Debuggen des PCs und des Androids<br \/>\n\u00d6ffnen Sie Ihr Android und gehen zu den Einstellungen. Gehen Sie zum Debugging Modus.<br \/>\nSchritt 4: Verbinden Sie Ihr Android mit dem PC<br \/>\nNachdem Sie den Debugging Modus erlauben, k\u00f6nnen Sie Ihr Android Ger\u00e4t via USB Kabel mit dem PC verbinden.<br \/>\nSchritt 5: \u00d6ffnen Sie RootMaster<br \/>\n\u00d6ffnen Sie den installierten RootMaster auf Ihrem PC. Sie werden eine neue Oberfl\u00e4che sehen. Klicken Sie \u201eRooten\u201c, um den Vorgang zu starten. Warten Sie, bis Sie eine Benachrichtigung bekommen, dass der Vorgang abgeschlossen wurde. <\/p>\n<h3>Zusammenfassung<\/h3>\n<p>Durch eine k\u00fcrzliche Umfrage wurde festgestellt, dass Android inzwischen beliebter als iOS ist und somit das gr\u00f6\u00dfte Mobile Betriebssystem in den USA ist. Android ist belibet, vor allem weil es ein open-source Betriebssystem hat. F\u00fcr die Leute, die ihr Ger\u00e4t noch besser kontrollieren m\u00f6chten ist rooten eine gute M\u00f6glichkeit. Wir haben Ihnen in diesem Artikel einige Tutorials gezeigt, von der Vorbereitung bis zu unterschiedlichen Tools zum rooten. Das wichtigste, wenn Sie Ihr Ger\u00e4t rooten m\u00f6chten, ist eine angemessene und seri\u00f6se L\u00f6sung auszuw\u00e4hlen, damit Sie keine Sch\u00e4den an Ihrem Ger\u00e4t verursachen. Falls Sie noch Fragen haben lassen Sie es uns gerne in den Kommentaren wissen. <\/p>\n","protected":false},"excerpt":{"rendered":"<p>Synchronisieren der Facebook Kontakte Ihr Android zu rooten kann Ihnen viele Vorteile bringen, zum Beispiel das Deinstallieren von unn\u00f6tigen Apps und das Erweitern des Speicherplatzes. Viele Menschen entscheiden sich daf\u00fcr ihr Android Ger\u00e4t nicht zu rooten, da sie Angst haben es zu besch\u00e4digen. Sie haben Recht, denn wenn ein falsches Tool verwenden oder einen Schritt [&hellip;]<\/p>\n","protected":false},"author":1,"featured_media":0,"parent":0,"menu_order":0,"comment_status":"closed","ping_status":"closed","template":"","meta":{"footnotes":""},"class_list":["post-1410","page","type-page","status-publish","hentry"],"_links":{"self":[{"href":"https:\/\/www.tipard.de\/blog\/wp-json\/wp\/v2\/pages\/1410","targetHints":{"allow":["GET"]}}],"collection":[{"href":"https:\/\/www.tipard.de\/blog\/wp-json\/wp\/v2\/pages"}],"about":[{"href":"https:\/\/www.tipard.de\/blog\/wp-json\/wp\/v2\/types\/page"}],"author":[{"embeddable":true,"href":"https:\/\/www.tipard.de\/blog\/wp-json\/wp\/v2\/users\/1"}],"replies":[{"embeddable":true,"href":"https:\/\/www.tipard.de\/blog\/wp-json\/wp\/v2\/comments?post=1410"}],"version-history":[{"count":9,"href":"https:\/\/www.tipard.de\/blog\/wp-json\/wp\/v2\/pages\/1410\/revisions"}],"predecessor-version":[{"id":1427,"href":"https:\/\/www.tipard.de\/blog\/wp-json\/wp\/v2\/pages\/1410\/revisions\/1427"}],"wp:attachment":[{"href":"https:\/\/www.tipard.de\/blog\/wp-json\/wp\/v2\/media?parent=1410"}],"curies":[{"name":"wp","href":"https:\/\/api.w.org\/{rel}","templated":true}]}}