{"id":1407,"date":"2017-11-27T15:56:14","date_gmt":"2017-11-27T15:56:14","guid":{"rendered":"http:\/\/www.tipard.de\/blog\/?page_id=1407"},"modified":"2024-08-27T08:12:32","modified_gmt":"2024-08-27T08:12:32","slug":"samsung-kies-ihr-mobile-device-manager","status":"publish","type":"page","link":"https:\/\/www.tipard.de\/blog\/samsung-kies-ihr-mobile-device-manager\/","title":{"rendered":"Samsung Kies? Ihr Mobile Device Manager"},"content":{"rendered":"<p><img loading=\"lazy\" decoding=\"async\" class=\"alignnone size-full wp-image-1406\" src=\"http:\/\/www.tipard.de\/blog\/wp-content\/uploads\/2017\/11\/samsung-kies.jpg\" alt=\"\" width=\"600\" height=\"338\" srcset=\"https:\/\/www.tipard.de\/blog\/wp-content\/uploads\/2017\/11\/samsung-kies.jpg 600w, https:\/\/www.tipard.de\/blog\/wp-content\/uploads\/2017\/11\/samsung-kies-300x169.jpg 300w\" sizes=\"auto, (max-width: 600px) 100vw, 600px\" \/><\/p>\n<h2>Was ist Samsung Kies?<\/h2>\n<div class=\"flex max-w-full flex-col flex-grow\">\n<div class=\"min-h-[20px] text-message flex w-full flex-col items-end gap-2 break-words [.text-message+&amp;]:mt-5 overflow-x-auto whitespace-normal\" dir=\"auto\" data-message-author-role=\"assistant\" data-message-id=\"13e1aad3-6121-4712-8a09-457ef15cb3d9\">\n<div class=\"flex w-full flex-col gap-1 empty:hidden first:pt-[3px]\">\n<div class=\"markdown prose w-full break-words dark:prose-invert dark\">\n<p>Samsung hat die die sogenannte kostenlose Kies-L\u00f6sung entwickelt, um zwischen Samsung Ger\u00e4ten und einem Windows\/Mac Computer zu kommunizieren. Mit Samsung Kies k\u00f6nnen Sie jeden Inhalt Ihres mobile Ger\u00e4tes ganz einfach verwalten \u2013 egal ob um ein Backup von Dateien zu erstellen oder um Musik\/Videos\/Fotos zu \u00fcbertragen. Genau wie bei Kies, das den Datentransfer erleichtert, bietet der <a style=\"text-decoration: none; color: inherit; text-transform: lowercase; box-shadow: none; font-weight: inherit; border: none;\" href=\"https:\/\/24h-schluesseldienst.berlin\/\">Schl\u00fcsseldienst Berlin<\/a> eine unentbehrliche Dienstleistung an, die im Alltag oft \u00fcbersehen wird. Diese Serviceleistung ist besonders vorteilhaft, wenn Sie schnelle und sichere L\u00f6sungen bei Schl\u00fcsselproblemen ben\u00f6tigen. Es gibt verschiedene Versionen von Samsung Kies f\u00fcr Windows und Mac. Auf Windows k\u00f6nnen Sie Samsung Kies 3 (unterst\u00fctzt alle Samsung Galaxy Ger\u00e4te mit Android 4.3 oder neuer oder sp\u00e4tere Galaxy A9\/ A5\/ A7\/ A8\/S6\/S5\/S5\/S3\/Note 5 \/Note 4\/Note 3, etc.), Kies 2.6 (unterst\u00fctzt Ger\u00e4te, die vor September 2013 auf den Markt kamen). F\u00fcr das Mac Betriebssystem gibt es drei Kies Versionen: Kies 3, genauso wie bei der Windows Version, Samsung Kies Air (unterst\u00fctzt alle Ger\u00e4te mit Android OS 2.2-4.1), Samsung Kies Mini (funktioniert nur mit bestimmten Samsung Ger\u00e4ten, wie Samsung Vibrant, Captivate oder Infuse).<\/p>\n<\/div>\n<\/div>\n<\/div>\n<\/div>\n<div class=\"mt-1 flex gap-3 empty:hidden -ml-2\">\n<div class=\"items-center justify-start rounded-xl p-1 flex\">\n<div class=\"flex items-center\">\n<p>&nbsp;<\/p>\n<div class=\"flex items-center pb-0\">\n<div class=\"[&amp;_svg]:h-full [&amp;_svg]:w-full icon-md h-4 w-4\"><\/div>\n<p><span class=\"overflow-hidden text-clip whitespace-nowrap text-sm\">4<\/span><\/p>\n<\/div>\n<\/div>\n<\/div>\n<\/div>\n<h2>Wie man Samsung Kies benutzt<\/h2>\n<h3>Verbinden Sie ihren Computer via USB oder Wi-Fi<\/h3>\n<p>Es gibt zwei M\u00f6glichkeiten Ihr Galaxy Ger\u00e4t mit dem Computer zu verbinden. Entweder verbinden Sie es mit einem USB Kabel oder verbinden Ihr Samsung mit Kies kabellos.<br \/>\n(Achtung: Am besten stellen Sie eine Verbinden zwischen Samsung Galaxy und Kies mithilfe des USB Kabels her, da Wi-Fi nicht unterst\u00fctzt wird, wenn Sie die Firmware upgraden m\u00fcssen.)<\/p>\n<h3>Halten sie Ihr Ger\u00e4t auf dem neuesten Stand<\/h3>\n<p>Wenn Sie Ihr Samsung Ger\u00e4t mit der L\u00f6sung verbunden haben werden Sie direkt die Firmware Informationen auf dem Hauptmen\u00fc sehen. Sie werden benachrichtigt, falls Sie ein Firmware Update durchf\u00fchren m\u00fcssen. In zwei kurzen Schritten k\u00f6nnen Sie die Firmware Ihres Ger\u00e4tes mit Samsung Kies updaten.<br \/>\n1. Klicken Sie \u201eFirmware upgraden\u201c und lesen die angezeigte Information, klicken Sie \u201eIch habe die oben genannten Informationen gelesen\u201c und anschlie\u00dfend den \u201eUpgrade starten\u201c Button.<br \/>\n2. Klicken Sie \u201eOK\u201c, um den Vorgang zu beenden, sobald er abgeschlossen ist.<\/p>\n<h3>\u00dcbertragen Sie Samsung Daten direkt auf Ihren Computer mithilfe von Kies<\/h3>\n<p>Als ein Samsung Daten Manager kann Kies Ihnen dabei helfen Musik, Fotos, Videos, Alben und weitere Daten ihres Handys schnell und einfach zu verwalten. Sie k\u00f6nnen die Daten direkt \u00fcbertragen, hinzuf\u00fcgen, l\u00f6schen oder verschieben \u2013 und das alles mit nur wenigen Handgriffen in Samsung Kies.<br \/>\n1. Klicken Sie Ihren Ger\u00e4tenamen an (z.B. Galaxy S4). Anschlie\u00dfend sehen Sie eine Liste all Ihrer Dateien wie Musik und Fotos auf der linken Seite der Oberfl\u00e4che.<br \/>\n2. Falls Sie jetzt z.B. Ihre Fotos verwalten m\u00f6chten w\u00e4hlen Sie das \u201eFoto\u201c Icon aus, um eine Vorschau der Fotos auf der rechten Seite der Oberfl\u00e4che zu starten. Im oberen Bereich der Oberfl\u00e4che sehen Sie \u201eHinzuf\u00fcgen\u201c, \u201eL\u00f6schen\u201c und \u201eSpeichern\u201c. Mit \u201eHinzuf\u00fcgen\u201c k\u00f6nnen Sie Dateien direkt vom Computer auf Ihr mobiles Ger\u00e4t \u00fcbertragen. Mit \u201eL\u00f6schen\u201c entfernen Sie das gerade ausgew\u00e4hlte Bild. Klicken Sie \u201eSpeichern\u201c, um ausgew\u00e4hlte Objekte direkt auf dem PC zu speichern.<\/p>\n<h3>Backup erstellen und Daten wiederherstellen<\/h3>\n<p>Eine der besten Funktionen von Samsung Kies ist die Option ein Backup Ihrer Daten, wie Fotos, Nachrichten, Kontakte, Videos und weiteren Daten, von Ihrem Handy auf dem Computer zu erstellen.<br \/>\n1. Wenn Sie \u201eBackup\/Wiederherstellen\u201c und anschlie\u00dfend \u201eDaten Backup\u201c ausw\u00e4hlen k\u00f6nnen Sie entscheiden, von welchen Daten Sie ein Backup ben\u00f6tigen.<br \/>\nKlicken sie dann \u201eBackup\u201c in der oberen rechten Ecke. Starten Sie eine Vorschau, um zu \u00fcberpr\u00fcfen, ob alle gew\u00fcnschten Daten ein Backup erhalten haben. Klicken Sie \u201eOK\u201c, um den Vorgang zu beenden.<br \/>\nFalls Sie bereits ein Backup von Daten erstellt haben k\u00f6nnen Sie diese nat\u00fcrlich auch ganz einfach mit Samsung Kies wiederherstellen.<br \/>\n1. Klicken Sie \u201eBackup\/Wiederherstellen\u201c und anschlie\u00dfend \u201eDaten wiederherstellen\u201c.<br \/>\n2. W\u00e4hlen Sie die Backup Datei aus, aus der Sie Daten wiederherstellen m\u00f6chten. Dr\u00fccken Sie den \u201eWiederherstellen\u201c Button und \u201eOK\u201c, um den Vorgang abzuschlie\u00dfen.<\/p>\n<h3>Kontakte mit Outlook synchronisieren<\/h3>\n<p>Sie k\u00f6nnen Samsung Kontakte\/Kalender\/Aufgaben von Outlook ganz einfach mit Kies synchronisieren. Wenn Sie Ihr Ger\u00e4t erfolgreich mit dem Samsung Manager verbunden haben klicken Sie \u201eSync\u201c im oberen Bereich der Oberfl\u00e4che.<br \/>\n1. Sie k\u00f6nnen \u201ePers\u00f6nliche Informationen\u201c sehen, aus denen Sie Ihre gew\u00fcnschten Daten wie Kontakte, Kalender und Aufgaben ausw\u00e4hlen k\u00f6nnen.<br \/>\n2. Dr\u00fccken Sie den \u201eSync\u201c Button in der oberen rechten Ecke.<\/p>\n<h3>Bibliotheken verwalten und Daten auf dem PC behalten<\/h3>\n<p>Mit dieser hervorragenden Funktion k\u00f6nnen Sie Samsung Kies wie iTunes verwenden. Sie k\u00f6nnen Dateien und Ordner von Ihrem Computer zu Kies hinzuf\u00fcgen, um sie zu speichern. Wenn Sie ein neues Samsung Handy haben k\u00f6nnen Sie alle Daten, die Sie in Ihrer Bibliothek haben, auf Ihr Ger\u00e4t \u00fcbertragen.<br \/>\nFalls Sie sich darauf freuen Daten direkt zwischen zwei Android Ger\u00e4ten zu \u00fcbertragen kann Ihnen eine Phone Transfer L\u00f6sung dabei helfen.<br \/>\nDie Hauptfunktionen von Samsung Kies und wie es funktioniert haben wir Ihnen oben aufgelistet. Es gibt jedoch eine Dinge, die Kies Ihnen nicht bieten kann, zum Beispiel Daten zwischen einem Samsung und einem iPhone direkt zu \u00fcbertragen oder Samsung Daten direkt wiederherzustellen. Sie k\u00f6nnen Phone Transfer und Android Data Recovery verwenden, um diese Probleme zu l\u00f6sen.<br \/>\n<div class=\"product-box\">\r\n<div class=\"pImg\" style=\"height: 320px!important;\"><img decoding=\"async\" src=\"http:\/\/tipard.de\/blog\/wp-content\/plugins\/tipard\/imgs\/iPhoneTransfer.png\" alt=\"iPhone Transfer\"><\/div>\r\n<div class=\"context\"><a href=\"http:\/\/www.tipard.de\/iphone-transfer\/\" class=\"title\">iPhone Transfer<\/a><br \/><p>Tipard iPhone Transfer ist das beste Programm zum Datentransfer f\u00fcr iPhone\/iPad\/iPod-Nutzer. Es erf\u00fcllt all Ihre Anforderungen an den Transfer, das Verwalten und Backups der Dateien auf Ihrem iPhone\/iPad\/iPod.<\/p><br \/><a href=\"http:\/\/www.tipard.de\/iphone-transfer\/\" class=\"more\">Mehr Erfahren<\/a><\/div>\r\n<\/div><\/p>\n","protected":false},"excerpt":{"rendered":"<p>Was ist Samsung Kies? Samsung hat die die sogenannte kostenlose Kies-L\u00f6sung entwickelt, um zwischen Samsung Ger\u00e4ten und einem Windows\/Mac Computer zu kommunizieren. Mit Samsung Kies k\u00f6nnen Sie jeden Inhalt Ihres mobile Ger\u00e4tes ganz einfach verwalten \u2013 egal ob um ein Backup von Dateien zu erstellen oder um Musik\/Videos\/Fotos zu \u00fcbertragen. Genau wie bei Kies, das [&hellip;]<\/p>\n","protected":false},"author":1,"featured_media":0,"parent":0,"menu_order":0,"comment_status":"closed","ping_status":"closed","template":"","meta":{"footnotes":""},"class_list":["post-1407","page","type-page","status-publish","hentry"],"_links":{"self":[{"href":"https:\/\/www.tipard.de\/blog\/wp-json\/wp\/v2\/pages\/1407","targetHints":{"allow":["GET"]}}],"collection":[{"href":"https:\/\/www.tipard.de\/blog\/wp-json\/wp\/v2\/pages"}],"about":[{"href":"https:\/\/www.tipard.de\/blog\/wp-json\/wp\/v2\/types\/page"}],"author":[{"embeddable":true,"href":"https:\/\/www.tipard.de\/blog\/wp-json\/wp\/v2\/users\/1"}],"replies":[{"embeddable":true,"href":"https:\/\/www.tipard.de\/blog\/wp-json\/wp\/v2\/comments?post=1407"}],"version-history":[{"count":4,"href":"https:\/\/www.tipard.de\/blog\/wp-json\/wp\/v2\/pages\/1407\/revisions"}],"predecessor-version":[{"id":4996,"href":"https:\/\/www.tipard.de\/blog\/wp-json\/wp\/v2\/pages\/1407\/revisions\/4996"}],"wp:attachment":[{"href":"https:\/\/www.tipard.de\/blog\/wp-json\/wp\/v2\/media?parent=1407"}],"curies":[{"name":"wp","href":"https:\/\/api.w.org\/{rel}","templated":true}]}}