{"id":1381,"date":"2017-11-27T15:35:13","date_gmt":"2017-11-27T15:35:13","guid":{"rendered":"http:\/\/www.tipard.de\/blog\/?page_id=1381"},"modified":"2017-11-27T15:35:13","modified_gmt":"2017-11-27T15:35:13","slug":"wie-sie-von-ihrem-android-geloeschte-fotos-wiederherstellen","status":"publish","type":"page","link":"https:\/\/www.tipard.de\/blog\/wie-sie-von-ihrem-android-geloeschte-fotos-wiederherstellen\/","title":{"rendered":"Wie Sie von Ihrem Android gel\u00f6schte Fotos wiederherstellen"},"content":{"rendered":"<p><img loading=\"lazy\" decoding=\"async\" src=\"http:\/\/www.tipard.de\/blog\/wp-content\/uploads\/2017\/11\/recover-deleted-photos-android.jpg\" alt=\"\" width=\"696\" height=\"338\" class=\"alignnone size-full wp-image-1379\" srcset=\"https:\/\/www.tipard.de\/blog\/wp-content\/uploads\/2017\/11\/recover-deleted-photos-android.jpg 696w, https:\/\/www.tipard.de\/blog\/wp-content\/uploads\/2017\/11\/recover-deleted-photos-android-300x146.jpg 300w\" sizes=\"auto, (max-width: 696px) 100vw, 696px\" \/><br \/>\nOb Familienfotos oder Erinnerungen f\u00fcr die Reise, Fotos bedeuten sehr viel f\u00fcr Sie. Wenn Fotos versehentlich von Ihrer Speicherkarte gel\u00f6scht oder entfernt wurden, gibt es eine L\u00f6sung um die Fotos von Ihrem Android Handy wiederherzustellen. Tipard Android Data Recovery ist eine der besten L\u00f6sungen zur Rettung von gel\u00f6schten Fotos.<\/p>\n<h2>Fotos von der Android Speicherkarte wiederherstellen<\/h2>\n<p>Fehlermeldungen von Speicherkarten bereiten uns immer Kopfschmerzen. Im schlimmsten Fall m\u00fcssen Sie die Speicherkarte mit den Fotos entfernen oder umformatieren.  Falls hierbei nur die Titel der Fotos gel\u00f6scht wurden, k\u00f6nnen Sie diese von de SD-Karte oder der Speicherkarte des Android Smartphones wiederherstellen.<\/p>\n<h2>Fotos von einem Android Handy zur\u00fcckholen<\/h2>\n<p>Fotos von einem Android Handy oder von einem lokalen Speicherplatz auf Ihrem Handy wiederherzustellen, k\u00f6nnte etwas schwieriger sein. Sie k\u00f6nnten versuchen die Massenspeicherplatz Option in den Handy Einstellungen zu aktivieren.  \u00dcber diese Methode k\u00f6nnte die Android Fotos wiederfinden oder die gel\u00f6schten Foto Title \u00fcberschreiben. <\/p>\n<p>Wenn sie nach einer All-In-One L\u00f6sung suchen, um die gel\u00f6schten Fotos wiederzuerhalten, die einfach und zuverl\u00e4ssig ist, sollten Sie auf Tipard Android Data Recovery zur\u00fcckgreifen. Die Bedienung ist denkbar einfach in wenigen Schritten:<br \/>\n1. Schalten Sie die Wi-Fi Netzverbindung ab, und vermeiden Sie \u00dcberschreibungen f\u00fcr Ihren Android.<br \/>\n2. Benutzen Sie Ihr Android nicht weiter und verbinden Sie es mit der USB Verbindung.<br \/>\n3. Downloaden und Installieren Sie Tipard Photo Recovery, um die Fotos auf Ihrem Android zur\u00fcckzuholen. <\/p>\n<h2>Wie Sie die gel\u00f6schten Fotos wiederherstellen auf Ihrem Android mit Tipard Android Data Recovery<\/h2>\n<p><div class=\"article-steps\"><br \/>\n<div class=\"article-step\"><div class=\"context\"><h3><span class=\"stepShield\">Schritt 1<\/span>Verbinden Sie das Android Ger\u00e4t mit Ihrem PC \u00fcber USB<\/h3><\/p>\n<p>Um die gel\u00f6schten Fotos von Ihrem Android wiederherzustellen, m\u00fcssen Sie das Programm herunterladen und installieren auf Ihrem Computer, dann verbinden Sie das Ger\u00e4t mit dem PC mithilfe einer USB Verbindung.<br \/>\n<\/div><img loading=\"lazy\" decoding=\"async\" width=\"400\" height=\"253\" src=\"https:\/\/www.tipard.de\/blog\/wp-content\/uploads\/2017\/11\/connect.jpg\" class=\"preview\" alt=\"Verbinden Sie das Android Ger\u00e4t mit Ihrem PC \u00fcber USB\" srcset=\"https:\/\/www.tipard.de\/blog\/wp-content\/uploads\/2017\/11\/connect.jpg 400w, https:\/\/www.tipard.de\/blog\/wp-content\/uploads\/2017\/11\/connect-300x190.jpg 300w\" sizes=\"auto, (max-width: 400px) 100vw, 400px\" \/><\/div><br \/>\n<div class=\"article-step reverse\"><div class=\"context\"><h3><span class=\"stepShield\">Schritt 2<\/span>Suchen Sie Ordner, um die gel\u00f6schten Android Fotos wiederzuerhalten<\/h3><\/p>\n<p>Sie k\u00f6nnen sich aussuchen die gel\u00f6schten Fotos wiederzufinden oder alle  andere Formate. Es k\u00f6nnte ein paar Sekunden dauern, um alle gel\u00f6schten Fotos von dem Anroid zu scannen.<br \/>\n<\/div><img loading=\"lazy\" decoding=\"async\" width=\"400\" height=\"253\" src=\"https:\/\/www.tipard.de\/blog\/wp-content\/uploads\/2017\/11\/select-pic.jpg\" class=\"preview\" alt=\"Suchen Sie Ordner, um die gel\u00f6schten Android Fotos wiederzuerhalten\" srcset=\"https:\/\/www.tipard.de\/blog\/wp-content\/uploads\/2017\/11\/select-pic.jpg 400w, https:\/\/www.tipard.de\/blog\/wp-content\/uploads\/2017\/11\/select-pic-300x190.jpg 300w\" sizes=\"auto, (max-width: 400px) 100vw, 400px\" \/><\/div><br \/>\n<div class=\"article-step\"><div class=\"context\"><h3><span class=\"stepShield\">Schritt 3<\/span>Sehen Sie sich die gel\u00f6schten Android Fotos an<\/h3><\/p>\n<p>Das Programm kann alle Fotos scanne und Sie k\u00f6nnen die gel\u00f6schten Fotos von dem anzeigen anschauen. Dann k\u00f6nnen Sie sich aussuchen, welche der gel\u00f6schten Fotos Sie wiederherstellen m\u00f6chten von dem Programm.<br \/>\n<\/div><img loading=\"lazy\" decoding=\"async\" width=\"400\" height=\"253\" src=\"https:\/\/www.tipard.de\/blog\/wp-content\/uploads\/2017\/11\/view-pic.jpg\" class=\"preview\" alt=\"Sehen Sie sich die gel\u00f6schten Android Fotos an\" srcset=\"https:\/\/www.tipard.de\/blog\/wp-content\/uploads\/2017\/11\/view-pic.jpg 400w, https:\/\/www.tipard.de\/blog\/wp-content\/uploads\/2017\/11\/view-pic-300x190.jpg 300w\" sizes=\"auto, (max-width: 400px) 100vw, 400px\" \/><\/div><br \/>\n<\/div><br \/>\nWenn Sie die Fotos aussuchen, k\u00f6nnen sie einfach auf die\u201eWiederherstellen\u201c Taste klicken, um die gel\u00f6schten Fotos wiederherzustellen von Ihrem Android. Sie k\u00f6nnen auch Texte und Nachrichten von Ihrem Android wiederherstellen.<\/p>\n","protected":false},"excerpt":{"rendered":"<p>Ob Familienfotos oder Erinnerungen f\u00fcr die Reise, Fotos bedeuten sehr viel f\u00fcr Sie. Wenn Fotos versehentlich von Ihrer Speicherkarte gel\u00f6scht oder entfernt wurden, gibt es eine L\u00f6sung um die Fotos von Ihrem Android Handy wiederherzustellen. Tipard Android Data Recovery ist eine der besten L\u00f6sungen zur Rettung von gel\u00f6schten Fotos. Fotos von der Android Speicherkarte wiederherstellen [&hellip;]<\/p>\n","protected":false},"author":1,"featured_media":0,"parent":0,"menu_order":0,"comment_status":"closed","ping_status":"closed","template":"","meta":{"footnotes":""},"class_list":["post-1381","page","type-page","status-publish","hentry"],"_links":{"self":[{"href":"https:\/\/www.tipard.de\/blog\/wp-json\/wp\/v2\/pages\/1381","targetHints":{"allow":["GET"]}}],"collection":[{"href":"https:\/\/www.tipard.de\/blog\/wp-json\/wp\/v2\/pages"}],"about":[{"href":"https:\/\/www.tipard.de\/blog\/wp-json\/wp\/v2\/types\/page"}],"author":[{"embeddable":true,"href":"https:\/\/www.tipard.de\/blog\/wp-json\/wp\/v2\/users\/1"}],"replies":[{"embeddable":true,"href":"https:\/\/www.tipard.de\/blog\/wp-json\/wp\/v2\/comments?post=1381"}],"version-history":[{"count":2,"href":"https:\/\/www.tipard.de\/blog\/wp-json\/wp\/v2\/pages\/1381\/revisions"}],"predecessor-version":[{"id":1384,"href":"https:\/\/www.tipard.de\/blog\/wp-json\/wp\/v2\/pages\/1381\/revisions\/1384"}],"wp:attachment":[{"href":"https:\/\/www.tipard.de\/blog\/wp-json\/wp\/v2\/media?parent=1381"}],"curies":[{"name":"wp","href":"https:\/\/api.w.org\/{rel}","templated":true}]}}