{"id":1313,"date":"2017-10-06T20:37:29","date_gmt":"2017-10-06T20:37:29","guid":{"rendered":"http:\/\/www.tipard.de\/blog\/?page_id=1313"},"modified":"2017-10-06T20:37:29","modified_gmt":"2017-10-06T20:37:29","slug":"wie-sie-youtube-videos-auf-windowsmaciosandroid-konvertieren","status":"publish","type":"page","link":"https:\/\/www.tipard.de\/blog\/wie-sie-youtube-videos-auf-windowsmaciosandroid-konvertieren\/","title":{"rendered":"Wie Sie YouTube Videos auf Windows\/Mac\/iOS\/Android konvertieren"},"content":{"rendered":"<p><img loading=\"lazy\" decoding=\"async\" src=\"http:\/\/www.tipard.de\/blog\/wp-content\/uploads\/2017\/10\/best-free-youtube-converter.jpg\" alt=\"\" width=\"600\" height=\"300\" class=\"alignnone size-full wp-image-1305\" srcset=\"https:\/\/www.tipard.de\/blog\/wp-content\/uploads\/2017\/10\/best-free-youtube-converter.jpg 600w, https:\/\/www.tipard.de\/blog\/wp-content\/uploads\/2017\/10\/best-free-youtube-converter-300x150.jpg 300w\" sizes=\"auto, (max-width: 600px) 100vw, 600px\" \/><br \/>\nMillionen von Videos werden auf YouTube geteilt. Auf der Plattform k\u00f6nnen Sie Ihre Lieblinsvideoclips aber auch Musikvideos finden. Manchmal ahben Sie vielleicht keine Zeit ein Video zu schauen und wollen  dies sp\u00e4ter machen. Die einfachste L\u00f6sung ist es dieses Video herunterzuladen und zu einem sp\u00e4teren Zeitpunkt auf Ihrem tragbaren Ger\u00e4t mit Windows\/Mac\/iOS\/Android anzusehen.<br \/>\nFalls es Ihnen genauso schwer f\u00e4llt wie vielen anderen einen passenden YouTube Converter zu finden, kann Ihnen dieser Post weiterhelfen. Hier listen wir Ihnen einige YouTube Converter auf, mit denen Sie Videos in MP4\/MP3 umwandeln. <\/p>\n<h2>YouTube Converter f\u00fcr Windows<\/h2>\n<h3>Beste YouTube Converter f\u00fcr Ihren Windows PC\/Laptop<\/h3>\n<p>F\u00e4llt es Ihnen schwer einen sicheren YouTube Converter f\u00fcr Windows zu finden? Mit den verschiedenen M\u00f6glichkeiten an Software, die tagt\u00e4glich ins Internet hochgeladen wird ist es wichtig einen seri\u00f6sen und sicheren YouTube Converter zu finden, um sich vor Malware oder Virenbefall zu sch\u00fctzen. Hier w\u00fcrden wir Ihnen gerne den professionellen YouTube Video Downloader empfehlen. Er ist eine m\u00e4chtige L\u00f6sung um Videos von YouTube, Facebook, Vimeo, Vevo, Metacafe, Dailymotion, Yahoo etc. herunterzuladen. YouTube Videos k\u00f6nnen in MP4 oder MP3 umgewandelt werden, aber auch Audio\/Video Fromate wie MKV, AVI, MOV, MXF, MPEG, FLV, AAC, ALAC, WAV, FLAC, etc. werden unterst\u00fctzt.<br \/>\n1. Downloaden, installieren und \u00f6ffnen Sie den YouTube Video Downloader auf Windows.<br \/>\n<img loading=\"lazy\" decoding=\"async\" src=\"http:\/\/www.tipard.de\/blog\/wp-content\/uploads\/2017\/10\/screenshot1.jpg\" alt=\"\" width=\"720\" height=\"492\" class=\"alignnone size-full wp-image-1310\" srcset=\"https:\/\/www.tipard.de\/blog\/wp-content\/uploads\/2017\/10\/screenshot1.jpg 720w, https:\/\/www.tipard.de\/blog\/wp-content\/uploads\/2017\/10\/screenshot1-300x205.jpg 300w\" sizes=\"auto, (max-width: 720px) 100vw, 720px\" \/><br \/>\n2. \u00d6ffnen Sie YouTube und finden Sie Ihr gew\u00fcnschtes Video. Kopieren Sie den Link aus der Adresszeile.<br \/>\n3. Gehen Sie nun zur\u00fcck zum YouTube Video Downloader und klicken Sie den \u201eURL einf\u00fcgen\u201c Button. Die Videoadresse wird so automatisch in den Downloader eingef\u00fcgt.<br \/>\n<img loading=\"lazy\" decoding=\"async\" src=\"http:\/\/www.tipard.de\/blog\/wp-content\/uploads\/2017\/10\/save-youtube-videos-via-video-downloader.jpg\" alt=\"\" width=\"600\" height=\"404\" class=\"alignnone size-full wp-image-1309\" srcset=\"https:\/\/www.tipard.de\/blog\/wp-content\/uploads\/2017\/10\/save-youtube-videos-via-video-downloader.jpg 600w, https:\/\/www.tipard.de\/blog\/wp-content\/uploads\/2017\/10\/save-youtube-videos-via-video-downloader-300x202.jpg 300w\" sizes=\"auto, (max-width: 600px) 100vw, 600px\" \/><br \/>\n4. Dr\u00fccken Sie \u201eAnalysieren\u201c um das YouTube Video zu pr\u00fcfen. Anschlie\u00dfend werden verschiedene M\u00f6glichkeiten des Downloads f\u00fcr Sie angezeigt.<br \/>\n5. Klicken Sie auf die Box \u201eAutomatisches Umwandeln in\u201c und w\u00e4hlen Sie das MP4 oder MP3 Format zum umwandeln. Anschlie\u00dfend dr\u00fccken Sie den \u201eOK\u201c Button. <\/p>\n<p>Mit dieser L\u00f6sung k\u00f6nnen Sie einfach und schnell YouTube Videos herunterladen und diese in MP4\/MP3 Format umwandeln. Wenn Sie bereits YouTube Videos auf Ihren Rechner heruntergeladen haben k\u00f6nnen Sie den kostenlosen Video Converter downloaden, mit dem Sie Videos in Ihr gew\u00fcnschtes Format umwandeln k\u00f6nnen.<\/p>\n<h2>Bester YouTube Converter f\u00fcr Windows Phone<\/h2>\n<p>Windows Phone User k\u00f6nnen mit Mp3Tube aus dem Microsoft Store YouTube Videos umwandeln. Mit dieser hilfreichen und n\u00fctzlichen App k\u00f6nnen Sie zahlreiche YouTube Musikvideos herunterladen und sie in MP3 umwandeln.<br \/>\n<img loading=\"lazy\" decoding=\"async\" src=\"http:\/\/www.tipard.de\/blog\/wp-content\/uploads\/2017\/10\/mp3tube.jpg\" alt=\"\" width=\"720\" height=\"433\" class=\"alignnone size-full wp-image-1308\" srcset=\"https:\/\/www.tipard.de\/blog\/wp-content\/uploads\/2017\/10\/mp3tube.jpg 720w, https:\/\/www.tipard.de\/blog\/wp-content\/uploads\/2017\/10\/mp3tube-300x180.jpg 300w\" sizes=\"auto, (max-width: 720px) 100vw, 720px\" \/><br \/>\n1. Installieren und \u00f6ffnen Sie Mp3Tube auf Ihrem Windows Phone.<br \/>\n2. Dr\u00fccken Sie auf das \u201eSuche\u201c Feld und geben Sie Ihr gesuchtes Video ein, um YouTube zu durchsuchen.<br \/>\n3. W\u00e4hlen Sie das gew\u00fcnschte Video aus und dr\u00fccken Sie auf \u201eDownload\u201c um Ihr Video von YouTube herunterzuladen und in MP3 umzuwandeln.<\/p>\n<h2>Bester YouTube Converter f\u00fcr Mac<\/h2>\n<p>Mac Video Converter Ultimate ist eine professionelle YouTube Converter L\u00f6sung f\u00fcr Ihren Mac. Er erlaubt Ihnen YouTube in MP4, MP3, FLV, WMV, AVI, M4A und andere beliebte Video\/Audio Formate umzuwandeln.<br \/>\n1. Downloaden, installieren und \u00f6ffnen Sie den Mac Video Converter Ultimate auf Ihrem Mac.<br \/>\n<img loading=\"lazy\" decoding=\"async\" src=\"http:\/\/www.tipard.de\/blog\/wp-content\/uploads\/2017\/10\/interface-of-youtube-video-downloader.jpg\" alt=\"\" width=\"700\" height=\"434\" class=\"alignnone size-full wp-image-1307\" srcset=\"https:\/\/www.tipard.de\/blog\/wp-content\/uploads\/2017\/10\/interface-of-youtube-video-downloader.jpg 700w, https:\/\/www.tipard.de\/blog\/wp-content\/uploads\/2017\/10\/interface-of-youtube-video-downloader-300x186.jpg 300w\" sizes=\"auto, (max-width: 700px) 100vw, 700px\" \/><br \/>\n2. Finden Sie Ihr gew\u00fcnschtes YouTube Video und kopieren Sie die Videoadresse in die daf\u00fcr vorgesehene Zeile.<br \/>\n3. Dr\u00fccken Sie den \u201eDownload\u201c Button der L\u00f6sung.<br \/>\n4. Dr\u00fccken Sie den \u201eAnalyse\u201c Button, um das Video zu pr\u00fcfen. Es werden Ihnen verschiedene Videos vorgeschlagen. Dr\u00fccken Sie \u201eOK\u201c, nachdem Sie ihr gew\u00fcnschtes Format ausgew\u00e4hlt haben.<br \/>\n<img loading=\"lazy\" decoding=\"async\" src=\"http:\/\/www.tipard.de\/blog\/wp-content\/uploads\/2017\/10\/analyze-youtube-video.jpg\" alt=\"\" width=\"1076\" height=\"648\" class=\"alignnone size-full wp-image-1304\" srcset=\"https:\/\/www.tipard.de\/blog\/wp-content\/uploads\/2017\/10\/analyze-youtube-video.jpg 1076w, https:\/\/www.tipard.de\/blog\/wp-content\/uploads\/2017\/10\/analyze-youtube-video-300x181.jpg 300w, https:\/\/www.tipard.de\/blog\/wp-content\/uploads\/2017\/10\/analyze-youtube-video-768x463.jpg 768w, https:\/\/www.tipard.de\/blog\/wp-content\/uploads\/2017\/10\/analyze-youtube-video-1024x617.jpg 1024w\" sizes=\"auto, (max-width: 1076px) 100vw, 1076px\" \/><br \/>\n5. Anschlie\u00dfend k\u00f6nnen Sie mit der Converter L\u00f6sung das heruntergeladene Video in MP4\/MP3 Format umwandeln.<\/p>\n<h2>Wandeln Sie YouTube in MP4\/MP3 auf iOS\/Android um<\/h2>\n<p>Ungl\u00fccklicherweise wurden alle Apps, die YouTube auf Ihr iPhone\/iPad herunterladen k\u00f6nnen aufgrund von Copyright Gr\u00fcnden aus dem App Store entfernt. Da YouTube Google geh\u00f6rt ist es ungemein schwer einen Android YouTube Converter zu finden. Wenn Sie einen Converter f\u00fcr iOS und Android suchen empfehlen wir Ihnen zuerst das YouTube Video herunterzuladen und anschlie\u00dfend in ein passendes Format f\u00fcr Ihr iPhone\/iPad oder Android Telefon\/Tablet umzuwandeln. Dabei hilft Ihnen das m\u00e4chtige Tool Tipard Video Converter Ultimate. Wir zeigen Ihnen jetzt zwei YouTube Video Downloader Applications f\u00fcr iOS und Android, sowie einen online YouTube Video Converter. <\/p>\n<h3>YouTube Converter f\u00fcr iPhone\/iPad<\/h3>\n<p>iDL ist eine iOS App, welche eine umfassende L\u00f6sung darstellt um Ihr iPhone wie einen pers\u00f6nlichen Computer zu nutzen. YouTube Videos k\u00f6nnen mit hoher Schnelligkeit heruntergeladen werden und die App erlaubt es Ihnen YouTube offline zu gucken. Au\u00dferdem k\u00f6nnen Sie Ihre Lieblingslieder, Talk Shows und Podcasts mit gesperrtem Bildschirm anh\u00f6ren.<br \/>\n<img loading=\"lazy\" decoding=\"async\" src=\"http:\/\/www.tipard.de\/blog\/wp-content\/uploads\/2017\/10\/idl.jpg\" alt=\"\" width=\"720\" height=\"418\" class=\"alignnone size-full wp-image-1306\" srcset=\"https:\/\/www.tipard.de\/blog\/wp-content\/uploads\/2017\/10\/idl.jpg 720w, https:\/\/www.tipard.de\/blog\/wp-content\/uploads\/2017\/10\/idl-300x174.jpg 300w\" sizes=\"auto, (max-width: 720px) 100vw, 720px\" \/> <\/p>\n<p>1. Downloaden, installieren und \u00f6ffnen Sie die App auf Ihrem iPhone.<br \/>\n2. \u00d6ffnen Sie Safari und \u00f6ffnen Sie das YouTube Video, welches Sie herunterladen wollen. Kopieren Sie seine URL.<br \/>\n3. Gehen Sie zur\u00fcck zum iDownloader und dr\u00fccken Sie \u201eBrowse\u201c, um die URL in die Box einzuf\u00fcgen.<br \/>\n4. Dr\u00fccken Sie \u201eDownload\u201c und \u201eSpeichern\u201c, damit Sie das YouTube Video auf Ihrem iPhone haben.<\/p>\n<p>Mit diesem YouTube Converter f\u00fcr Ihr iPhone k\u00f6nnen Sie einfach YouTube Videos in Ihrem gew\u00fcnschten Format herunterladen. <\/p>\n<h3>YouTube Downloader f\u00fcr Android<\/h3>\n<p>VIDEOER ist eine der beliebtesten YouTube Downloading Apps f\u00fcr Android. Sie k\u00f6nnen die gew\u00fcnschte Download Qualit\u00e4t ausw\u00e4hlen und haben zudem die M\u00f6glichkeit Videos von Seiten wie Instagram, Vevo, DailyMotion, LiveLeak, MEtacafe, Facebook usw. herunterzuladen.<\/p>\n<p><img loading=\"lazy\" decoding=\"async\" src=\"http:\/\/www.tipard.de\/blog\/wp-content\/uploads\/2017\/10\/videoer.jpg\" alt=\"\" width=\"720\" height=\"399\" class=\"alignnone size-full wp-image-1311\" srcset=\"https:\/\/www.tipard.de\/blog\/wp-content\/uploads\/2017\/10\/videoer.jpg 720w, https:\/\/www.tipard.de\/blog\/wp-content\/uploads\/2017\/10\/videoer-300x166.jpg 300w\" sizes=\"auto, (max-width: 720px) 100vw, 720px\" \/><br \/>\n1. Installieren und \u00f6ffnen Sie die VIDEOER App und dr\u00fccken auf \u201eSuche\u201c um nach Ihrem YouTube Video zu suchen.<br \/>\n2. W\u00e4hlen Sie Ihr gew\u00fcnschtes Video\/Audio Format, sowie die Qualit\u00e4t des Videos aus, um es aus den Suchergebnissen herunterzuladen.<br \/>\n3. Dr\u00fccken Sie nach dem download auf \u201eDownloads\u201c um das YouTube Video abzuspielen.<\/p>\n<h2>Wandeln Sie YouTube MP4\/MP3 mit dem kostenlosen YouTube Converter um<\/h2>\n<p>Zamzar ist eine top online L\u00f6sung um Ihre YouTube Dateien umzuwandeln. Es hat eine benutzerfreundliche Oberfl\u00e4che und eine hohe Umwandlungsgeschwindigkeit. Mit Zamzar k\u00f6nnen Sie bis zu 50MB von YouTube ohne Probleme umwandeln. Video-Formate die von Zamzar unterst\u00fctzt werden sind MP4, MOV, FLAC, AVI, etc., sowie MP3, AAC, M4A, WAV und  AA3 f\u00fcr Audioformate.<\/p>\n<p><img loading=\"lazy\" decoding=\"async\" src=\"http:\/\/www.tipard.de\/blog\/wp-content\/uploads\/2017\/10\/zamzar.jpg\" alt=\"\" width=\"720\" height=\"445\" class=\"alignnone size-full wp-image-1312\" srcset=\"https:\/\/www.tipard.de\/blog\/wp-content\/uploads\/2017\/10\/zamzar.jpg 720w, https:\/\/www.tipard.de\/blog\/wp-content\/uploads\/2017\/10\/zamzar-300x185.jpg 300w\" sizes=\"auto, (max-width: 720px) 100vw, 720px\" \/><br \/>\n1. \u00d6ffnen Sie die offizielle Website von Zamzar und f\u00fcgen Sie die YouTube URL in die Link Box ein.<br \/>\n2. W\u00e4hlen Sie das Output Format wie MP3 oder MP4.<br \/>\n3. Geben Sie Ihre Email-Adresse ein, um die umgewandelte MP3\/MP4 Datei zu empfangen.<br \/>\n4. Klicken Sie auf \u201eUmwandeln\u201c, um Ihr YouTube Video umzuwandeln. <\/p>\n<p>In diesem Artikel erfahren Sie, wie Sie YouTube in MP4\/MP3 mit verschiedenen YouTube Convertern f\u00fcr Windows\/Mac\/iOS\/Android Videos herunterladen und umwandeln k\u00f6nnen. Wir hoffen dieser Artikel kann Ihnen dabei helfen eine passende L\u00f6sung zu finden.<\/p>\n","protected":false},"excerpt":{"rendered":"<p>Millionen von Videos werden auf YouTube geteilt. Auf der Plattform k\u00f6nnen Sie Ihre Lieblinsvideoclips aber auch Musikvideos finden. Manchmal ahben Sie vielleicht keine Zeit ein Video zu schauen und wollen dies sp\u00e4ter machen. Die einfachste L\u00f6sung ist es dieses Video herunterzuladen und zu einem sp\u00e4teren Zeitpunkt auf Ihrem tragbaren Ger\u00e4t mit Windows\/Mac\/iOS\/Android anzusehen. Falls es [&hellip;]<\/p>\n","protected":false},"author":1,"featured_media":0,"parent":0,"menu_order":0,"comment_status":"closed","ping_status":"closed","template":"","meta":{"footnotes":""},"class_list":["post-1313","page","type-page","status-publish","hentry"],"_links":{"self":[{"href":"https:\/\/www.tipard.de\/blog\/wp-json\/wp\/v2\/pages\/1313","targetHints":{"allow":["GET"]}}],"collection":[{"href":"https:\/\/www.tipard.de\/blog\/wp-json\/wp\/v2\/pages"}],"about":[{"href":"https:\/\/www.tipard.de\/blog\/wp-json\/wp\/v2\/types\/page"}],"author":[{"embeddable":true,"href":"https:\/\/www.tipard.de\/blog\/wp-json\/wp\/v2\/users\/1"}],"replies":[{"embeddable":true,"href":"https:\/\/www.tipard.de\/blog\/wp-json\/wp\/v2\/comments?post=1313"}],"version-history":[{"count":1,"href":"https:\/\/www.tipard.de\/blog\/wp-json\/wp\/v2\/pages\/1313\/revisions"}],"predecessor-version":[{"id":1314,"href":"https:\/\/www.tipard.de\/blog\/wp-json\/wp\/v2\/pages\/1313\/revisions\/1314"}],"wp:attachment":[{"href":"https:\/\/www.tipard.de\/blog\/wp-json\/wp\/v2\/media?parent=1313"}],"curies":[{"name":"wp","href":"https:\/\/api.w.org\/{rel}","templated":true}]}}