{"id":1289,"date":"2017-10-06T09:02:30","date_gmt":"2017-10-06T09:02:30","guid":{"rendered":"http:\/\/www.tipard.de\/blog\/?page_id=1289"},"modified":"2017-10-06T09:02:30","modified_gmt":"2017-10-06T09:02:30","slug":"die-beste-handbrake-alternative-dvds-und-videos-schnell-und-einfach-konvertieren","status":"publish","type":"page","link":"https:\/\/www.tipard.de\/blog\/die-beste-handbrake-alternative-dvds-und-videos-schnell-und-einfach-konvertieren\/","title":{"rendered":"Die beste Handbrake Alternative \u2013 DVDs und Videos schnell und einfach konvertieren"},"content":{"rendered":"<p><img loading=\"lazy\" decoding=\"async\" class=\"alignnone size-full wp-image-1290\" src=\"http:\/\/www.tipard.de\/blog\/wp-content\/uploads\/2017\/10\/handbrake-alternative.jpg\" alt=\"\" width=\"696\" height=\"338\" srcset=\"https:\/\/www.tipard.de\/blog\/wp-content\/uploads\/2017\/10\/handbrake-alternative.jpg 696w, https:\/\/www.tipard.de\/blog\/wp-content\/uploads\/2017\/10\/handbrake-alternative-300x146.jpg 300w\" sizes=\"auto, (max-width: 696px) 100vw, 696px\" \/><\/p>\n<p>Obwohl es sich um ein weit verbreitetes kostenloses Programm f\u00fcr die DVD und Videokonvertierung handelt, haben Nutzer von Handbrake sich \u00fcber manche Dinge beschwert. Daf\u00fcr k\u00f6nnen die Softwareentwickler nichts, denn sie geben Ihr Bestes, um die kostenlose Software aktuell zu halten. Allerdings Handbrake ist limitiert: Es gibt nicht viele Ausgabeformate und nur ungesch\u00fctzte DVDs k\u00f6nnen konvertiert werden.<\/p>\n<p>Deshalb stellen wir Ihnen heute eine wunderbare Alternative vor: <a href=\"http:\/\/www.tipard.de\/total-media-converter\/\">Tipard Total Media Converter<\/a>. Mit dieser Software k\u00f6nnen Sie ganz einfach jede DVD und Videodatei in unz\u00e4hlige Formate umwandeln. Dank der verwendeten Technologien erfolgt die Umwandlung im Handumdrehen und hinterl\u00e4sst keine Spuren bei der Ausgabequalit\u00e4t.<\/p>\n<h2>Die ultimative Handbrake Alternative \u2013 Tipard Total Media Converter<\/h2>\n<h3>Jede DVD in eine Videodatei umwandeln<\/h3>\n<p>Mit dem Tipard Total Media Converter k\u00f6nnen Sie jeden beliebigen DVD Film in eine Videodatei konvertieren. Zu den Ausgabeformaten geh\u00f6ren u.a. MP4, MKV, MOV, AVI, WMV, FLV, ASF, WebM und VOB. Au\u00dferdem k\u00f6nnen Sie auch direkt den Ton des Films als Audiodatei extrahieren (MP3, WMA, AAC, M4A, WAV, AC3, etc.). Aber was macht das Programm zum Besten seiner Art? Ganz einfach: Sie k\u00f6nnen jede DVD ohne Zusatzanwendungen konvertieren.<\/p>\n<h3>Wandeln Sie Videos in \u00fcber 150 Ausgabeformate um<\/h3>\n<p>Mit Tipard Total Media Converter erhalten Sie Zugriff auf \u00fcber 150 Ausgabeformate \u2013 mehr als Ihnen Handbrake bieten kann (MP4 und MKV). Zu den Ausgabedateien geh\u00f6ren u.a. MP4, MKV, MOV, AVI, WMV, MPEG, FLV, ASF, VOB und WebM. Au\u00dferdem k\u00f6nnen HD Videos (720p\/1080p\/4K) einfach und schnell umgewandelt werden.\u00a0CUDA and ATI Technologie beschleunigt den Konvertierungsvorgang 30-mal.<\/p>\n<h3>Voreinstellungen f\u00fcr verbreitete Ger\u00e4te<\/h3>\n<p>Die Software bietet Ihnen hunderte vorgefertigte Profile f\u00fcr bekannte Ger\u00e4te, wie z.B. iPhone SE, iPhone 6s\/6s plus, iPhone 6\/6 plus, iPhone 5s\/5c, die Samsung Galaxy Serie, HTC M8, Sony Z4, LG G3, iPad Pro, iPad mini 3 und iPad Air 2. Au\u00dferdem k\u00f6nnen eigene Profile erstellt und der Software hinzugef\u00fcgt werden, sodass Sie diese jederzeit nutzen und nicht jedes Mal neu einstellen m\u00fcssen.<\/p>\n<p>&nbsp;<\/p>\n<p>Aus den eben genannten Funktionen ergibt sich, dass es sich bei Tipard Total Media Converter um die beste Handbrake Alternative auf dem Markt handelt. Das Programm ist benutzerfreundlich gestaltet und bietet umfangreiche Funktionen. <a href=\"http:\/\/www.tipard.de\/downloads\/total-media-converter.exe\">Laden Sie sich jetzt Tipard Total Media Converter herunter!<\/a><\/p>\n","protected":false},"excerpt":{"rendered":"<p>Obwohl es sich um ein weit verbreitetes kostenloses Programm f\u00fcr die DVD und Videokonvertierung handelt, haben Nutzer von Handbrake sich \u00fcber manche Dinge beschwert. Daf\u00fcr k\u00f6nnen die Softwareentwickler nichts, denn sie geben Ihr Bestes, um die kostenlose Software aktuell zu halten. Allerdings Handbrake ist limitiert: Es gibt nicht viele Ausgabeformate und nur ungesch\u00fctzte DVDs k\u00f6nnen [&hellip;]<\/p>\n","protected":false},"author":1,"featured_media":0,"parent":0,"menu_order":0,"comment_status":"closed","ping_status":"closed","template":"","meta":{"footnotes":""},"class_list":["post-1289","page","type-page","status-publish","hentry"],"_links":{"self":[{"href":"https:\/\/www.tipard.de\/blog\/wp-json\/wp\/v2\/pages\/1289","targetHints":{"allow":["GET"]}}],"collection":[{"href":"https:\/\/www.tipard.de\/blog\/wp-json\/wp\/v2\/pages"}],"about":[{"href":"https:\/\/www.tipard.de\/blog\/wp-json\/wp\/v2\/types\/page"}],"author":[{"embeddable":true,"href":"https:\/\/www.tipard.de\/blog\/wp-json\/wp\/v2\/users\/1"}],"replies":[{"embeddable":true,"href":"https:\/\/www.tipard.de\/blog\/wp-json\/wp\/v2\/comments?post=1289"}],"version-history":[{"count":4,"href":"https:\/\/www.tipard.de\/blog\/wp-json\/wp\/v2\/pages\/1289\/revisions"}],"predecessor-version":[{"id":1294,"href":"https:\/\/www.tipard.de\/blog\/wp-json\/wp\/v2\/pages\/1289\/revisions\/1294"}],"wp:attachment":[{"href":"https:\/\/www.tipard.de\/blog\/wp-json\/wp\/v2\/media?parent=1289"}],"curies":[{"name":"wp","href":"https:\/\/api.w.org\/{rel}","templated":true}]}}