{"id":1281,"date":"2017-10-06T08:31:49","date_gmt":"2017-10-06T08:31:49","guid":{"rendered":"http:\/\/www.tipard.de\/blog\/?page_id=1281"},"modified":"2017-10-06T08:31:49","modified_gmt":"2017-10-06T08:31:49","slug":"dvdshrink-fuer-mac-kopieren-und-komprimieren-sie-dvds-auf-dem-mac","status":"publish","type":"page","link":"https:\/\/www.tipard.de\/blog\/dvdshrink-fuer-mac-kopieren-und-komprimieren-sie-dvds-auf-dem-mac\/","title":{"rendered":"DVDShrink f\u00fcr Mac \u2013 Kopieren und Komprimieren Sie DVDs auf dem Mac"},"content":{"rendered":"<p><img loading=\"lazy\" decoding=\"async\" class=\"alignnone size-full wp-image-1282\" src=\"http:\/\/www.tipard.de\/blog\/wp-content\/uploads\/2017\/10\/1-dvdshrink-for-mac.jpg\" alt=\"\" width=\"696\" height=\"338\" srcset=\"https:\/\/www.tipard.de\/blog\/wp-content\/uploads\/2017\/10\/1-dvdshrink-for-mac.jpg 696w, https:\/\/www.tipard.de\/blog\/wp-content\/uploads\/2017\/10\/1-dvdshrink-for-mac-300x146.jpg 300w\" sizes=\"auto, (max-width: 696px) 100vw, 696px\" \/><\/p>\n<p>Bei DVDShrink handelt es sich um eine der Top 5 Komprimierungssoftwares auf dem Markt \u2013 und das obwohl es seit 2005 kein Update mehr gegeben hat. Es handelt sich um ein kostenloses und einfach zu nutzendes Programm f\u00fcr Windows Nutzer (und leider nur diese). Wenn Sie Mac Nutzer sind m\u00fcssen Sie also auf Alternativen zur\u00fcckgreifen. Deshalb stellen wir Ihnen heute <a href=\"http:\/\/www.tipard.de\/blu-ray-copy\/\">Tipard DVD Cloner<\/a> f\u00fcr Mac vor.<br \/>\nMit <a href=\"http:\/\/www.tipard.de\/blu-ray-copy\/\">Tipard DVD Cloner<\/a> k\u00f6nnen Sie auch als Mac Nutzer Filme, die sich auf DVD befinden, auf eine andere DVD, einen DVD-Ordner oder eine ISO Datei kopieren und DVD-9 zu DVD-5 komprimieren. DVDShrink f\u00fcr Mac ist mit der neuesten Mac OS X Version kompatibel.<\/p>\n<div class=\"article-steps\"><br \/>\n<div class=\"article-step\"><div class=\"context\"><h3><span class=\"stepShield\">Schritt 1<\/span>Laden Sie DVDShrink f\u00fcr Mac herunter und installieren Sie die Software<\/h3> Tipard DVDShrink ist mit Mac OS 10.5 und \u00e4lteren Versionen (Mac OS X Yosemite) kompatibel. Mit der Vollversion erhalten Sie Zugriff auf 24\/7 E-Mail Support und lebenslange Updates. <\/div><img loading=\"lazy\" decoding=\"async\" width=\"400\" height=\"264\" src=\"https:\/\/www.tipard.de\/blog\/wp-content\/uploads\/2017\/10\/2-screen-768x506.jpg\" class=\"preview\" alt=\"Laden Sie DVDShrink f\u00fcr Mac herunter und installieren Sie die Software\" srcset=\"https:\/\/www.tipard.de\/blog\/wp-content\/uploads\/2017\/10\/2-screen-768x506.jpg 768w, https:\/\/www.tipard.de\/blog\/wp-content\/uploads\/2017\/10\/2-screen-300x198.jpg 300w, https:\/\/www.tipard.de\/blog\/wp-content\/uploads\/2017\/10\/2-screen.jpg 942w\" sizes=\"auto, (max-width: 400px) 100vw, 400px\" \/><\/div><br \/>\n<div class=\"article-step reverse\"><div class=\"context\"><h3><span class=\"stepShield\">Schritt 2<\/span>Die gew\u00fcnschte DVD laden<\/h3> Bevor Sie den Film kopieren k\u00f6nnen, m\u00fcssen Sie die DVD laden. Der Vorgang ist simpel: Sie m\u00fcssen lediglich Ihr DVD-Laufwerk \u00f6ffnen, die gew\u00fcnschte DVD einlegen und es anschlie\u00dfend wieder schlie\u00dfen. Nun k\u00f6nnen Sie auf \u201eDatei\u201c klicken und die DVD ausw\u00e4hlen, die Sie kopieren m\u00f6chten. <\/div><img loading=\"lazy\" decoding=\"async\" width=\"400\" height=\"288\" src=\"https:\/\/www.tipard.de\/blog\/wp-content\/uploads\/2017\/10\/3-screen1.jpg\" class=\"preview\" alt=\"Die gew\u00fcnschte DVD laden\" srcset=\"https:\/\/www.tipard.de\/blog\/wp-content\/uploads\/2017\/10\/3-screen1.jpg 720w, https:\/\/www.tipard.de\/blog\/wp-content\/uploads\/2017\/10\/3-screen1-300x216.jpg 300w\" sizes=\"auto, (max-width: 400px) 100vw, 400px\" \/><\/div><br \/>\n<div class=\"article-step\"><div class=\"context\"><h3><span class=\"stepShield\">Schritt 3<\/span>Kopier-\/Komprimierungseinstellungen<\/h3> Jetzt k\u00f6nnen Sie alle Einstellungen nach Ihren W\u00fcnschen verwalten. W\u00e4hlen Sie zwischen \u201eGanzer Film\u201c, \u201eHauptfilm\u201c und \u201eBenutzerdefiniert\u201c aus und geben Sie Ihrer Ausgabe-Datei einen Namen. Sie k\u00f6nnen auch die \u00dcbertragungsgeschwindigkeit und die Anzahl der Kopien selbst einstellen und zwischen DVD-9 und DVD-5 ausw\u00e4hlen. Wenn Sie nun auf \u201eN\u00e4chste\u201c klicken, haben Sie die M\u00f6glichkeit das Men\u00fc zu entfernen, es zu \u00fcberspringen, den Film als Schleife abzuspielen, Winkel einzustellen und sogar Regionale Verschl\u00fcsselungen zu entfernen. <\/div><img loading=\"lazy\" decoding=\"async\" width=\"400\" height=\"288\" src=\"https:\/\/www.tipard.de\/blog\/wp-content\/uploads\/2017\/10\/4-screen2.jpg\" class=\"preview\" alt=\"Kopier-\/Komprimierungseinstellungen\" srcset=\"https:\/\/www.tipard.de\/blog\/wp-content\/uploads\/2017\/10\/4-screen2.jpg 720w, https:\/\/www.tipard.de\/blog\/wp-content\/uploads\/2017\/10\/4-screen2-300x216.jpg 300w\" sizes=\"auto, (max-width: 400px) 100vw, 400px\" \/><\/div><br \/>\n<div class=\"article-step reverse\"><div class=\"context\"><h3><span class=\"stepShield\">Schritt 4<\/span>Starten Sie den Kopier-\/Komprimierungsvorgang<\/h3> Sie m\u00fcssen nun lediglich auf \u201eStart\u201c klicken und schon startet die Software den Prozess. <\/div><img loading=\"lazy\" decoding=\"async\" width=\"400\" height=\"288\" src=\"https:\/\/www.tipard.de\/blog\/wp-content\/uploads\/2017\/10\/5-screen3.jpg\" class=\"preview\" alt=\"Starten Sie den Kopier-\/Komprimierungsvorgang\" srcset=\"https:\/\/www.tipard.de\/blog\/wp-content\/uploads\/2017\/10\/5-screen3.jpg 720w, https:\/\/www.tipard.de\/blog\/wp-content\/uploads\/2017\/10\/5-screen3-300x216.jpg 300w\" sizes=\"auto, (max-width: 400px) 100vw, 400px\" \/><\/div><br \/>\n<\/div>\n","protected":false},"excerpt":{"rendered":"<p>Bei DVDShrink handelt es sich um eine der Top 5 Komprimierungssoftwares auf dem Markt \u2013 und das obwohl es seit 2005 kein Update mehr gegeben hat. Es handelt sich um ein kostenloses und einfach zu nutzendes Programm f\u00fcr Windows Nutzer (und leider nur diese). Wenn Sie Mac Nutzer sind m\u00fcssen Sie also auf Alternativen zur\u00fcckgreifen. [&hellip;]<\/p>\n","protected":false},"author":1,"featured_media":0,"parent":0,"menu_order":0,"comment_status":"closed","ping_status":"closed","template":"","meta":{"footnotes":""},"class_list":["post-1281","page","type-page","status-publish","hentry"],"_links":{"self":[{"href":"https:\/\/www.tipard.de\/blog\/wp-json\/wp\/v2\/pages\/1281","targetHints":{"allow":["GET"]}}],"collection":[{"href":"https:\/\/www.tipard.de\/blog\/wp-json\/wp\/v2\/pages"}],"about":[{"href":"https:\/\/www.tipard.de\/blog\/wp-json\/wp\/v2\/types\/page"}],"author":[{"embeddable":true,"href":"https:\/\/www.tipard.de\/blog\/wp-json\/wp\/v2\/users\/1"}],"replies":[{"embeddable":true,"href":"https:\/\/www.tipard.de\/blog\/wp-json\/wp\/v2\/comments?post=1281"}],"version-history":[{"count":2,"href":"https:\/\/www.tipard.de\/blog\/wp-json\/wp\/v2\/pages\/1281\/revisions"}],"predecessor-version":[{"id":1288,"href":"https:\/\/www.tipard.de\/blog\/wp-json\/wp\/v2\/pages\/1281\/revisions\/1288"}],"wp:attachment":[{"href":"https:\/\/www.tipard.de\/blog\/wp-json\/wp\/v2\/media?parent=1281"}],"curies":[{"name":"wp","href":"https:\/\/api.w.org\/{rel}","templated":true}]}}