{"id":1260,"date":"2017-10-01T19:09:32","date_gmt":"2017-10-01T19:09:32","guid":{"rendered":"http:\/\/www.tipard.de\/blog\/?page_id=1260"},"modified":"2017-10-01T19:10:38","modified_gmt":"2017-10-01T19:10:38","slug":"warum-tipard-iphone-transfer-ultimate-die-beste-alternative-zu-itunes-ist","status":"publish","type":"page","link":"https:\/\/www.tipard.de\/blog\/warum-tipard-iphone-transfer-ultimate-die-beste-alternative-zu-itunes-ist\/","title":{"rendered":"Warum Tipard iPhone Transfer Ultimate die beste Alternative zu iTunes ist"},"content":{"rendered":"<p><img loading=\"lazy\" decoding=\"async\" class=\"alignnone size-full wp-image-1259\" src=\"http:\/\/www.tipard.de\/blog\/wp-content\/uploads\/2017\/10\/alternative-itunes.jpg\" alt=\"\" width=\"600\" height=\"290\" srcset=\"https:\/\/www.tipard.de\/blog\/wp-content\/uploads\/2017\/10\/alternative-itunes.jpg 600w, https:\/\/www.tipard.de\/blog\/wp-content\/uploads\/2017\/10\/alternative-itunes-300x145.jpg 300w\" sizes=\"auto, (max-width: 600px) 100vw, 600px\" \/><br \/>\nSeit der iPod auf den markt kam, wird iTunes genutzt. Als \u201eDefault Tool\u201c, um die Dateien zu verwalten, k\u00f6nnen Sie Restriktionen f\u00fcr iTunes finden. Wenn Sie nach einer Alternative f\u00fcr iTunes suchen, dann k\u00f6nnen Sie in Tipard iPhone Transfer Ultimate diese finden.<br \/>\nTipard iPhone Transfer Ultimate ist ein einfach zu nutzendes Programm. Es ist nicht nur eine Alternative f\u00fcr iTunes, sondern damit k\u00f6nnen Sie auch Ihre Fotos vom Computer auf Ihr iPad \u00fcbertragen. Au\u00dferdem k\u00f6nnen Sie Playlisten, Fotos, Videos und Lieder ohne iTunes verwalten.<\/p>\n<h2>iTunes Alternative Tipard iPhone Transfer Ultimate VS iTunes<\/h2>\n<table>\n<tr>\n<th>Funktionen<\/th>\n<th>iTunes<\/th>\n<th>Tipard<\/th>\n<\/tr>\n<tr>\n<td>Videos, Musik, Fotos und ebook organisieren<\/td>\n<td>\u221a<\/td>\n<td>\u221a<\/td>\n<\/tr>\n<tr>\n<td>Verschiedene Ger\u00e4te von Apple gleichzeitig synchronisieren<\/td>\n<td>\u221a<\/td>\n<td>\u221a<\/td>\n<\/tr>\n<tr>\n<td>Unterst\u00fctzt alle Apple Ger\u00e4te und Operationssysteme<\/td>\n<td>\u221a<\/td>\n<td>\u221a<\/td>\n<\/tr>\n<tr>\n<td>Musikdateien abspielen<\/td>\n<td>\u221a<\/td>\n<td>\u221a<\/td>\n<\/tr>\n<tr>\n<td>\u201eJailbroken\u201c Ger\u00e4te verwalten<\/td>\n<td>\u00d7<\/td>\n<td>\u221a<\/td>\n<\/tr>\n<tr>\n<td>Audio\/Video umwandeln in iDevice kompatible Formate<\/td>\n<td>\u00d7<\/td>\n<td>\u221a<\/td>\n<\/tr>\n<tr>\n<td>Verschiedene Formate zwischen Ger\u00e4ten und Computer synchronisieren<\/td>\n<td>\u00d7<\/td>\n<td>\u221a<\/td>\n<\/tr>\n<tr>\n<td>Musik, Video, Podcasts, iTunes U, Audio Book und Playlists l\u00f6schen<\/td>\n<td>\u00d7<\/td>\n<td>\u221a<\/td>\n<\/tr>\n<tr>\n<td>Verschiedene Formate auf dem Computer sichern<\/td>\n<td>\u00d7<\/td>\n<td>\u221a<\/td>\n<\/tr>\n<tr>\n<td>Freier Zugang zu Apple Ger\u00e4ten<\/td>\n<td>\u00d7<\/td>\n<td>\u221a<\/td>\n<\/tr>\n<tr>\n<td>iDevice als USB Stick nutzen<\/td>\n<td>\u00d7<\/td>\n<td>\u221a<\/td>\n<\/tr>\n<\/table>\n<p>Es kann einfach vorkommen, dass Sie die iTunes Alternative viel besser finden als iTunes. Verschiedene Formate k\u00f6nnen verwaltet werden, freier Zugang zu den Apple Ger\u00e4ten, Ger\u00e4te nutzbar als USB Stick und verschiedene Formate k\u00f6nnen zwischen den Ger\u00e4ten synchronisiert werden. Laden Sie einfach die iTunes Alternative herunter und erfahren Sie mehr \u00fcber das Programm.<\/p>\n<h2>Wie man Tipard iPhone Transfer Ultimate als iTunes Alternative nutzt<\/h2>\n<p><div class=\"article-steps\"><br \/>\n<div class=\"article-step\"><div class=\"context\"><h3><span class=\"stepShield\">Schritt 1<\/span>Freier Zugriff auf Apple Ger\u00e4te<\/h3><br \/>\nWenn iTunes nicht funktioniert, dann kann das eine frustrierende Erfahrung sein. Tipard iPhone Transfer Ultimate kann Ihnen freien Zugriff auf Apple Ger\u00e4te bieten mit USB Verbindung ohne iTunes. Als iTunes Alternative f\u00fcr iPhone m\u00fcssen Sie das Programm mit dem Ger\u00e4t starten.<br \/>\n<\/div><img loading=\"lazy\" decoding=\"async\" width=\"400\" height=\"268\" src=\"https:\/\/www.tipard.de\/blog\/wp-content\/uploads\/2017\/10\/step1-1.jpg\" class=\"preview\" alt=\"Freier Zugriff auf Apple Ger\u00e4te\" srcset=\"https:\/\/www.tipard.de\/blog\/wp-content\/uploads\/2017\/10\/step1-1.jpg 400w, https:\/\/www.tipard.de\/blog\/wp-content\/uploads\/2017\/10\/step1-1-300x201.jpg 300w\" sizes=\"auto, (max-width: 400px) 100vw, 400px\" \/><\/div><br \/>\n<div class=\"article-step reverse\"><div class=\"context\"><h3><span class=\"stepShield\">Schritt 2<\/span>Alle Formate zwischen Ger\u00e4ten synchronisieren<\/h3><br \/>\nTats\u00e4chlich k\u00f6nnen nicht alle von iTunes \u00fcbertragen werden, auch wenn Sie Formate vom Computer in iTunes \u00fcbertragen k\u00f6nnen. Sie k\u00f6nnen keine Dateien von iTunes auf den Computer exportieren. Tipard iPhone Transfer Ultimate macht den Prozess ohne iTunes deutlich einfacher.<br \/>\n1. iTunes Alternative kann Dateien auf den Computer \u00fcbertragen<br \/>\n2. iTunes Alternative kann Dateien zwischen Ger\u00e4ten synchronisieren<br \/>\n3. \u00dcbertragung der iDevice Dateien in iTunes<br \/>\n<\/div><img loading=\"lazy\" decoding=\"async\" width=\"400\" height=\"268\" src=\"https:\/\/www.tipard.de\/blog\/wp-content\/uploads\/2017\/10\/to-itunes.jpg\" class=\"preview\" alt=\"Alle Formate zwischen Ger\u00e4ten synchronisieren\" srcset=\"https:\/\/www.tipard.de\/blog\/wp-content\/uploads\/2017\/10\/to-itunes.jpg 400w, https:\/\/www.tipard.de\/blog\/wp-content\/uploads\/2017\/10\/to-itunes-300x201.jpg 300w\" sizes=\"auto, (max-width: 400px) 100vw, 400px\" \/><\/div><br \/>\n<div class=\"article-step\"><div class=\"context\"><h3><span class=\"stepShield\">Schritt 3<\/span>iDevice Dateien auf dem Computer verwalten<\/h3><br \/>\nMit iTunes k\u00f6nnen Sie Mediendateien abspielen, aber die iTunes Alternative gibt Ihnen die M\u00f6glichkeit die Dateien zu verwalten, Playlisten zu erstellen, Musik kostenlos hinzuf\u00fcgen, Kontakte zu bearbeiten und so weiter.<br \/>\n<\/div><img loading=\"lazy\" decoding=\"async\" width=\"400\" height=\"268\" src=\"https:\/\/www.tipard.de\/blog\/wp-content\/uploads\/2017\/10\/manage-data.jpg\" class=\"preview\" alt=\"iDevice Dateien auf dem Computer verwalten\" srcset=\"https:\/\/www.tipard.de\/blog\/wp-content\/uploads\/2017\/10\/manage-data.jpg 400w, https:\/\/www.tipard.de\/blog\/wp-content\/uploads\/2017\/10\/manage-data-300x201.jpg 300w\" sizes=\"auto, (max-width: 400px) 100vw, 400px\" \/><\/div><br \/>\n<\/div><br \/>\n<div class=\"product-box\">\r\n<div class=\"pImg\" style=\"height: 320px!important;\"><img decoding=\"async\" src=\"http:\/\/tipard.de\/blog\/wp-content\/plugins\/tipard\/imgs\/iPhoneTransfer.png\" alt=\"iPhone Transfer\"><\/div>\r\n<div class=\"context\"><a href=\"http:\/\/www.tipard.de\/iphone-transfer\/\" class=\"title\">iPhone Transfer<\/a><br \/><p>Tipard iPhone Transfer ist das beste Programm zum Datentransfer f\u00fcr iPhone\/iPad\/iPod-Nutzer. Es erf\u00fcllt all Ihre Anforderungen an den Transfer, das Verwalten und Backups der Dateien auf Ihrem iPhone\/iPad\/iPod.<\/p><br \/><a href=\"http:\/\/www.tipard.de\/iphone-transfer\/\" class=\"more\">Mehr Erfahren<\/a><\/div>\r\n<\/div><\/p>\n","protected":false},"excerpt":{"rendered":"<p>Seit der iPod auf den markt kam, wird iTunes genutzt. Als \u201eDefault Tool\u201c, um die Dateien zu verwalten, k\u00f6nnen Sie Restriktionen f\u00fcr iTunes finden. Wenn Sie nach einer Alternative f\u00fcr iTunes suchen, dann k\u00f6nnen Sie in Tipard iPhone Transfer Ultimate diese finden. Tipard iPhone Transfer Ultimate ist ein einfach zu nutzendes Programm. Es ist nicht [&hellip;]<\/p>\n","protected":false},"author":1,"featured_media":0,"parent":0,"menu_order":0,"comment_status":"closed","ping_status":"closed","template":"","meta":{"footnotes":""},"class_list":["post-1260","page","type-page","status-publish","hentry"],"_links":{"self":[{"href":"https:\/\/www.tipard.de\/blog\/wp-json\/wp\/v2\/pages\/1260","targetHints":{"allow":["GET"]}}],"collection":[{"href":"https:\/\/www.tipard.de\/blog\/wp-json\/wp\/v2\/pages"}],"about":[{"href":"https:\/\/www.tipard.de\/blog\/wp-json\/wp\/v2\/types\/page"}],"author":[{"embeddable":true,"href":"https:\/\/www.tipard.de\/blog\/wp-json\/wp\/v2\/users\/1"}],"replies":[{"embeddable":true,"href":"https:\/\/www.tipard.de\/blog\/wp-json\/wp\/v2\/comments?post=1260"}],"version-history":[{"count":10,"href":"https:\/\/www.tipard.de\/blog\/wp-json\/wp\/v2\/pages\/1260\/revisions"}],"predecessor-version":[{"id":1277,"href":"https:\/\/www.tipard.de\/blog\/wp-json\/wp\/v2\/pages\/1260\/revisions\/1277"}],"wp:attachment":[{"href":"https:\/\/www.tipard.de\/blog\/wp-json\/wp\/v2\/media?parent=1260"}],"curies":[{"name":"wp","href":"https:\/\/api.w.org\/{rel}","templated":true}]}}