{"id":1256,"date":"2017-10-01T18:59:29","date_gmt":"2017-10-01T18:59:29","guid":{"rendered":"http:\/\/www.tipard.de\/blog\/?page_id=1256"},"modified":"2017-10-01T18:59:29","modified_gmt":"2017-10-01T18:59:29","slug":"wie-man-textnachrichten-online-ansehen-kann","status":"publish","type":"page","link":"https:\/\/www.tipard.de\/blog\/wie-man-textnachrichten-online-ansehen-kann\/","title":{"rendered":"Wie man Textnachrichten online ansehen kann"},"content":{"rendered":"<p><img loading=\"lazy\" decoding=\"async\" src=\"http:\/\/www.tipard.de\/blog\/wp-content\/uploads\/2017\/10\/view-text-messages-online.jpg\" alt=\"\" width=\"600\" height=\"338\" class=\"alignnone size-full wp-image-1255\" srcset=\"https:\/\/www.tipard.de\/blog\/wp-content\/uploads\/2017\/10\/view-text-messages-online.jpg 600w, https:\/\/www.tipard.de\/blog\/wp-content\/uploads\/2017\/10\/view-text-messages-online-300x169.jpg 300w\" sizes=\"auto, (max-width: 600px) 100vw, 600px\" \/><br \/>\nVielleicht versteckt Ihr Kind Informationen vor Ihnen. Wenn Sie Ihr Kind \u00fcberwachen wollen, dann k\u00f6nnen Sie die Textnachrichten von dem Handy online lesen. Aber es ist nicht einfach die Nachrichten von jemand anderem zu lesen. Hier erfahren Sie mehr \u00fcber die verschiedenen Methoden, wie Sie die Textnachrichten \u00fcber das Internet lesen k\u00f6nnen und den besten Weg mit Tipard iPhone Transfer Ultimate.<\/p>\n<h2>Online Zugang zu Textnachrichten mit AT&#038;T oder Verizon<\/h2>\n<p>1. Loggen Sie sich im Verizon Wireless Account ein.<br \/>\n2.W\u00e4hlen Sie die &#8222;Textnachricht&#8220; Option.<br \/>\n3. Klicken Sie auf &#8222;Text Status&#8220;, um eine Liste der letzten Nachrichten zu lessen.<br \/>\n4. \u00dcberpr\u00fcfen Sie die Antwort-Nachrichten in &#8222;Ihre Antworten&#8220; Box.<br \/>\nAber es kann sein, dass Sie mit Ihrem Verizon Account oder AT&#038;T Account nicht auf die Nachrichten zugreifen k\u00f6nnen. Gesendete und bekommene SMS vom Service Provider anzusehen, ist es eine schwierige Prozedur, da Sie eine Best\u00e4tigung erhalten m\u00fcssen. <\/p>\n<h2>\u00dcberpr\u00fcfen Sie SMS online mit einer Spy Handy Software<\/h2>\n<p>Sie k\u00f6nnen verschiedene Spy Softwares finden mit denen Sie SMS online lesen k\u00f6nnen. Die Prozeduren unterscheiden sich.<br \/>\nEs ist schwierig die Spy Handy Software auf Ihrem Handy zu installieren, um die Textnachrichten eines anderen zu lesen, ohne eine Spur zu hinterlassen. Selbst wenn Sie eine Software finden, dann kann es sein, dass Sie immer wieder eine Geb\u00fchr zahlen m\u00fcssen, um online die Textnachrichten zu lesen. <\/p>\n<h2>Lesen Sie Textnachrichten auf dem iPhone mit Tipard iPhone Transfer Ultimate<\/h2>\n<p>Selbst wenn Sie nicht das Passwort des iPhones haben, k\u00f6nnen Sie mit dieser Software die Nachrichten lesen. Sie m\u00fcssen einfach nur das iPhone mit dem Computer verbinden, dann k\u00f6nnen Sie die Textnachrichten vom iPhone auf den Computer herunterladen.<br \/>\nWenn Sie die relevanten Nachrichten nicht finden k\u00f6nnen, dann k\u00f6nnen Sie Tipard iOS Data Recovery nutzen, um gel\u00f6schte Nachrichten, auch Whatsapp Nachrichten, wiederherzustellen.<\/p>\n<h2>Wie man Textnachrichten vom iPhone auf dem Computer wiederherstellt<\/h2>\n<p><div class=\"article-steps\"><br \/>\n<div class=\"article-step\"><div class=\"context\"><h3><span class=\"stepShield\">Schritt 1<\/span>Ger\u00e4t verbinden mit Tipard iPhone Transfer Ultimate<\/h3><br \/>\nLaden Sie die neuste Version des Tipard iPhone Transfer Ultimate herunter und starten Sie die Software. Verbinden Sie das iPhone mit dem Computer, damit das Programm dieses automatisch erkennt.<br \/>\n<\/div><img loading=\"lazy\" decoding=\"async\" width=\"400\" height=\"268\" src=\"https:\/\/www.tipard.de\/blog\/wp-content\/uploads\/2017\/10\/step1.jpg\" class=\"preview\" alt=\"Ger\u00e4t verbinden mit Tipard iPhone Transfer Ultimate\" srcset=\"https:\/\/www.tipard.de\/blog\/wp-content\/uploads\/2017\/10\/step1.jpg 400w, https:\/\/www.tipard.de\/blog\/wp-content\/uploads\/2017\/10\/step1-300x201.jpg 300w\" sizes=\"auto, (max-width: 400px) 100vw, 400px\" \/><\/div> <\/p>\n<div class=\"article-step reverse\"><div class=\"context\"><h3><span class=\"stepShield\">Schritt 2<\/span>Schauen Sie sich Textnachrichten mit dem Programm an<\/h3><br \/>\nSie k\u00f6nnen die \u00fcbertragenen Textnachrichten vom Programm ansehen, wenn Sie das Ger\u00e4t mit dem Programm verbinden. Sie k\u00f6nnen auch eine Sicherung der Textnachrichten auf dem Computer erstellen.<br \/>\n <\/div><img loading=\"lazy\" decoding=\"async\" width=\"400\" height=\"268\" src=\"https:\/\/www.tipard.de\/blog\/wp-content\/uploads\/2017\/10\/preview-sms.jpg\" class=\"preview\" alt=\"Schauen Sie sich Textnachrichten mit dem Programm an\" srcset=\"https:\/\/www.tipard.de\/blog\/wp-content\/uploads\/2017\/10\/preview-sms.jpg 400w, https:\/\/www.tipard.de\/blog\/wp-content\/uploads\/2017\/10\/preview-sms-300x201.jpg 300w\" sizes=\"auto, (max-width: 400px) 100vw, 400px\" \/><\/div>\n<p><div class=\"article-step\"><div class=\"context\"><h3><span class=\"stepShield\">Schritt 3<\/span>Textnachrichten auf den Computer \u00fcbertragen<\/h3><br \/>\nSie k\u00f6nnen alle Textnachrichten vom iPhone auf den Computer \u00fcbertragen. Ebenso k\u00f6nnen Sie einige Textnachrichten ausw\u00e4hlen. Das Backup kann im CSV, HTML oder TXT Format erstellt werden.<br \/>\n<\/div><img loading=\"lazy\" decoding=\"async\" width=\"400\" height=\"268\" src=\"https:\/\/www.tipard.de\/blog\/wp-content\/uploads\/2017\/10\/export-messa.jpg\" class=\"preview\" alt=\"Textnachrichten auf den Computer \u00fcbertragen\" srcset=\"https:\/\/www.tipard.de\/blog\/wp-content\/uploads\/2017\/10\/export-messa.jpg 400w, https:\/\/www.tipard.de\/blog\/wp-content\/uploads\/2017\/10\/export-messa-300x201.jpg 300w\" sizes=\"auto, (max-width: 400px) 100vw, 400px\" \/><\/div><br \/>\n<\/div><br \/>\n<div class=\"product-box\">\r\n<div class=\"pImg\" style=\"height: 320px!important;\"><img decoding=\"async\" src=\"http:\/\/tipard.de\/blog\/wp-content\/plugins\/tipard\/imgs\/iPhoneTransfer.png\" alt=\"iPhone Transfer\"><\/div>\r\n<div class=\"context\"><a href=\"http:\/\/www.tipard.de\/iphone-transfer\/\" class=\"title\">iPhone Transfer<\/a><br \/><p>Tipard iPhone Transfer ist das beste Programm zum Datentransfer f\u00fcr iPhone\/iPad\/iPod-Nutzer. Es erf\u00fcllt all Ihre Anforderungen an den Transfer, das Verwalten und Backups der Dateien auf Ihrem iPhone\/iPad\/iPod.<\/p><br \/><a href=\"http:\/\/www.tipard.de\/iphone-transfer\/\" class=\"more\">Mehr Erfahren<\/a><\/div>\r\n<\/div><\/p>\n","protected":false},"excerpt":{"rendered":"<p>Vielleicht versteckt Ihr Kind Informationen vor Ihnen. Wenn Sie Ihr Kind \u00fcberwachen wollen, dann k\u00f6nnen Sie die Textnachrichten von dem Handy online lesen. Aber es ist nicht einfach die Nachrichten von jemand anderem zu lesen. Hier erfahren Sie mehr \u00fcber die verschiedenen Methoden, wie Sie die Textnachrichten \u00fcber das Internet lesen k\u00f6nnen und den besten [&hellip;]<\/p>\n","protected":false},"author":1,"featured_media":0,"parent":0,"menu_order":0,"comment_status":"closed","ping_status":"closed","template":"","meta":{"footnotes":""},"class_list":["post-1256","page","type-page","status-publish","hentry"],"_links":{"self":[{"href":"https:\/\/www.tipard.de\/blog\/wp-json\/wp\/v2\/pages\/1256","targetHints":{"allow":["GET"]}}],"collection":[{"href":"https:\/\/www.tipard.de\/blog\/wp-json\/wp\/v2\/pages"}],"about":[{"href":"https:\/\/www.tipard.de\/blog\/wp-json\/wp\/v2\/types\/page"}],"author":[{"embeddable":true,"href":"https:\/\/www.tipard.de\/blog\/wp-json\/wp\/v2\/users\/1"}],"replies":[{"embeddable":true,"href":"https:\/\/www.tipard.de\/blog\/wp-json\/wp\/v2\/comments?post=1256"}],"version-history":[{"count":2,"href":"https:\/\/www.tipard.de\/blog\/wp-json\/wp\/v2\/pages\/1256\/revisions"}],"predecessor-version":[{"id":1258,"href":"https:\/\/www.tipard.de\/blog\/wp-json\/wp\/v2\/pages\/1256\/revisions\/1258"}],"wp:attachment":[{"href":"https:\/\/www.tipard.de\/blog\/wp-json\/wp\/v2\/media?parent=1256"}],"curies":[{"name":"wp","href":"https:\/\/api.w.org\/{rel}","templated":true}]}}