{"id":1220,"date":"2017-10-01T18:42:10","date_gmt":"2017-10-01T18:42:10","guid":{"rendered":"http:\/\/www.tipard.de\/blog\/?page_id=1220"},"modified":"2017-10-01T18:43:09","modified_gmt":"2017-10-01T18:43:09","slug":"was-ist-itunes-was-kann-itunes-fuer-sie-tun","status":"publish","type":"page","link":"https:\/\/www.tipard.de\/blog\/was-ist-itunes-was-kann-itunes-fuer-sie-tun\/","title":{"rendered":"Was ist iTunes \u2013 Was kann iTunes f\u00fcr Sie tun?"},"content":{"rendered":"<p><img loading=\"lazy\" decoding=\"async\" src=\"http:\/\/www.tipard.de\/blog\/wp-content\/uploads\/2017\/10\/itunes1.jpg\" alt=\"\" width=\"600\" height=\"330\" class=\"alignnone size-full wp-image-1219\" srcset=\"https:\/\/www.tipard.de\/blog\/wp-content\/uploads\/2017\/10\/itunes1.jpg 600w, https:\/\/www.tipard.de\/blog\/wp-content\/uploads\/2017\/10\/itunes1-300x165.jpg 300w\" sizes=\"auto, (max-width: 600px) 100vw, 600px\" \/><br \/>\nWenn Sie zum ersten Mal Ger\u00e4te von Apple nutzen anstatt Android, dann sollten Sie sich zun\u00e4chst mit iTunes auseinander setzen. Hier k\u00f6nnen Sie erfahren was iTunes f\u00fcr Sie tun kann und wie Sie einen Vorteil durch iTunes erhalten. Zus\u00e4tzlich erfahren Sie mehr zu den besten iTunes Alternativen mit denen Sie Ihre Anforderungen erf\u00fcllen k\u00f6nnen. <\/p>\n<h2>Was ist iTunes?<\/h2>\n<p>iTunes ist ein Musik- und Software-Service, der von Apple am 09. Januar 2001 entwickelt wurde. Sp\u00e4ter in 2003 wurde iTunes im iTunes Store eingef\u00fchrt. Seitdem hat Apple verschiedene Updates von iTunes herausgebracht.<br \/>\nDie neuste Version von iTunes ist verf\u00fcgbar f\u00fcr Mac und Windows. Wenn Sie iTunes mit Ihrem Apple Ger\u00e4t verwenden m\u00fcssen. Dann m\u00fcssen Sie zun\u00e4chst mehr \u00fcber iTunes erfahren.<br \/>\nWas tut iTunes?<br \/>\n1. Musik, Videos und andere multimedia-Dateien mit iTunes verwalten.<br \/>\n2. iTunes nutzen, um multimedia-Dateien abzuspielen und zu organisieren.<br \/>\n3. Mediendateien vom iPhone oder anderen Ger\u00e4ten mit iTTunes auf den Computer synchronisieren.<br \/>\n4. iTunes Store bietet Musik, Videos oder anderes zum Kauf. Sie finden auch kostenlose Angebote im iTunes Store.<br \/>\n5. Um Musik auf iTunes hochzuladen m\u00fcssen Sie eine j\u00e4hrliche Geb\u00fchr zahlen.<br \/>\n6. B\u00fccher, Apps und andere Mediendateien zwischen verschiedenen Ger\u00e4ten mit iTunes \u00fcbertragen.<br \/>\n7. iTunes Backup der Daten auf dem iPhone oder iPad erstellen.<br \/>\n8. iTunes erlaubt esIhnen Fotos vom iPhone oder iPad zu \u00fcbertragen, aber Sie k\u00f6nnen die Dateien nicht auf Ihrem Computer \u00fcbertragen.<br \/>\n9. Sie k\u00f6nnen Filme und anderes, was Ihnen iTunes anbietet, bewerten.<br \/>\nAber es gibt auch Einschr\u00e4nkungen von iTunes, wie die Sandbox Einschr\u00e4nkung oder ausbessern der Systemdateien, wie SpringBoard. Sie k\u00f6nnen auch weitere Einschr\u00e4nkungen bei iTunes finden. <\/p>\n<h2>Die besten Alternativen f\u00fcr iTunes<\/h2>\n<p>Wenn Sie iTunes nutzen, dann kann es vorkommen, dass Ihre Nutzungsoptionen durch Einschr\u00e4nkungen durch iTunes behindert werden. Manchmal funktioniert iTunes nicht, insbesondere bei den Windows Betriebssystemen gibt es immer wieder Probleme. Es wird nicht empfohlen, dass Sie Ihr iPhone oder andere Ger\u00e4te \u201ejailbreaken\u201c, da dies einige Risiken f\u00fcr Ihr iPhone birgt. Sie k\u00f6nnen Tipard iPhone Transfer Ultimate als beste Alternative zu iTunes ausprobieren und Ihre Daten synchronisieren.<\/p>\n<p><a href=\"http:\/\/www.tipard.de\/iphone-transfer\/\">iPhone Transfer Ultimate<\/a><br \/>\nAls beste Alternative zu iTunes k\u00f6nnen Sie ohne Einschr\u00e4nkungen alle Daten zwischen Ihrem Ger\u00e4t und dem Programm synchronisieren.<br \/>\nSie k\u00f6nnen auch Foto- und Videodateien in \u00fcbertragen. Laden Sie einfach die Testversion herunter und lernen Sie das Programm kennen.<br \/>\n\u00dcnterst\u00fctzt alle Modelle des iPad und iPod touch und ist kompatibel mit iOS 9.3.<br \/>\n\u00dcnterst\u00fctzt alle Modelle des iPhone, inklusive iPhone SE, iPhone 6s\/6s Plus.<br \/>\n<div class=\"product-box\">\r\n<div class=\"pImg\" style=\"height: 320px!important;\"><img decoding=\"async\" src=\"http:\/\/tipard.de\/blog\/wp-content\/plugins\/tipard\/imgs\/iPhoneTransfer.png\" alt=\"iPhone Transfer\"><\/div>\r\n<div class=\"context\"><a href=\"http:\/\/www.tipard.de\/iphone-transfer\/\" class=\"title\">iPhone Transfer<\/a><br \/><p>Tipard iPhone Transfer ist das beste Programm zum Datentransfer f\u00fcr iPhone\/iPad\/iPod-Nutzer. Es erf\u00fcllt all Ihre Anforderungen an den Transfer, das Verwalten und Backups der Dateien auf Ihrem iPhone\/iPad\/iPod.<\/p><br \/><a href=\"http:\/\/www.tipard.de\/iphone-transfer\/\" class=\"more\">Mehr Erfahren<\/a><\/div>\r\n<\/div><\/p>\n","protected":false},"excerpt":{"rendered":"<p>Wenn Sie zum ersten Mal Ger\u00e4te von Apple nutzen anstatt Android, dann sollten Sie sich zun\u00e4chst mit iTunes auseinander setzen. Hier k\u00f6nnen Sie erfahren was iTunes f\u00fcr Sie tun kann und wie Sie einen Vorteil durch iTunes erhalten. Zus\u00e4tzlich erfahren Sie mehr zu den besten iTunes Alternativen mit denen Sie Ihre Anforderungen erf\u00fcllen k\u00f6nnen. Was [&hellip;]<\/p>\n","protected":false},"author":1,"featured_media":0,"parent":0,"menu_order":0,"comment_status":"closed","ping_status":"closed","template":"","meta":{"footnotes":""},"class_list":["post-1220","page","type-page","status-publish","hentry"],"_links":{"self":[{"href":"https:\/\/www.tipard.de\/blog\/wp-json\/wp\/v2\/pages\/1220","targetHints":{"allow":["GET"]}}],"collection":[{"href":"https:\/\/www.tipard.de\/blog\/wp-json\/wp\/v2\/pages"}],"about":[{"href":"https:\/\/www.tipard.de\/blog\/wp-json\/wp\/v2\/types\/page"}],"author":[{"embeddable":true,"href":"https:\/\/www.tipard.de\/blog\/wp-json\/wp\/v2\/users\/1"}],"replies":[{"embeddable":true,"href":"https:\/\/www.tipard.de\/blog\/wp-json\/wp\/v2\/comments?post=1220"}],"version-history":[{"count":3,"href":"https:\/\/www.tipard.de\/blog\/wp-json\/wp\/v2\/pages\/1220\/revisions"}],"predecessor-version":[{"id":1223,"href":"https:\/\/www.tipard.de\/blog\/wp-json\/wp\/v2\/pages\/1220\/revisions\/1223"}],"wp:attachment":[{"href":"https:\/\/www.tipard.de\/blog\/wp-json\/wp\/v2\/media?parent=1220"}],"curies":[{"name":"wp","href":"https:\/\/api.w.org\/{rel}","templated":true}]}}