{"id":1193,"date":"2017-09-21T22:37:43","date_gmt":"2017-09-21T22:37:43","guid":{"rendered":"http:\/\/www.tipard.de\/blog\/?page_id=1193"},"modified":"2017-09-21T22:37:43","modified_gmt":"2017-09-21T22:37:43","slug":"wie-man-youtube-video-herunterlaedt","status":"publish","type":"page","link":"https:\/\/www.tipard.de\/blog\/wie-man-youtube-video-herunterlaedt\/","title":{"rendered":"Wie man YouTube Video herunterl\u00e4dt"},"content":{"rendered":"<p><img loading=\"lazy\" decoding=\"async\" src=\"http:\/\/www.tipard.de\/blog\/wp-content\/uploads\/2017\/09\/download-youtube-videos.jpg\" alt=\"\" width=\"600\" height=\"272\" class=\"alignnone size-full wp-image-1191\" srcset=\"https:\/\/www.tipard.de\/blog\/wp-content\/uploads\/2017\/09\/download-youtube-videos.jpg 600w, https:\/\/www.tipard.de\/blog\/wp-content\/uploads\/2017\/09\/download-youtube-videos-300x136.jpg 300w\" sizes=\"auto, (max-width: 600px) 100vw, 600px\" \/><br \/>\nSie m\u00f6chten Videos von YouTube herunterladen?<br \/>\nEgal, ob Sie ein lustiges Video oder ihre TV Serie schauen wollen: YouTube bietet Ihnen eine gro\u00dfe Auswahl an Videos. Aber das geht nur mit Internetverbindung. Deswegen kann es vorkommen, dass Sie YouTube Videos herunterladen wollen, um Sie auf Ihrem tragbaren Ger\u00e4t anzusehen. Jedoch erlaubt es YouTube Ihnen nicht das Video direkt herunterzuladen, um das Copyright des Uploaders zu sch\u00fctzen. Deswegen m\u00fcssen Sie die Videos erst auf Ihrem Computer herunterladen bevor Sie die Videos auf Ihrem tragbaren iOS\/Android Ger\u00e4t ansehen k\u00f6nnen.<\/p>\n<h2>Online Video Downloader, um YouTube Videos kostenlos herunterzuladen<\/h2>\n<p>Wenn Sie nur einige kurze Videos herunterladen wollen, dann k\u00f6nnen Sie ein online YouTube Videos Downloading Program nutzen. Ein einfach zu nutzendes und leistungsstarkes Programm ist der Clip Converter.<\/p>\n<h3>Clip Converter<\/h3>\n<p><img loading=\"lazy\" decoding=\"async\" src=\"http:\/\/www.tipard.de\/blog\/wp-content\/uploads\/2017\/09\/download-youtube-videos-with-clip-converter.jpg\" alt=\"\" width=\"600\" height=\"358\" class=\"alignnone size-full wp-image-1192\" srcset=\"https:\/\/www.tipard.de\/blog\/wp-content\/uploads\/2017\/09\/download-youtube-videos-with-clip-converter.jpg 600w, https:\/\/www.tipard.de\/blog\/wp-content\/uploads\/2017\/09\/download-youtube-videos-with-clip-converter-300x179.jpg 300w\" sizes=\"auto, (max-width: 600px) 100vw, 600px\" \/><br \/>\n<a href=\"http:\/\/www.clipconverter.cc\/\">Clip Converter<\/a> ist ein kostenloses Programm zum Herunterladen von YouTube Videos. Zus\u00e4tzlich k\u00f6nnen Sie die Videos in regul\u00e4re Audio- und Videoformate umwandeln, wie MP4, AVI, MOV, MP3 und andere. <\/p>\n<h2>YouTube Videos mit dem Clip Converter herunterladen<\/h2>\n<p>Hier haben wir ein YouTube Video als Beispiel gew\u00e4hlt, um Ihnen zu zeigen wie Sie YouTube Videos mit dem Clip Converter herunterladen k\u00f6nnen.<br \/>\n1. Gehen Sie auf das YouTube Video, dass Sie herunterladen wollen und kopieren Sie die URL.<br \/>\n2. Gehen Sie dann auf die Seite des Clip Converter und geben Sie die URL in die Box.<br \/>\n3. Klicken Sie auf &#8222;Weiter&#8220;, um das Video zu analysieren.<br \/>\n4. W\u00e4hlen Sie die gew\u00fcnschte Aufl\u00f6sung und das Ausgabeformat.<\/p>\n<p>5. Klicken Sie auf &#8222;Start&#8220; > &#8222;Download&#8220;, um das Video auf Ihren Computer herunterzuladen.<\/p>\n<h2>Professioneller YouTube Video Downloader, um online Videos zu speichern<\/h2>\n<p>Mit der ersten Methode k\u00f6nnen Sie ganz einfach kurze Videos von YouTube herunterladen. Aber was, wenn Sie einen Film oder eine TV Serie herunterladen wollen? Bei dem ersten Programm w\u00fcrde das sehr lange dauern und es geht Qualit\u00e4t verloren. Hier zeigen wir Ihnen ein Video Downloading Programm zum Speichern von YouTube Videos.<\/p>\n<h3>Tipard Video Downloader<\/h3>\n<p>Tipard Video Downloader ist ein professionelles Video Downloading Programm zum Herunterladen von Videos auf Video-sharing Seiten, wie YouTube, Vimeo, Metacafe, Facebook, Dailymotion, Vevo, BBCoder Yahoo. Ebenso ist eine Umwandlung in andere Formate m\u00f6glich, wie MP4, MKV, AVI, MOV, MXF, MPEG, FLV, MP3, AAC, ALAC, WAV, FLAC, etc. Es hat zus\u00e4tzlich einen built-in Player, um eine Vorschau des Videos zu erhalten. Sie k\u00f6nnen den kostenlosen YouTube Video Downloader auf Ihren Computer herunterladen.<br \/>\n1. Nachdem Sie die Software heruntergeladen haben, installieren und starten Sie diese auf Ihrem Computer.<br \/>\n<img loading=\"lazy\" decoding=\"async\" src=\"http:\/\/www.tipard.de\/blog\/wp-content\/uploads\/2017\/09\/screenshot1.jpg\" alt=\"\" width=\"720\" height=\"492\" class=\"alignnone size-full wp-image-1195\" srcset=\"https:\/\/www.tipard.de\/blog\/wp-content\/uploads\/2017\/09\/screenshot1.jpg 720w, https:\/\/www.tipard.de\/blog\/wp-content\/uploads\/2017\/09\/screenshot1-300x205.jpg 300w\" sizes=\"auto, (max-width: 720px) 100vw, 720px\" \/><br \/>\n2. \u00d6ffnen Sie YouTube und das Video, dass Sie herunterladen wollen. Kopieren Sie die YouTube Video Adresse.<br \/>\n3. Im YouTube Video Downloader klicken Sie auf den &#8222;Url einf\u00fcgen&#8220; Knopf. Das Video wird automatisch erkannt und die URL wird in der Box erscheinen.<br \/>\n4. Klicken Sie auf &#8222;Analyse&#8220;, um das online Video zu analysieren. Das wird nur wenige Sekunden dauern. Danach werden Ihnen verschiedene Aufl\u00f6sungen zur Auswahl angeboten.<br \/>\n<img loading=\"lazy\" decoding=\"async\" src=\"http:\/\/www.tipard.de\/blog\/wp-content\/uploads\/2017\/09\/save-youtube-videos-via-video-downloader.jpg\" alt=\"\" width=\"600\" height=\"404\" class=\"alignnone size-full wp-image-1194\" srcset=\"https:\/\/www.tipard.de\/blog\/wp-content\/uploads\/2017\/09\/save-youtube-videos-via-video-downloader.jpg 600w, https:\/\/www.tipard.de\/blog\/wp-content\/uploads\/2017\/09\/save-youtube-videos-via-video-downloader-300x202.jpg 300w\" sizes=\"auto, (max-width: 600px) 100vw, 600px\" \/><br \/>\n5. W\u00e4hlen Sie die von Ihnen bevorzugte Aufl\u00f6sung und klicken Sie dann auf &#8222;OK&#8220;, um den Download zu starten. Dabei k\u00f6nnen Sie zwischen den angebotenen Formaten w\u00e4hlen.<br \/>\nNach einer Zeit k\u00f6nnen Sie das Video auf Ihrem Computer speichern. Dann k\u00f6nnen Sie es darauf abspielen oder auf Ihr tragbares Ger\u00e4t \u00fcbertragen. Durch die neue Acceleration Technologie erhalten Sie eine Super schnelle Download-Geschwindigkeit. Zus\u00e4tzlich wird die originale Videoqualit\u00e4t beibehalten. <\/p>\n","protected":false},"excerpt":{"rendered":"<p>Sie m\u00f6chten Videos von YouTube herunterladen? Egal, ob Sie ein lustiges Video oder ihre TV Serie schauen wollen: YouTube bietet Ihnen eine gro\u00dfe Auswahl an Videos. Aber das geht nur mit Internetverbindung. Deswegen kann es vorkommen, dass Sie YouTube Videos herunterladen wollen, um Sie auf Ihrem tragbaren Ger\u00e4t anzusehen. Jedoch erlaubt es YouTube Ihnen nicht [&hellip;]<\/p>\n","protected":false},"author":1,"featured_media":0,"parent":0,"menu_order":0,"comment_status":"closed","ping_status":"closed","template":"","meta":{"footnotes":""},"class_list":["post-1193","page","type-page","status-publish","hentry"],"_links":{"self":[{"href":"https:\/\/www.tipard.de\/blog\/wp-json\/wp\/v2\/pages\/1193","targetHints":{"allow":["GET"]}}],"collection":[{"href":"https:\/\/www.tipard.de\/blog\/wp-json\/wp\/v2\/pages"}],"about":[{"href":"https:\/\/www.tipard.de\/blog\/wp-json\/wp\/v2\/types\/page"}],"author":[{"embeddable":true,"href":"https:\/\/www.tipard.de\/blog\/wp-json\/wp\/v2\/users\/1"}],"replies":[{"embeddable":true,"href":"https:\/\/www.tipard.de\/blog\/wp-json\/wp\/v2\/comments?post=1193"}],"version-history":[{"count":2,"href":"https:\/\/www.tipard.de\/blog\/wp-json\/wp\/v2\/pages\/1193\/revisions"}],"predecessor-version":[{"id":1197,"href":"https:\/\/www.tipard.de\/blog\/wp-json\/wp\/v2\/pages\/1193\/revisions\/1197"}],"wp:attachment":[{"href":"https:\/\/www.tipard.de\/blog\/wp-json\/wp\/v2\/media?parent=1193"}],"curies":[{"name":"wp","href":"https:\/\/api.w.org\/{rel}","templated":true}]}}