{"id":1081,"date":"2017-09-15T03:12:42","date_gmt":"2017-09-15T03:12:42","guid":{"rendered":"http:\/\/www.tipard.de\/blog\/?page_id=1081"},"modified":"2017-09-15T03:12:42","modified_gmt":"2017-09-15T03:12:42","slug":"top-10-der-besten-loesungen-fuer-videobearbeitung-in-2017","status":"publish","type":"page","link":"https:\/\/www.tipard.de\/blog\/top-10-der-besten-loesungen-fuer-videobearbeitung-in-2017\/","title":{"rendered":"Top 10 der besten L\u00f6sungen f\u00fcr Videobearbeitung in 2017"},"content":{"rendered":"<p><img loading=\"lazy\" decoding=\"async\" src=\"http:\/\/www.tipard.de\/blog\/wp-content\/uploads\/2017\/09\/free-video-editor.jpg\" alt=\"\" width=\"600\" height=\"338\" class=\"alignnone size-full wp-image-1083\" srcset=\"https:\/\/www.tipard.de\/blog\/wp-content\/uploads\/2017\/09\/free-video-editor.jpg 600w, https:\/\/www.tipard.de\/blog\/wp-content\/uploads\/2017\/09\/free-video-editor-300x169.jpg 300w\" sizes=\"auto, (max-width: 600px) 100vw, 600px\" \/><br \/>\nVideodateien sind heutzutage sehr beliebt, um Teile seines Lebens mit seinen Mitmenschen zu teilen. Wenn Sie Ihre Videodateien selbst bearbeiten m\u00f6chten, k\u00f6nnen Sie auf einen kostenlosen Videobearbeiter zur\u00fcckgreifen. Was sind die besten L\u00f6sungen f\u00fcr Videobearbeitung in 2017? In diesem Artikel zeigen wir Ihnen 10 der besten hochqualitativen und kostenlosen L\u00f6sungen, mit denen Sie Videos in verschiedenen Formaten personalisieren k\u00f6nnen. F\u00fcgen Sie Fotoeffekte, Text und Untertitel, Video Stabilisation und andere Funktionen hinzu, um den gew\u00fcnschten Effekt mit Leichtigkeit zu erstellen. Wenn Sie am \u00fcberlegen sind sich eine teure Bearbeitungssoftware zu kaufen, lesen Sie zuerst den folgenden Artikel, um tolle kostenlose Alternativen zu finden. <\/p>\n<h2>1. Windows Movie Maker<\/h2>\n<p>F\u00fcr Windows Benutzer ist der Windows Movie Maker die beliebteste L\u00f6sung, um Videos zu bearbeiten. Sie m\u00fcssen die L\u00f6sung nicht einmal herunterladen, da sie auf den meisten Windows PCs schon vorinstalliert ist. Unterst\u00fctzt werden zahlreiche Formate wie ASF, AVI, DVR-MS, M1V, MP2, MP2V, MPE, MPEG, MPG, MPV2, WM, WMV, sowie diverse Audio Formate. Jedes Video k\u00f6nnen Sie auf eine Qualit\u00e4t von 1080p umwandeln. Sie k\u00f6nnen tolle Funktionen hinzuf\u00fcgen, darunter Videos drehen, Titel, \u00dcbergangseffekte und Audio hionzuf\u00fcgen oder die Lautst\u00e4rke im Video ver\u00e4ndern.<br \/>\n<img loading=\"lazy\" decoding=\"async\" src=\"http:\/\/www.tipard.de\/blog\/wp-content\/uploads\/2017\/09\/windows-movie-maker-2.jpg\" alt=\"\" width=\"600\" height=\"448\" class=\"alignnone size-full wp-image-1091\" srcset=\"https:\/\/www.tipard.de\/blog\/wp-content\/uploads\/2017\/09\/windows-movie-maker-2.jpg 600w, https:\/\/www.tipard.de\/blog\/wp-content\/uploads\/2017\/09\/windows-movie-maker-2-300x224.jpg 300w\" sizes=\"auto, (max-width: 600px) 100vw, 600px\" \/> <\/p>\n<h2>2. iMovie<\/h2>\n<p>F\u00fcr Benutzer von iGer\u00e4ten oder Mac ist iMovie eine tolle kostenlose L\u00f6sung f\u00fcr Videobearbeitung mit m\u00e4chtigen Funktionen. Sie k\u00f6nnen Ihre eigenen Filme erstellen, Videos bearbeiten, Videos teilen etc. Das tolle ist, dass Sie die L\u00f6sung nicht nur am Mac sondern auch mit Ihrem iPhone, iPad oder iPod benutzen k\u00f6nnen. So k\u00f6nnen Sie wo auch immer Sie sind Videos bearbeiten und anschauen. iMovie hat Studioqualit\u00e4t, detailtreue Filter, Spezialeffekte, Soundtracks und vieles mehr. Sie k\u00f6nnen verschiedene Muster ausw\u00e4hlen, mit denen Sie anschlie\u00dfend Videos erstellen, die aus Hollywood kommen k\u00f6nnten. Anschlie\u00dfend k\u00f6nnen Sie Ihr Studio-Logo, sowie Fotos und Videos auf Ihrem Storyboard hinzuf\u00fcgen.<br \/>\n<img loading=\"lazy\" decoding=\"async\" src=\"http:\/\/www.tipard.de\/blog\/wp-content\/uploads\/2017\/09\/imovie-2.jpg\" alt=\"\" width=\"600\" height=\"375\" class=\"alignnone size-full wp-image-1084\" srcset=\"https:\/\/www.tipard.de\/blog\/wp-content\/uploads\/2017\/09\/imovie-2.jpg 600w, https:\/\/www.tipard.de\/blog\/wp-content\/uploads\/2017\/09\/imovie-2-300x188.jpg 300w\" sizes=\"auto, (max-width: 600px) 100vw, 600px\" \/><\/p>\n<h2>3. Avidemux<\/h2>\n<p>Avidemux ist eine tolle L\u00f6sung zum schneiden, filtern und kodieren von Videos. Sie ist verf\u00fcgbar f\u00fcr Mac OS X, Microsoft Windows, Linux und BSD mit der GNU GPL Lizenz. In diesem Videobearbeiter k\u00f6nnen Sie verschiedene Formate wie DVD, MPEG und AVI anwenden. Des Weiteren werden Audio Formate wie WAV, AAC, MP3, AC3, MOV, etc. unterst\u00fctzt. Diese L\u00f6sung ist sehr einfach herunterzuladen und zu installieren und Sie k\u00f6nnen eine Vielzahl von Formaten anwenden. Besonders zu empfehlen ist dieser Video Editor f\u00fcr diejenigen, die gerade erst mit dem Bearbeiten von Videos anfangen und kein gro\u00dfes Vorwissen haben.<br \/>\n<img loading=\"lazy\" decoding=\"async\" src=\"http:\/\/www.tipard.de\/blog\/wp-content\/uploads\/2017\/09\/avidemux-1.jpg\" alt=\"\" width=\"600\" height=\"490\" class=\"alignnone size-full wp-image-1079\" srcset=\"https:\/\/www.tipard.de\/blog\/wp-content\/uploads\/2017\/09\/avidemux-1.jpg 600w, https:\/\/www.tipard.de\/blog\/wp-content\/uploads\/2017\/09\/avidemux-1-300x245.jpg 300w\" sizes=\"auto, (max-width: 600px) 100vw, 600px\" \/> <\/p>\n<h2>4. VirtualDub<\/h2>\n<p>VirtualDub ist ein Videoaufzeichner, sowie ein kostenloser Editor f\u00fcr 32-bit und 64-bit Windows Betriebssysteme. Sie k\u00f6nnen die L\u00f6sung mit Windows 98\/ME\/NT4\/2000\/XP\/Vista\/7 verwenden. Besonders zu erw\u00e4hnen ist, dass diese L\u00f6sung daf\u00fcr bekannt ist, keinerlei Probleme damit zu haben mit einer Vielzahl von Videodateien umzugehen. Au\u00dferdem k\u00f6nnen Sie Filter aus Drittvideo Dateien verwenden, um  an den gew\u00fcnschten Effekt zu gelangen. Mit VirtualDub k\u00f6nnen Sie bevorzugt mit AVI Dateien arbeiten, allerdings kann auch MPEG-1 gelesen werden und mit BMP Bildern umgegangen werden. Die L\u00f6sung hat grundlegende Videobearbeitungsfunktionen, wie zum Beispiel Komprimierung, Video Splitting und das Hinzuf\u00fcgen von Audiotracks.<br \/>\n<img loading=\"lazy\" decoding=\"async\" src=\"http:\/\/www.tipard.de\/blog\/wp-content\/uploads\/2017\/09\/virtualdub-1.jpg\" alt=\"\" width=\"600\" height=\"359\" class=\"alignnone size-full wp-image-1090\" srcset=\"https:\/\/www.tipard.de\/blog\/wp-content\/uploads\/2017\/09\/virtualdub-1.jpg 600w, https:\/\/www.tipard.de\/blog\/wp-content\/uploads\/2017\/09\/virtualdub-1-300x180.jpg 300w\" sizes=\"auto, (max-width: 600px) 100vw, 600px\" \/> <\/p>\n<h2>5. Blender<\/h2>\n<p>Blender ist eine Open-Source und 3D Wiedergabe L\u00f6sung. Der kostenlose Video Editor hat viele fortschrittliche Funktionen, wie m\u00e4chtige Animationstools, Modifizierungstools, Node-Basiertes Material und Schneider, Phyton f\u00fcr eingebettete Scripts usw. Der Open-Source Editor unterst\u00fctzt au\u00dferdem eine Vielzahl von 3D Formaten. Leider ist Blender ein wenig schwierig zu benutzen, doch wenn Sie ein wenig freie Zeit haben, sollten Sie diese auf jeden Fall nutzen, um sich mit dieser L\u00f6sung vertraut zu machen.<br \/>\n<img loading=\"lazy\" decoding=\"async\" src=\"http:\/\/www.tipard.de\/blog\/wp-content\/uploads\/2017\/09\/blender-1.jpg\" alt=\"\" width=\"600\" height=\"353\" class=\"alignnone size-full wp-image-1080\" srcset=\"https:\/\/www.tipard.de\/blog\/wp-content\/uploads\/2017\/09\/blender-1.jpg 600w, https:\/\/www.tipard.de\/blog\/wp-content\/uploads\/2017\/09\/blender-1-300x177.jpg 300w\" sizes=\"auto, (max-width: 600px) 100vw, 600px\" \/> <\/p>\n<h2>6. Kdenlive<\/h2>\n<p>Kdenlive oder KDE Non-Linear Video Editor ist eine weitere Open-Source L\u00f6sung f\u00fcr Videobearbeitung. Der kostenlose Video Editor hat sich mit der Zeit viel weiterentwickelt und ist nun eine hochprofessionelle L\u00f6sung. Die meisten Benutzer m\u00f6gen diese L\u00f6sung aufgrund der zahlreichen Formate, die angeboten werden, darunter AVI, QuickTime, FlashVideo, WMV, und MPEG. Der Video Editor unterst\u00fctzt au\u00dferdem 16:9 und 4:3 Aufl\u00f6sung f\u00fcr NTSC, PAL, und einige HD Standards wie AVCHD und HDV.<br \/>\n<img loading=\"lazy\" decoding=\"async\" src=\"http:\/\/www.tipard.de\/blog\/wp-content\/uploads\/2017\/09\/kdenlive-1.jpg\" alt=\"\" width=\"600\" height=\"338\" class=\"alignnone size-full wp-image-1086\" srcset=\"https:\/\/www.tipard.de\/blog\/wp-content\/uploads\/2017\/09\/kdenlive-1.jpg 600w, https:\/\/www.tipard.de\/blog\/wp-content\/uploads\/2017\/09\/kdenlive-1-300x169.jpg 300w\" sizes=\"auto, (max-width: 600px) 100vw, 600px\" \/> <\/p>\n<h2>7. JahShaka<\/h2>\n<p>JahShaka ist eine Videobearbeitungsl\u00f6sung, die Open-Source, Cross-Platform und kostenlos ist. Sie ist f\u00fcr Windows und Linux verf\u00fcgbar und war vorher bekannt unter CineFX. Sie kombiniert Videobearbeitung, 2D und 3D Animation, Schneiden, Farbkorrektion, usw. Die L\u00f6sung ist toll f\u00fcr Menschen, die noch nicht viel Erfahrung im Bereich Videobearbeitung haben. Leider fehlen JahShaka noch einige hilfreiche tools, wie ein nicht lineares Videobearbeitungssystem.<br \/>\n<img loading=\"lazy\" decoding=\"async\" src=\"http:\/\/www.tipard.de\/blog\/wp-content\/uploads\/2017\/09\/jahshaka.jpg\" alt=\"\" width=\"600\" height=\"391\" class=\"alignnone size-full wp-image-1085\" srcset=\"https:\/\/www.tipard.de\/blog\/wp-content\/uploads\/2017\/09\/jahshaka.jpg 600w, https:\/\/www.tipard.de\/blog\/wp-content\/uploads\/2017\/09\/jahshaka-300x196.jpg 300w\" sizes=\"auto, (max-width: 600px) 100vw, 600px\" \/><\/p>\n<h2>8. VideoLan Movie Creator<\/h2>\n<p>Noch in Entwicklung, aber schon m\u00e4chtig. Anders als der VLC Media Player, aber auch von VideoLanOrganization entwickelt. Wie beim VLC Player zielt dieser Editor darauf ab Videos und einige Medienformate abzuspielen. Benutzer brauchen keine besonderen F\u00e4higkeiten, da dieser Editor sehr einfach zu handhaben ist. Er ist kompatibel mit Windows, Linux und Mac OS X. Fast alle g\u00e4ngigen Formate k\u00f6nnen gelesen und bearbeitet werden. Auch wenn diese L\u00f6sung noch am Anfang steht sehen wir eine gro\u00dfe Zukunft.<br \/>\n<img loading=\"lazy\" decoding=\"async\" src=\"http:\/\/www.tipard.de\/blog\/wp-content\/uploads\/2017\/09\/videolan-movie-creator.jpg\" alt=\"\" width=\"600\" height=\"428\" class=\"alignnone size-full wp-image-1089\" srcset=\"https:\/\/www.tipard.de\/blog\/wp-content\/uploads\/2017\/09\/videolan-movie-creator.jpg 600w, https:\/\/www.tipard.de\/blog\/wp-content\/uploads\/2017\/09\/videolan-movie-creator-300x214.jpg 300w\" sizes=\"auto, (max-width: 600px) 100vw, 600px\" \/> <\/p>\n<h2>9. DaVinci Resolve<\/h2>\n<p>Die Studio Version von Da Vinci Resolve kostet fast $1,000 \u2013 doch die einfache Version ist komplett kostenlos. Die L\u00f6sung hat eine fantastische Farbkorrektur und viele weitere tolle Funktionen. DaVinci Resolve kann in SD, HD und Ultra HD exportieren und ist eher an Businessmenschen gerichtet.<br \/>\n<img loading=\"lazy\" decoding=\"async\" src=\"http:\/\/www.tipard.de\/blog\/wp-content\/uploads\/2017\/09\/davinci-resolve.jpg\" alt=\"\" width=\"600\" height=\"337\" class=\"alignnone size-full wp-image-1082\" srcset=\"https:\/\/www.tipard.de\/blog\/wp-content\/uploads\/2017\/09\/davinci-resolve.jpg 600w, https:\/\/www.tipard.de\/blog\/wp-content\/uploads\/2017\/09\/davinci-resolve-300x169.jpg 300w\" sizes=\"auto, (max-width: 600px) 100vw, 600px\" \/> <\/p>\n<h2>10. Tipard Video Enhancer<\/h2>\n<p>Wenn Sie nach einem Editor suchen, der einfach zu bedienen ist und f\u00fcr jedes Betriebssystem zug\u00e4nglich ist, haben Sie mit dem Tipard Video Enhancer die beste L\u00f6sung gefunden. Video Enhancer hat eine benutzerfreundliche Oberfl\u00e4che und unterst\u00fctzt Windows und Mac. Erfahren Sie hier mehr \u00fcber die fantastischen Funktionen:<br \/>\n1. Es gibt eine Probeversion, mit der Sie die L\u00f6sung kostenlos testen k\u00f6nnen.<br \/>\n2. Video Enhancer bietet eine Menge Funktionen, darunter schneiden, drehen, Effekte, Farbkorrektur, Wasserzeichen usw. an.<br \/>\n3. Die Videobearbeitungsl\u00f6sung unterst\u00fctzt alle g\u00e4ngigen Video- und Audiodateien.<br \/>\n4. Der Editor kann in 3D, 4K UHD Video und 1080p HD Video umwandeln.<br \/>\n5. Sie k\u00f6nnen Videoclips ganz genau auf bestimmte Zeiten zuschneiden. <\/p>\n<h3>Wie Sie Videos mit Tipard Video Enhancer bearbeiten <\/h3>\n<p>Wenn Sie Video Enhancer getestet haben werden wir verstehen, warum wir sagen, dass es einfach zu bedienen ist. Alles was Sie brauchen sind wenige Klicks. Downloaden und installieren Sie Tipard Video Enhancer und folgen diesen Schritten, um Ihre Videodateien zu bearbeiten.<br \/>\n<img loading=\"lazy\" decoding=\"async\" src=\"http:\/\/www.tipard.de\/blog\/wp-content\/uploads\/2017\/09\/tp-screen-4.jpg\" alt=\"\" width=\"600\" height=\"333\" class=\"alignnone size-full wp-image-1088\" srcset=\"https:\/\/www.tipard.de\/blog\/wp-content\/uploads\/2017\/09\/tp-screen-4.jpg 600w, https:\/\/www.tipard.de\/blog\/wp-content\/uploads\/2017\/09\/tp-screen-4-300x167.jpg 300w\" sizes=\"auto, (max-width: 600px) 100vw, 600px\" \/><br \/>\n1. Klicken Sie auf Datei hinzuf\u00fcgen, um das zu bearbeitende Video hinzuzuf\u00fcgen.<br \/>\n2. Dr\u00fccken Sie dann auf Video Enhance, um das Bearbeitungsfenster zu \u00f6ffnen.<br \/>\n3. Sie k\u00f6nnen Ihr Video mit tollen funktionen wie drehen, schneiden, vergr\u00f6\u00dfern, konvertieren, usw. bearbeiten.<br \/>\n<img loading=\"lazy\" decoding=\"async\" src=\"http:\/\/www.tipard.de\/blog\/wp-content\/uploads\/2017\/09\/tp-enhance-1.jpg\" alt=\"\" width=\"600\" height=\"504\" class=\"alignnone size-full wp-image-1087\" srcset=\"https:\/\/www.tipard.de\/blog\/wp-content\/uploads\/2017\/09\/tp-enhance-1.jpg 600w, https:\/\/www.tipard.de\/blog\/wp-content\/uploads\/2017\/09\/tp-enhance-1-300x252.jpg 300w\" sizes=\"auto, (max-width: 600px) 100vw, 600px\" \/><br \/>\n4. Nachdem Sie Ihre gew\u00fcnschten Ergebnisse erhalten haben klicken Sie auf Speichern, um das Video auf dem Computer zu speichern.<br \/>\nAl seine der effizientesten Videobearbeitungsl\u00f6sungen k\u00f6nnen Sie immer die gew\u00fcnschten Effekte an Ihrem Video hinzuf\u00fcgen. Au\u00dferdem k\u00f6nnen Sie den integrierten Audio Enhancer verwenden, um Audio Dateien h\u00f6rbar zu verbessern.<br \/>\nIn diesem Artikel haben wir Ihnen die Top 10 der Video Editors von 2017 gezeigt. Ich hoffe, dass Sie unter ihnen einen finden, der sich am besten mit Ihren Vorstellungen vereinen l\u00e4sst. <\/p>\n","protected":false},"excerpt":{"rendered":"<p>Videodateien sind heutzutage sehr beliebt, um Teile seines Lebens mit seinen Mitmenschen zu teilen. Wenn Sie Ihre Videodateien selbst bearbeiten m\u00f6chten, k\u00f6nnen Sie auf einen kostenlosen Videobearbeiter zur\u00fcckgreifen. Was sind die besten L\u00f6sungen f\u00fcr Videobearbeitung in 2017? In diesem Artikel zeigen wir Ihnen 10 der besten hochqualitativen und kostenlosen L\u00f6sungen, mit denen Sie Videos in [&hellip;]<\/p>\n","protected":false},"author":1,"featured_media":0,"parent":0,"menu_order":0,"comment_status":"closed","ping_status":"closed","template":"","meta":{"footnotes":""},"class_list":["post-1081","page","type-page","status-publish","hentry"],"_links":{"self":[{"href":"https:\/\/www.tipard.de\/blog\/wp-json\/wp\/v2\/pages\/1081","targetHints":{"allow":["GET"]}}],"collection":[{"href":"https:\/\/www.tipard.de\/blog\/wp-json\/wp\/v2\/pages"}],"about":[{"href":"https:\/\/www.tipard.de\/blog\/wp-json\/wp\/v2\/types\/page"}],"author":[{"embeddable":true,"href":"https:\/\/www.tipard.de\/blog\/wp-json\/wp\/v2\/users\/1"}],"replies":[{"embeddable":true,"href":"https:\/\/www.tipard.de\/blog\/wp-json\/wp\/v2\/comments?post=1081"}],"version-history":[{"count":2,"href":"https:\/\/www.tipard.de\/blog\/wp-json\/wp\/v2\/pages\/1081\/revisions"}],"predecessor-version":[{"id":1093,"href":"https:\/\/www.tipard.de\/blog\/wp-json\/wp\/v2\/pages\/1081\/revisions\/1093"}],"wp:attachment":[{"href":"https:\/\/www.tipard.de\/blog\/wp-json\/wp\/v2\/media?parent=1081"}],"curies":[{"name":"wp","href":"https:\/\/api.w.org\/{rel}","templated":true}]}}