{"id":1003,"date":"2017-09-07T15:21:26","date_gmt":"2017-09-07T15:21:26","guid":{"rendered":"http:\/\/www.tipard.de\/blog\/?page_id=1003"},"modified":"2017-09-07T15:21:26","modified_gmt":"2017-09-07T15:21:26","slug":"wie-sie-videos-auf-ihrem-computer-stabilisieren-koennen-3-methoden","status":"publish","type":"page","link":"https:\/\/www.tipard.de\/blog\/wie-sie-videos-auf-ihrem-computer-stabilisieren-koennen-3-methoden\/","title":{"rendered":"Wie Sie Videos auf Ihrem Computer stabilisieren k\u00f6nnen: 3 Methoden"},"content":{"rendered":"<p><img loading=\"lazy\" decoding=\"async\" src=\"http:\/\/www.tipard.de\/blog\/wp-content\/uploads\/2017\/09\/stabilize-video.jpg\" alt=\"\" width=\"600\" height=\"338\" class=\"alignnone size-full wp-image-1004\" srcset=\"https:\/\/www.tipard.de\/blog\/wp-content\/uploads\/2017\/09\/stabilize-video.jpg 600w, https:\/\/www.tipard.de\/blog\/wp-content\/uploads\/2017\/09\/stabilize-video-300x169.jpg 300w\" sizes=\"auto, (max-width: 600px) 100vw, 600px\" \/><br \/>\nVideos, die mit Smartphones aufgenommen wurden oder auch von Action Cams, sind gew\u00f6hnlich eher unruhig und durchzogen von Wacklern und Ersch\u00fctterungen. Nat\u00fcrlich stellen diese Videos dar wie die Situation war, aber wenn Sie sich einige Zeit diese Videos ansehen, dann kommt der Wunsch auf daran etwas zu \u00e4ndern. Denn einige Videos sind einfach zu verwackelt. Sie werden sich fragen: gibt es eine M\u00f6glichkeit die Wackler aus dem Video zu entfernen? Die Antwort ist ja! Es gibt L\u00f6sungen mit denen Sie das Wackeln entfernen k\u00f6nnen und das Video stabilisieren. Dieser Artikel zeigt Ihnen die besten Wege Videos zu stabilisieren \u2013 in Windows, Mac und online.<br \/>\nTeil 1: Videos auf einem Mac Computer stabilisieren<br \/>\nTeil 2: Videos auf einem Windows Computer stabilisieren<br \/>\nTeil 3: Verschwommene Videos mit Adobe After Effects bearbeiten<\/p>\n<h2>Teil 1. Videos auf einem Mac Computer stabilisieren<\/h2>\n<p>Wenn Sie einen Apple Computer besitzen, dann werden Sie die exzellente Hardware und den tollen Kundenservice genie\u00dfen. Apple geht auf die W\u00fcnsche der Nutzer nach Videostabilisierung durch die Entwicklung von iMovie ein. Demnach k\u00f6nnen alle Apple Nutzer iMovie von der Apple Website kostenlos herunterladen. Wenn Sie Videos auf einem Mac mit iMovie stabilisieren wollen, dann folgen Sie diesen Schritten:<br \/>\n<img loading=\"lazy\" decoding=\"async\" src=\"http:\/\/www.tipard.de\/blog\/wp-content\/uploads\/2017\/09\/imovie.jpg\" alt=\"\" width=\"600\" height=\"337\" class=\"alignnone size-full wp-image-1002\" srcset=\"https:\/\/www.tipard.de\/blog\/wp-content\/uploads\/2017\/09\/imovie.jpg 600w, https:\/\/www.tipard.de\/blog\/wp-content\/uploads\/2017\/09\/imovie-300x169.jpg 300w\" sizes=\"auto, (max-width: 600px) 100vw, 600px\" \/><br \/>\n1. W\u00e4hlen Sie ein Video, welches Sie in iMovie stabilisieren wollen.<br \/>\n2. Gehen Sie ins Dateimen\u00fc und w\u00e4hlen Sie Videoanalyse in der Drop-down Liste und w\u00e4hlen Sie dann Stabilisierung.<br \/>\n3. Dann wird iMovie das gesamte Video stabilisieren. Wenn die Videodatei sehr gro\u00df ist, dann wird es l\u00e4nger dauern das Video zu analysieren und stabilisieren.<br \/>\n4. Tats\u00e4chlich wird iMovie feststellen welches Video zu verwackelt ist, um es anzusehen und wird eine rote Linie anzeigen, um Sie dar\u00fcber zu informieren. Daher m\u00fcssen Sie nur die Videoclips mit der roten Linie stabilisieren.<br \/>\n5. Sie k\u00f6nnen einen Doppelklick auf das Video machen, um die Kontrollbox zu aktivieren.<br \/>\n6. Dann w\u00e4hlen Sie Bewegungen im Clip gl\u00e4tten und klicken auf fertig, um die Analyse des Videos zu starten.<br \/>\n7. Das Zeitprozess Fenster wird auftauchen und Ihnen den Fortschritt im Prozess anzeigen. Nat\u00fcrlich k\u00f6nnen Sie auch Final Cut Pro und andere Videostabilisierer f\u00fcr Mac nutzen, um einfach Videos zu stabilisieren.<\/p>\n<h2>Teil 2. Videos auf einem Windows Computer stabilisieren<\/h2>\n<p>Microsoft hat auch Anwendungen designt, um Videos zu stabilisieren. Windows Nutzer k\u00f6nnen Windows Movie Maker verwenden. Jedoch k\u00f6nnen nur Nutzer mit Windows 8 und aktualisierten Versionen die Stabilisierungs-Anwendung nutzen. Videobearbeitung verlangt nach mehr Speicherplatz, also sollten Sie vor dem Videostabilisierungsprozess andere Prozesse auf Ihrem Computer schlie\u00dfen.<br \/>\n<img loading=\"lazy\" decoding=\"async\" src=\"http:\/\/www.tipard.de\/blog\/wp-content\/uploads\/2017\/09\/windows-movie-maker.jpg\" alt=\"\" width=\"600\" height=\"414\" class=\"alignnone size-full wp-image-1005\" srcset=\"https:\/\/www.tipard.de\/blog\/wp-content\/uploads\/2017\/09\/windows-movie-maker.jpg 600w, https:\/\/www.tipard.de\/blog\/wp-content\/uploads\/2017\/09\/windows-movie-maker-300x207.jpg 300w\" sizes=\"auto, (max-width: 600px) 100vw, 600px\" \/><br \/>\n1. Kreieren Sie ein neues Projekt in dem Programm Windows Movie Maker und importieren Sie das zu stabilisierende Video. Oder \u00f6ffnen Sie das bereits existierende Projekt mit dem Video, welches Sie stabilisieren wollen.<br \/>\n2. W\u00e4hlen Sie einen verwackelten Videoclip auf der linken Seite des Windows Movie Maker; dann wird die Video Toolbar erscheinen.<br \/>\n3. W\u00e4hlen Sie Bearbeiten und klicken Sie auf die Videostabilisierungs-Option, um fortzufahren.<br \/>\n4. Die Drop-down Liste enth\u00e4lt drei Optionen, die mit der Videostabilisierung zusammen h\u00e4ngen: Anti Shake, Anti Shake und leichte Wobble Korrektur und Anti Shake und hohe Wobble Korrektur. Sie k\u00f6nnen eine ausw\u00e4hlen, die am besten zu ihrem Video passt. Dann wird der Windows Movie automatisch das Video stabilisieren.<br \/>\n5. Wenn Sie ein perfektes Ergebnis erhalten wollen, dann k\u00f6nnen Sie die Optionen mehrmals ausf\u00fchren.<br \/>\n6. W\u00e4hlen Sie andere verwackelte Videos und wiederholen Sie Schritt 3 bis 5, um die Videos zu stabilisieren.<br \/>\n7. Dann k\u00f6nnen Sie das stabilisierte Video auf Ihrem Computer genie\u00dfen. Neben dem Windows Movie Maker k\u00f6nnen Sie auch andere Programme verwenden, wie Deshaker von VirtualDub, Wrap Stabilizer und andere Programme, um verwackelte Videos zu stabilisieren. <\/p>\n<h2>Teil 3. Verschwommene Videos mit Adobe After Effects bearbeiten<\/h2>\n<p>Viele Menschen m\u00f6gen keine Videobearbeiter, die von Anbietern von Operationssystemen entwickelt wurden. Das ergibt Sinn, da diese Programme nicht mit anderen Systemen genutzt werden k\u00f6nnen und nur die neusten Operationssysteme unterst\u00fctzen. Au\u00dferdem bieten diese Vieobearbeiter nur einige Grundfunktionen. Deswegen kann es sinnvoll sein lieber ein proesionelles Tool zur Videostabilisierung zu nutzen, wie Adobe After Effects.<br \/>\n<img loading=\"lazy\" decoding=\"async\" src=\"http:\/\/www.tipard.de\/blog\/wp-content\/uploads\/2017\/09\/adobe-after-effects.jpg\" alt=\"\" width=\"600\" height=\"338\" class=\"alignnone size-full wp-image-1001\" srcset=\"https:\/\/www.tipard.de\/blog\/wp-content\/uploads\/2017\/09\/adobe-after-effects.jpg 600w, https:\/\/www.tipard.de\/blog\/wp-content\/uploads\/2017\/09\/adobe-after-effects-300x169.jpg 300w\" sizes=\"auto, (max-width: 600px) 100vw, 600px\" \/><br \/>\n1. Dieser Videostabilisierer unterst\u00fctzt Mac und Windows, deswegen k\u00f6nnen Sie ihn herunterladen und installieren ohne \u00fcber die Kompatibilit\u00e4t nachzudenken.<br \/>\n2. Klicken Sie auf das Dateimen\u00fc und w\u00e4hlen Sie neu und neues Projekt, um ein neues Projekt in diesem Videostabilisierer zu erstellen.<br \/>\n3. Gehen Sie zur\u00fcck zum Dateimen\u00fc und w\u00e4hlen Sie importieren und Datei, um ein Video zu laden, welches Sie stabilisieren wollen.<br \/>\n4. Klicken Sie auf die Videodatei und ziehen Sie diese zu dem neuen Kompositions-Knopf unten.<br \/>\n5. Im Animationsmen\u00fc w\u00e4hlen Sie die Stabilisierung aus, um den Stabilisierungs-Panel zu aktivieren.<br \/>\n6. Dann k\u00f6nnen Sie die Stabilisierungs-Einstellungen im Warp Stabilizer Panel anpassen, wie Effekte und Bewegung.<br \/>\n7. Warten Sie f\u00fcr einige Sekunden bis der Stabilisierungsprozess abgeschlossen ist. Dann k\u00f6nnen Sie sich in einer Vorschau das Resultat ansehen. Wenn Sie damit nicht zufrieden sind, dann k\u00f6nnen Sie die Einstellungen anpassen.<br \/>\n8. Nachdem Sie das perfekte Resultat erhalten haben, gehen Sie zum Kompositions-Tag und w\u00e4hlen die Option Film erstellen, um das Projekt in einen Film auf Ihrem Computer zu verwandeln.<br \/>\nViele Videostabilisierer sind kompatibel mit Windows und Mac. Einige davon k\u00f6nnen auch mit Linux genutzt werden. Movavi Video Editor ist eines dieser Programme, die Sie bedenken sollten. <\/p>\n<h3>Zusammenfassung<\/h3>\n<p>Ausgehend von der Einleitung k\u00f6nnen Sie, ausgehend von Ihren Anforderungen, eine Entscheidung treffen. Wenn Sie ein Video auf einem Mac Computer stabilisieren wollen, dann sollten Sie iMovie herunterladen und damit Videos stabilisieren. Wenn Ihr Computer mit Windows 8 oder neueren l\u00e4uft, dann sollten Sie den Windows Movie Maker nutzen, um Videos zu stabilisieren. Professionelle Drittanbieter Programme, wie Adobe After Effects, kann die bessere Wahl sein, wenn Sie mehr als nur Verwacklungen bearbeiten wollen. Die Software kann Ihnen mehr leistungsstarke Optionen bieten. Das hei\u00dft, dass ohne Qualit\u00e4tsverlust stabilisiert werden kann.<br \/>\nNeben den oben genannten L\u00f6sungen, k\u00f6nnen Sie auch online L\u00f6sungen f\u00fcr die Videostabilisierung finden, wie den YouTube Video Editor. Und wenn Sie nur Videos auf Ihrem Smartphone stabilisieren m\u00fcssen, dann k\u00f6nnen Sie Hyperlapse oder andere Apps nutzen, um das Problem zu l\u00f6sen. Wenn Sie ein anderes Programm zur Stabilisierung nutzen, dann lassen Sie es uns in den Kommentaren wissen. <\/p>\n","protected":false},"excerpt":{"rendered":"<p>Videos, die mit Smartphones aufgenommen wurden oder auch von Action Cams, sind gew\u00f6hnlich eher unruhig und durchzogen von Wacklern und Ersch\u00fctterungen. Nat\u00fcrlich stellen diese Videos dar wie die Situation war, aber wenn Sie sich einige Zeit diese Videos ansehen, dann kommt der Wunsch auf daran etwas zu \u00e4ndern. Denn einige Videos sind einfach zu verwackelt. [&hellip;]<\/p>\n","protected":false},"author":1,"featured_media":0,"parent":0,"menu_order":0,"comment_status":"closed","ping_status":"closed","template":"","meta":{"footnotes":""},"class_list":["post-1003","page","type-page","status-publish","hentry"],"_links":{"self":[{"href":"https:\/\/www.tipard.de\/blog\/wp-json\/wp\/v2\/pages\/1003","targetHints":{"allow":["GET"]}}],"collection":[{"href":"https:\/\/www.tipard.de\/blog\/wp-json\/wp\/v2\/pages"}],"about":[{"href":"https:\/\/www.tipard.de\/blog\/wp-json\/wp\/v2\/types\/page"}],"author":[{"embeddable":true,"href":"https:\/\/www.tipard.de\/blog\/wp-json\/wp\/v2\/users\/1"}],"replies":[{"embeddable":true,"href":"https:\/\/www.tipard.de\/blog\/wp-json\/wp\/v2\/comments?post=1003"}],"version-history":[{"count":1,"href":"https:\/\/www.tipard.de\/blog\/wp-json\/wp\/v2\/pages\/1003\/revisions"}],"predecessor-version":[{"id":1006,"href":"https:\/\/www.tipard.de\/blog\/wp-json\/wp\/v2\/pages\/1003\/revisions\/1006"}],"wp:attachment":[{"href":"https:\/\/www.tipard.de\/blog\/wp-json\/wp\/v2\/media?parent=1003"}],"curies":[{"name":"wp","href":"https:\/\/api.w.org\/{rel}","templated":true}]}}